383
CXUS53 KLOT 011224
CLMRFD


CLIMATE REPORT
NATIONAL WEATHER SERVICE CHICAGO IL
610 AM CST MON DEC 1 2014

...................................

...THE ROCKFORD IL CLIMATE SUMMARY FOR THE MONTH OF NOVEMBER 2014...

CLIMATE NORMAL PERIOD 1981 TO 2010
CLIMATE RECORD PERIOD 1905 TO 2014

WEATHER         OBSERVED          NORMAL  DEPART  LAST YEAR`S
                 VALUE   DATE(S)  VALUE   FROM    VALUE  DATE(S)
                                          NORMAL
................................................................
TEMPERATURE (F)
RECORD
 HIGH              78   11/07/1915
 LOW              -10   11/26/1977

HIGHEST            65   11/03                         69  11/17
LOWEST              5   11/21                          9  11/27
                                                          11/24
AVG. MAXIMUM     40.2              47.6    -7.4     44.3
AVG. MINIMUM     23.5              30.3    -6.8     26.3
MEAN             31.9              38.9    -7.0     35.3

DAYS MAX >= 90      0               0.0     0.0        0
DAYS MAX <= 32     12               2.3     9.7        6
DAYS MIN <= 32     23              16.8     6.2       23
DAYS MIN <= 0       0               0.0     0.0        0

PRECIPITATION (INCHES)
RECORD
 MAXIMUM         7.88   1934
 MINIMUM         0.09   1917

TOTALS           1.63              2.58   -0.95     2.09

DAILY AVG.       0.05              0.09   -0.04     0.07
DAYS >= .01         8              10.2    -2.2        9
DAYS >= .10         5               5.3    -0.3        4
DAYS >= .50         1               1.8    -0.8        1
DAYS >= 1.00        0               0.5    -0.5        1
GREATEST
 24 HR. TOTAL    0.62   11/23 TO 11/24

SNOWFALL (INCHES)
RECORDS
 TOTAL           14.8   1947

TOTALS            3.5               1.7     1.8      1.0
SINCE 7/1         3.6               1.8     1.8      1.0

SNOWDEPTH AVG.      0                MM      MM        0
DAYS >= 1.0         1               0.5     0.5        0
GREATEST
 SNOW DEPTH         2   11/25                         -1  11/26
                        11/26
                        11/27
 24 HR TOTAL      1.5   11/24 TO 11/24

DEGREE_DAYS
HEATING TOTAL     985               782     203      882
 SINCE 7/1       1547              1335     212     1383
COOLING TOTAL       0                 0       0        0
 SINCE 1/1        729               820     -91      890
.................................................................

WIND (MPH)
AVERAGE WIND SPEED              10.5
HIGHEST WIND SPEED/DIRECTION    32/350    DATE  11/06
HIGHEST GUST SPEED/DIRECTION    39/350    DATE  11/06

SKY COVER
POSSIBLE SUNSHINE (PERCENT)   MM
AVERAGE SKY COVER           0.80
NUMBER OF DAYS FAIR            2
NUMBER OF DAYS PC             10
NUMBER OF DAYS CLOUDY         18

AVERAGE RH (PERCENT)     70

WEATHER CONDITIONS. NUMBER OF DAYS WITH
THUNDERSTORM              0     MIXED PRECIP               0
HEAVY RAIN                2     RAIN                       3
LIGHT RAIN               10     FREEZING RAIN              0
LT FREEZING RAIN          2     HAIL                       0
HEAVY SNOW                0     SNOW                       1
LIGHT SNOW               14     SLEET                      2
FOG                      13     FOG W/VIS <= 1/4 MILE      2
HAZE                      8

-  INDICATES NEGATIVE NUMBERS.
R  INDICATES RECORD WAS SET OR TIED.
MM INDICATES DATA IS MISSING.
T  INDICATES TRACE AMOUNT.

$$






U.S. Dept. of Commerce
NOAA National Weather Service
1325 East West Highway
Silver Spring, MD 20910
E-mail: w-nws.webmaster@noaa.gov
Page last modified: May 16, 2007
NATIONAL WEATHER SERVICE: for Safety, for Work, for Fun - FOR LIFE