166
CXUS53 KLOT 011452
CLMRFD


CLIMATE REPORT
NATIONAL WEATHER SERVICE CHICAGO IL
927 AM CDT TUE JUL 1 2014

...................................

...THE ROCKFORD IL CLIMATE SUMMARY FOR THE MONTH OF JUNE 2014...

CLIMATE NORMAL PERIOD 1981 TO 2010
CLIMATE RECORD PERIOD 1905 TO 2014

WEATHER         OBSERVED          NORMAL  DEPART  LAST YEAR`S
                 VALUE   DATE(S)  VALUE   FROM    VALUE  DATE(S)
                                          NORMAL
................................................................
TEMPERATURE (F)
RECORD
 HIGH             106   06/01/1934


 LOW               35   06/05/1945
                        06/04/1945
HIGHEST            89   06/17        91      -2       90  06/20
                        06/01
LOWEST             50   06/09        63     -13       44  06/03
AVG. MAXIMUM     81.3              81.1     0.2     79.6
AVG. MINIMUM     60.5              58.5     2.0     59.0
MEAN             70.9              69.8     1.1     69.3
DAYS MAX >= 90      0               3.4    -3.4        1
DAYS MAX <= 32      0               0.0     0.0        0
DAYS MIN <= 32      0               0.0     0.0        0
DAYS MIN <= 0       0               0.0     0.0        0

PRECIPITATION (INCHES)
RECORD
 MAXIMUM        11.85   1993
 MINIMUM         0.34   1922
TOTALS           8.06              4.65    3.41     7.72
DAILY AVG.       0.27              0.16    0.11     0.26
DAYS >= .01        16              10.4     5.6       17
DAYS >= .10        14               7.2     6.8       12
DAYS >= .50         7               3.1     3.9        5
DAYS >= 1.00        2               1.3     0.7        1
GREATEST
 24 HR. TOTAL    1.51   06/19 TO 06/19

DEGREE_DAYS
HEATING TOTAL      11                31     -20       34
 SINCE 7/1       7680              6569    1111     6578
COOLING TOTAL     195               175      20      169
 SINCE 1/1        278               230      48      261
.................................................................

WIND (MPH)
AVERAGE WIND SPEED              8.8
HIGHEST WIND SPEED/DIRECTION    37/300    DATE  06/30
HIGHEST GUST SPEED/DIRECTION    56/300    DATE  06/30

SKY COVER
POSSIBLE SUNSHINE (PERCENT)   MM
AVERAGE SKY COVER           0.70
NUMBER OF DAYS FAIR            2
NUMBER OF DAYS PC             14
NUMBER OF DAYS CLOUDY         14

AVERAGE RH (PERCENT)     69

WEATHER CONDITIONS. NUMBER OF DAYS WITH
THUNDERSTORM             11     MIXED PRECIP               0
HEAVY RAIN               10     RAIN                      10
LIGHT RAIN               19     FREEZING RAIN              0
LT FREEZING RAIN          0     HAIL                       0
HEAVY SNOW                0     SNOW                       0
LIGHT SNOW                0     SLEET                      0
FOG                      20     FOG W/VIS <= 1/4 MILE      3
HAZE                      6

-  INDICATES NEGATIVE NUMBERS.
R  INDICATES RECORD WAS SET OR TIED.
MM INDICATES DATA IS MISSING.
T  INDICATES TRACE AMOUNT.

$$





U.S. Dept. of Commerce
NOAA National Weather Service
1325 East West Highway
Silver Spring, MD 20910
E-mail: w-nws.webmaster@noaa.gov
Page last modified: May 16, 2007
NATIONAL WEATHER SERVICE: for Safety, for Work, for Fun - FOR LIFE