855
CXUS52 KRAH 011431
CLMRDU


CLIMATE REPORT
NATIONAL WEATHER SERVICE RALEIGH NC
854 AM EST MON DEC 1 2014

...................................

...THE RALEIGH-DURHAM INTL AIRPORT CLIMATE SUMMARY FOR THE MONTH OF NOVEMBER 2014...

CLIMATE NORMAL PERIOD 1981 TO 2010
CLIMATE RECORD PERIOD 1887 TO 2014

WEATHER         OBSERVED          NORMAL  DEPART  LAST YEAR`S
                 VALUE   DATE(S)  VALUE   FROM    VALUE
                                          NORMAL
.............................................................
TEMPERATURE (F)
RECORD
 HIGH              86   11/15/1993
 LOW               11   11/25/1970
HIGHEST            76   11/12                         75
LOWEST             19   11/19                         18
AVG. MAXIMUM     58.1              63.6    -5.5     59.8
AVG. MINIMUM     35.8              40.8    -5.0     36.9
MEAN             47.0              52.2    -5.2     48.3
DAYS MAX >= 90      0                                  0
DAYS MAX <= 32      0                                  0
DAYS MIN <= 32     12                                 11
DAYS MIN <= 0       0                                  0

PRECIPITATION (INCHES)
RECORD
 MAXIMUM         9.03   2006
TOTALS           3.78              3.12    0.66     2.99
DAYS >= .01         9
DAYS >= .10         6
DAYS >= .50         3
DAYS >= 1.00        1
GREATEST
 24 HR. TOTAL    1.78   11/25 TO 11/26

DEGREE_DAYS
HEATING TOTAL     536               392     144      493
 SINCE 7/1        664               581      83      652
COOLING TOTAL       1                 8      -7        2
 SINCE 1/1       1657              1728     -71
..............................................................

WIND (MPH)
AVERAGE WIND SPEED              5.3
HIGHEST WIND SPEED/DIRECTION    25/230    DATE  11/24
HIGHEST GUST SPEED/DIRECTION    37/040    DATE  11/26

SKY COVER
POSSIBLE SUNSHINE (PERCENT)   MM
AVERAGE SKY COVER           0.60
NUMBER OF DAYS FAIR           10
NUMBER OF DAYS PC             10
NUMBER OF DAYS CLOUDY         10

AVERAGE RH (PERCENT)     63

WEATHER CONDITIONS. NUMBER OF DAYS WITH
THUNDERSTORM              2     MIXED PRECIP               0
HEAVY RAIN                2     RAIN                       6
LIGHT RAIN               10     FREEZING RAIN              0
LT FREEZING RAIN          0     HAIL                       0
HEAVY SNOW                0     SNOW                       0
LIGHT SNOW                1     SLEET                      0
FOG                      13     FOG W/VIS <= 1/4 MILE      4
HAZE                      3

-  INDICATES NEGATIVE NUMBERS.
R  INDICATES RECORD WAS SET OR TIED.
MM INDICATES DATA IS MISSING.
T  INDICATES TRACE AMOUNT.

&&

A LOW TEMPERATURE OF 19 DEGREES ON THE 19TH BROKE THE OLD RECORD OF
21 DEGREES DATING FROM 1903.

A MINIMUM TEMPERATURE OF 60 DEGREES ON THE 24TH BROKE THE RECORD HIGH
MINIMUM TEMPERATURE OF 58 DEGREES DATING FROM 2004.

PRECIPITATION TOTALED 1.69 INCHES ON THE 26TH...BREAKING THE RECORD
OF 0.98 INCHES DATING FROM 1979.

$$





U.S. Dept. of Commerce
NOAA National Weather Service
1325 East West Highway
Silver Spring, MD 20910
E-mail: w-nws.webmaster@noaa.gov
Page last modified: May 16, 2007
NATIONAL WEATHER SERVICE: for Safety, for Work, for Fun - FOR LIFE