402
CXUS52 KRAH 280600
CLMRDU


CLIMATE REPORT
NATIONAL WEATHER SERVICE RALEIGH NC
200 AM EDT MON JUL 28 2014

...................................

...THE RALEIGH-DURHAM INTL AIRPORT CLIMATE SUMMARY FOR THE MONTH OF JUNE 2014...

CLIMATE NORMAL PERIOD 1981 TO 2010
CLIMATE RECORD PERIOD 1887 TO 2014

WEATHER         OBSERVED          NORMAL  DEPART  LAST YEAR`S
                 VALUE   DATE(S)  VALUE   FROM    VALUE
                                          NORMAL
.............................................................
TEMPERATURE (F)
RECORD
 HIGH             105   06/30/2012
                        06/29/2012
                        06/27/1954
 LOW               38   06/08/1977
HIGHEST            97   06/19                         94
                        06/18
LOWEST             52   06/02                         55
AVG. MAXIMUM     88.8              87.1     1.7     85.4
AVG. MINIMUM     65.8              65.8     0.0     66.2
MEAN             77.3              76.4     0.9     75.8
DAYS MAX >= 90     14                                  5
DAYS MAX <= 32      0                                  0
DAYS MIN <= 32      0                                  0
DAYS MIN <= 0       0                                  0

PRECIPITATION (INCHES)
RECORD
 MAXIMUM        10.45   2006
TOTALS           3.31              3.52   -0.21    10.08
DAYS >= .01        10
DAYS >= .10         6
DAYS >= .50         3
DAYS >= 1.00        0
GREATEST
 24 HR. TOTAL    0.88   06/27 TO 06/27
                        06/26 TO 06/27
                        06/27 TO 06/27

DEGREE_DAYS
HEATING TOTAL       0                 4      -4        0
 SINCE 7/1       3478              3247     231     3320
COOLING TOTAL     377               347      30      331
 SINCE 1/1        590               556      34
..............................................................

WIND (MPH)
AVERAGE WIND SPEED              4.9
HIGHEST WIND SPEED/DIRECTION    32/200    DATE  06/11
HIGHEST GUST SPEED/DIRECTION    47/280    DATE  06/19

SKY COVER
POSSIBLE SUNSHINE (PERCENT)   MM
AVERAGE SKY COVER           0.60
NUMBER OF DAYS FAIR            1
NUMBER OF DAYS PC             24
NUMBER OF DAYS CLOUDY          5

AVERAGE RH (PERCENT)     67

WEATHER CONDITIONS. NUMBER OF DAYS WITH
THUNDERSTORM              0     MIXED PRECIP               0
HEAVY RAIN                5     RAIN                       5
LIGHT RAIN               13     FREEZING RAIN              0
LT FREEZING RAIN          0     HAIL                       0
HEAVY SNOW                0     SNOW                       0
LIGHT SNOW                0     SLEET                      0
FOG                      19     FOG W/VIS <= 1/4 MILE      3
HAZE                      5

-  INDICATES NEGATIVE NUMBERS.
R  INDICATES RECORD WAS SET OR TIED.
MM INDICATES DATA IS MISSING.
T  INDICATES TRACE AMOUNT.

$$




U.S. Dept. of Commerce
NOAA National Weather Service
1325 East West Highway
Silver Spring, MD 20910
E-mail: w-nws.webmaster@noaa.gov
Page last modified: May 16, 2007
NATIONAL WEATHER SERVICE: for Safety, for Work, for Fun - FOR LIFE