294
CXUS56 KPDT 011545
CLMRDM

CLIMATE REPORT
NATIONAL WEATHER SERVICE PENDLETON OREGON
834 AM PDT TUE APR 01 2014

....................................

...THE REDMOND OR CLIMATE SUMMARY FOR THE MONTH OF MARCH 2014...

CLIMATE NORMAL PERIOD 1981 TO 2010
CLIMATE RECORD PERIOD 1949 TO 2014

WEATHER         OBSERVED          NORMAL  DEPART  LAST YEAR`S
                 VALUE   DATE(S)  VALUE   FROM    VALUE  DATE(S)
                                          NORMAL

................................................................

TEMPERATURE (F)
RECORD
 HIGH              80   3/29/1966
 LOW               -1   3/ 5/1955
HIGHEST            70   3/24       65         5            71   3/30
LOWEST             12   3/21       12         0            10   3/ 4
AVG. MAXIMUM     55.9            53.8       2.1          54.7
AVG. MINUMUM     27.2            25.9       1.3          25.8
MEAN             41.5            39.8       1.7          40.3
DAYS MAX >= 90      0               0         0             0
DAYS MAX <= 32      0               2        -2             0
DAYS MIN <= 32     26              25         1            25
DAYS MIN <= 0       0               3        -3            25


PRECIPITATION (INCHES)
RECORD
 MAXIMUM          1.94   1960
 MINIMUM          0.01   1968
TOTALS            0.60            0.66     -0.06          0.33
DAILY AVG.        0.02            0.02      0.00          0.01
DAYS >=  0.01        8               8         0             8
DAYS >=  0.10        2               2         0             1
DAYS >=  0.50        0               0         0             0
DAYS >=  1.00        0               0         0             0
GREATEST
 24 HR. TOTAL     0.27   3/ 9



SNOWFALL (INCHES)
RECORD
 MAXIMUM          12.2   1960
 MINIMUM           0.0   1992
TOTALS               T             1.3      -1.3             T
SINCE 7/1          8.5            16.3      -7.8           3.0
DAYS >=  TRACE       1               1         0             6
DAYS >=  1.0         0               0         0             0
GREATEST
 24 HR. TOTAL        T   3/17


DEGREE DAYS
HEATING TOTAL      721             777       -56           758
 SINCE 7/1        5514            5453        61          5235
COOLING TOTAL        0               0         0             0
 SINCE 1/1           0               0         0             0

.............................................................

WIND (MPH)
AVERAGE WIND SPEED                     8.1
RESULTANT WIND SPEED/DIRECTION         6/215
HIGHEST WIND SPEED/DIRECTION          36/280      DATE          03/14
HIGHEST GUST SPEED/DIRECTION          50/220      DATE          03/06


WEATHER CONDITIONS. NUMBER OF DAYS WITH
THUNDERSTORM               0    MIXED PRECIP                           0
HEAVY RAIN                 0    RAIN                                   2
LIGHT RAIN                16    FREEZING RAIN                          0
LT FREEZING RAIN           1    HAIL                                   0
HEAVY SNOW                 0    SNOW                                   0
LIGHT SNOW                 2    SLEET                                  0
FOG                        5    FOG W/VIS <=1/4 MILE                   1
HAZE                       3

-  INDICATES NEGATIVE NUMBERS.
R  INDICATES RECORD WAS SET OR TIED.
MM INDICATES DATA IS MISSING.
T  INDICATES TRACE AMOUNT.

$$







U.S. Dept. of Commerce
NOAA National Weather Service
1325 East West Highway
Silver Spring, MD 20910
E-mail: w-nws.webmaster@noaa.gov
Page last modified: May 16, 2007
NATIONAL WEATHER SERVICE: for Safety, for Work, for Fun - FOR LIFE