168
CXUS56 KPDT 011603
CLMRDM

CLIMATE REPORT
NATIONAL WEATHER SERVICE PENDLETON OREGON
900 AM PDT FRI AUG 01 2014

....................................

...THE REDMOND OR CLIMATE SUMMARY FOR THE MONTH OF JULY 2014...

CLIMATE NORMAL PERIOD 1981 TO 2010
CLIMATE RECORD PERIOD 1949 TO 2014

WEATHER         OBSERVED          NORMAL  DEPART  LAST YEAR`S
                 VALUE   DATE(S)  VALUE   FROM    VALUE  DATE(S)
                                          NORMAL

................................................................

TEMPERATURE (F)
RECORD
 HIGH             105   7/22/1959
 LOW               28   7/14/1962
HIGHEST           100   7/29       92         8           102   7/ 2
LOWEST             33   7/24       31         2            38   7/ 6
AVG. MAXIMUM     90.5            85.6       4.9          90.8
AVG. MINUMUM     49.5            46.2       3.3          48.3
MEAN             70.0            65.9       4.1          69.5
DAYS MAX >= 90     21              11        10            17
DAYS MAX <= 32      0               2        -2             0
DAYS MIN <= 32      0               2        -2             0
DAYS MIN <= 0       0               2        -2             0


PRECIPITATION (INCHES)
RECORD
 MAXIMUM          3.73   1987
 MINIMUM          0.00   1988
TOTALS            0.29            0.53     -0.24             T
DAILY AVG.        0.01            0.02     -0.01          0.00
DAYS >=  0.01        4               3         1             0
DAYS >=  0.10        1               1         0             0
DAYS >=  0.50        0               0         0             0
DAYS >=  1.00        0               0         0             0
GREATEST
 24 HR. TOTAL     0.18   7/23



SNOWFALL (INCHES)
RECORD
 MAXIMUM           0.5   1987
 MINIMUM           0.0   2013
TOTALS             0.0             0.0       0.0           0.0
SINCE 7/1          0.0             0.0       0.0           0.0
DAYS >=  TRACE                       0         0
DAYS >=  1.0         0               0         0             0
GREATEST
 24 HR. TOTAL      0.0   7/31


DEGREE DAYS
HEATING TOTAL       31              68       -37            20
 SINCE 7/1          31              68       -37            20
COOLING TOTAL      193             100        93           167
 SINCE 1/1         194             122        72           215

.............................................................

WIND (MPH)
AVERAGE WIND SPEED                     6.7
RESULTANT WIND SPEED/DIRECTION         3/311
HIGHEST WIND SPEED/DIRECTION          28/240      DATE          07/29
HIGHEST GUST SPEED/DIRECTION          36/210      DATE          07/29


WEATHER CONDITIONS. NUMBER OF DAYS WITH
THUNDERSTORM               3    MIXED PRECIP                           0
HEAVY RAIN                 0    RAIN                                   2
LIGHT RAIN                 7    FREEZING RAIN                          0
LT FREEZING RAIN           0    HAIL                                   0
HEAVY SNOW                 0    SNOW                                   0
LIGHT SNOW                 0    SLEET                                  0
FOG                        1    FOG W/VIS <=1/4 MILE                   0
HAZE                       4

-  INDICATES NEGATIVE NUMBERS.
R  INDICATES RECORD WAS SET OR TIED.
MM INDICATES DATA IS MISSING.
T  INDICATES TRACE AMOUNT.

$$







U.S. Dept. of Commerce
NOAA National Weather Service
1325 East West Highway
Silver Spring, MD 20910
E-mail: w-nws.webmaster@noaa.gov
Page last modified: May 16, 2007
NATIONAL WEATHER SERVICE: for Safety, for Work, for Fun - FOR LIFE