782
CXUS56 KPDT 011644
CLMRDM

CLIMATE REPORT
NATIONAL WEATHER SERVICE PENDLETON OREGON
937 AM PDT SAT NOV 01 2014

....................................

...THE REDMOND OR CLIMATE SUMMARY FOR THE MONTH OF OCTOBER 2014...

CLIMATE NORMAL PERIOD 1981 TO 2010
CLIMATE RECORD PERIOD 1949 TO 2014

WEATHER         OBSERVED          NORMAL  DEPART  LAST YEAR`S
                 VALUE   DATE(S)  VALUE   FROM    VALUE  DATE(S)
                                          NORMAL

................................................................

TEMPERATURE (F)
RECORD
 HIGH              95  10/ 3/1970
 LOW               -3  10/31/2002
HIGHEST            87  10/ 6       77        10            77  10/19
LOWEST             24  10/27       14        10            16  10/30
AVG. MAXIMUM     68.1            63.5       4.6          60.8
AVG. MINUMUM     37.4            31.3       6.1          26.1
MEAN             52.8            47.4       5.4          43.4
DAYS MAX >= 90      0               0         0             0
DAYS MAX <= 32      0               2        -2             0
DAYS MIN <= 32      9              18        -9            30
DAYS MIN <= 0       0               3        -3            30


PRECIPITATION (INCHES)
RECORD
 MAXIMUM          2.75   1950
 MINIMUM          0.00   1988
TOTALS            0.66            0.65      0.01          0.14
DAILY AVG.        0.02            0.02      0.00          0.00
DAYS >=  0.01        8               6         2             5
DAYS >=  0.10        4               2         2             0
DAYS >=  0.50        0               0         0             0
DAYS >=  1.00        0               0         0             0
GREATEST
 24 HR. TOTAL     0.16  10/31



SNOWFALL (INCHES)
RECORD
 MAXIMUM           2.2   1991
 MINIMUM           0.0   2013
TOTALS             0.0             0.2      -0.2           0.0
SINCE 7/1          0.0             0.2      -0.2           0.0
DAYS >=  TRACE                       0         0
DAYS >=  1.0         0               0         0             0
GREATEST
 24 HR. TOTAL      0.0  10/31


DEGREE DAYS
HEATING TOTAL      374             547      -173           663
 SINCE 7/1         634             946      -312           929
COOLING TOTAL        0               0         0             0
 SINCE 1/1         311             216        95           350

.............................................................

WIND (MPH)
AVERAGE WIND SPEED                     6.1
RESULTANT WIND SPEED/DIRECTION         3/182
HIGHEST WIND SPEED/DIRECTION          37/200      DATE          10/25
HIGHEST GUST SPEED/DIRECTION          51/200      DATE          10/25


WEATHER CONDITIONS. NUMBER OF DAYS WITH
THUNDERSTORM               0    MIXED PRECIP                        0
HEAVY RAIN                 0    RAIN                                1
LIGHT RAIN                13    FREEZING RAIN                       0
LT FREEZING RAIN           0    HAIL                                0
HEAVY SNOW                 0    SNOW                                0
LIGHT SNOW                 0    SLEET                               0
FOG                        7    FOG W/VIS <=1/4 MILE                1
HAZE                       2

-  INDICATES NEGATIVE NUMBERS.
R  INDICATES RECORD WAS SET OR TIED.
MM INDICATES DATA IS MISSING.
T  INDICATES TRACE AMOUNT.

$$







U.S. Dept. of Commerce
NOAA National Weather Service
1325 East West Highway
Silver Spring, MD 20910
E-mail: w-nws.webmaster@noaa.gov
Page last modified: May 16, 2007
NATIONAL WEATHER SERVICE: for Safety, for Work, for Fun - FOR LIFE