967
CXUS56 KPDT 011504
CLMRDM

CLIMATE REPORT
NATIONAL WEATHER SERVICE PENDLETON OREGON
702 AM PST MON DEC 01 2014

....................................

...THE REDMOND OR CLIMATE SUMMARY FOR THE MONTH OF NOVEMBER 2014...

CLIMATE NORMAL PERIOD 1981 TO 2010
CLIMATE RECORD PERIOD 1949 TO 2014

WEATHER         OBSERVED          NORMAL  DEPART  LAST YEAR`S
                 VALUE   DATE(S)  VALUE   FROM    VALUE  DATE(S)
                                          NORMAL

................................................................

TEMPERATURE (F)
RECORD
 HIGH              76  11/ 5/1997
 LOW              -14  11/15/1955
HIGHEST            70  11/ 8       66         4            63  11/10
LOWEST            -19  11/16        9       -28             0  11/22
AVG. MAXIMUM     45.5            48.9      -3.4          49.6
AVG. MINUMUM     20.6            25.8      -5.2          22.7
MEAN             33.0            37.4      -4.4          36.2
DAYS MAX >= 90      0               0         0             0
DAYS MAX <= 32      8               2         6             1
DAYS MIN <= 32     22              23        -1            26
DAYS MIN <= 0       5               2         3            26


PRECIPITATION (INCHES)
RECORD
 MAXIMUM          3.15   1984
 MINIMUM          0.03   1952
TOTALS            2.04            0.96      1.08          0.20
DAILY AVG.        0.07            0.03      0.04          0.01
DAYS >=  0.01        8               9        -1             4
DAYS >=  0.10        4               3         1             0
DAYS >=  0.50        2               0         2             0
DAYS >=  1.00        0               0         0             0
GREATEST
 24 HR. TOTAL     0.71  11/13



SNOWFALL (INCHES)
RECORD
 MAXIMUM          21.7   1973
 MINIMUM           0.0   2013
TOTALS               T             2.4      -2.4           0.0
SINCE 7/1          0.0             2.6      -2.6           0.0
DAYS >=  TRACE       1               1         0
DAYS >=  1.0         0               0         0             0
GREATEST
 24 HR. TOTAL        T  11/12


DEGREE DAYS
HEATING TOTAL      953             829       124           857
 SINCE 7/1        1587            1775      -188          1786
COOLING TOTAL        0               0         0             0
 SINCE 1/1         311             216        95           350

.............................................................

WIND (MPH)
AVERAGE WIND SPEED                     6.6
RESULTANT WIND SPEED/DIRECTION         5/229
HIGHEST WIND SPEED/DIRECTION          32/290      DATE          11/09
HIGHEST GUST SPEED/DIRECTION          44/270      DATE          11/25


WEATHER CONDITIONS. NUMBER OF DAYS WITH
THUNDERSTORM               0    MIXED PRECIP                           0
HEAVY RAIN                 0    RAIN                                   3
LIGHT RAIN                 7    FREEZING RAIN                          1
LT FREEZING RAIN           3    HAIL                                   0
HEAVY SNOW                 2    SNOW                                   2
LIGHT SNOW                 3    SLEET                                  0
FOG                       10    FOG W/VIS <=1/4 MILE                   4
HAZE                       2

-  INDICATES NEGATIVE NUMBERS.
R  INDICATES RECORD WAS SET OR TIED.
MM INDICATES DATA IS MISSING.
T  INDICATES TRACE AMOUNT.

$$







U.S. Dept. of Commerce
NOAA National Weather Service
1325 East West Highway
Silver Spring, MD 20910
E-mail: w-nws.webmaster@noaa.gov
Page last modified: May 16, 2007
NATIONAL WEATHER SERVICE: for Safety, for Work, for Fun - FOR LIFE