066
CXUS56 KPDT 011559
CLMRDM

CLIMATE REPORT
NATIONAL WEATHER SERVICE PENDLETON OREGON
846 AM PDT WED OCT 01 2014

....................................

...THE REDMOND OR CLIMATE SUMMARY FOR THE MONTH OF SEPTEMBER 2014...

CLIMATE NORMAL PERIOD 1981 TO 2010
CLIMATE RECORD PERIOD 1949 TO 2014

WEATHER         OBSERVED          NORMAL  DEPART  LAST YEAR`S
                 VALUE   DATE(S)  VALUE   FROM    VALUE  DATE(S)
                                          NORMAL

................................................................

TEMPERATURE (F)
RECORD
 HIGH             105   9/ 2/1998
 LOW               16   9/24/1961
HIGHEST            89   9/16       90        -1            94   9/ 1
LOWEST             26   9/12       24         2            28   9/19
AVG. MAXIMUM     77.4            76.2       1.2          74.6
AVG. MINUMUM     40.6            38.2       2.4          42.0
MEAN             59.0            57.2       1.8          58.3
DAYS MAX >= 90      0               3        -3             5
DAYS MAX <= 32      0               1        -1             0
DAYS MIN <= 32      3               7        -4             3
DAYS MIN <= 0       0               1        -1             3


PRECIPITATION (INCHES)
RECORD
 MAXIMUM          1.72   2010
 MINIMUM          0.00   1999
TOTALS            0.42            0.41      0.01          1.01
DAILY AVG.        0.01            0.01      0.00          0.03
DAYS >=  0.01        3               3         0            11
DAYS >=  0.10        2               1         1             3
DAYS >=  0.50        0               0         0             0
DAYS >=  1.00        0               0         0             0
GREATEST
 24 HR. TOTAL     0.27   9/24



SNOWFALL (INCHES)
RECORD
 MAXIMUM           0.0   1985
 MINIMUM           0.0   2013
TOTALS             0.0             0.0       0.0           0.0
SINCE 7/1          0.0             0.0       0.0           0.0
DAYS >=  TRACE                       0         0
DAYS >=  1.0         0               0         0             0
GREATEST
 24 HR. TOTAL      0.0   9/30


DEGREE DAYS
HEATING TOTAL      186             250       -64           230
 SINCE 7/1         260             399      -139           266
COOLING TOTAL       14              14         0            36
 SINCE 1/1         311             216        95           350

.............................................................

WIND (MPH)
AVERAGE WIND SPEED                     6.9
RESULTANT WIND SPEED/DIRECTION         4/272
HIGHEST WIND SPEED/DIRECTION          28/290      DATE          09/02
HIGHEST GUST SPEED/DIRECTION          36/310      DATE          09/02


WEATHER CONDITIONS. NUMBER OF DAYS WITH
THUNDERSTORM               0    MIXED PRECIP                       0
HEAVY RAIN                 0    RAIN                               1
LIGHT RAIN                 4    FREEZING RAIN                      0
LT FREEZING RAIN           0    HAIL                               0
HEAVY SNOW                 0    SNOW                               0
LIGHT SNOW                 0    SLEET                              0
FOG                        1    FOG W/VIS <=1/4 MILE               0
HAZE                       3

-  INDICATES NEGATIVE NUMBERS.
R  INDICATES RECORD WAS SET OR TIED.
MM INDICATES DATA IS MISSING.
T  INDICATES TRACE AMOUNT.

$$







U.S. Dept. of Commerce
NOAA National Weather Service
1325 East West Highway
Silver Spring, MD 20910
E-mail: w-nws.webmaster@noaa.gov
Page last modified: May 16, 2007
NATIONAL WEATHER SERVICE: for Safety, for Work, for Fun - FOR LIFE