524
CXUS51 KPHI 011201
CLMRDG


CLIMATE REPORT
NATIONAL WEATHER SERVICE MOUNT HOLLY NJ
801 AM EDT FRI AUG 1 2014

...................................

...THE READING CLIMATE SUMMARY FOR THE MONTH OF JULY 2014...

CLIMATE NORMAL PERIOD 1981 TO 2010
CLIMATE RECORD PERIOD 1869 TO 2014

WEATHER         OBSERVED          NORMAL  DEPART  LAST YEAR`S
                 VALUE   DATE(S)  VALUE   FROM    VALUE  DATE(S)
                                          NORMAL
................................................................
TEMPERATURE (F)
RECORD
 HIGH             106   07/22/2011
 LOW               46   07/01/1988
                        07/28/1977
                        07/27/1977
HIGHEST            94                MM      MM       96
LOWEST             54                MM      MM       56
AVG. MAXIMUM     84.8              85.2    -0.4     86.8
AVG. MINIMUM     64.8              64.3     0.5     69.1
MEAN             74.8              74.8     0.0     77.9
DAYS MAX >= 90      7               7.2    -0.2       11
DAYS MAX <= 32      0               0.0     0.0        0
DAYS MIN <= 32      0               0.0     0.0        0
DAYS MIN <= 0       0               0.0     0.0        0

PRECIPITATION (INCHES)
RECORD
 MAXIMUM        13.85   2004
 MINIMUM         0.31   1999
TOTALS           4.95              4.52    0.43     5.42
DAILY AVG.       0.16              0.15    0.01     0.17
DAYS >= .01        13                MM      MM       13
DAYS >= .10        11                MM      MM        9
DAYS >= .50         2                MM      MM        3
DAYS >= 1.00        1                MM      MM        1
GREATEST
 24 HR. TOTAL    1.43   07/02 TO 07/02              2.23
                        07/01 TO 07/02
                        07/02 TO 07/02

SNOWFALL (INCHES)
RECORDS
 TOTAL             MM   5
 24 HR TOTAL       MM
TOTALS             MM                MM      MM       MM
SINCE 7/1          MM                MM      MM       MM
SNOWDEPTH AVG.     MM                MM      MM       MM
DAYS >= 1.0         0                MM      MM        0
GREATEST
 SNOW DEPTH        MM                                 MM  MM
 24 HR TOTAL       MM                                 MM

DEGREE_DAYS
HEATING TOTAL       0                 1      -1        0
 SINCE 7/1          0                 1      -1        0
COOLING TOTAL     309               303       6      409
 SINCE 1/1        599               552      47      749
.................................................................

WIND (MPH)
AVERAGE WIND SPEED              5.4
HIGHEST WIND SPEED/DIRECTION    41/310    DATE  07/02
HIGHEST GUST SPEED/DIRECTION    51/310    DATE  07/02

SKY COVER
POSSIBLE SUNSHINE (PERCENT)   MM
AVERAGE SKY COVER           0.30
NUMBER OF DAYS FAIR           15
NUMBER OF DAYS PC             16
NUMBER OF DAYS CLOUDY          0

AVERAGE RH (PERCENT)     68

WEATHER CONDITIONS. NUMBER OF DAYS WITH
THUNDERSTORM              0     MIXED PRECIP               0
HEAVY RAIN                9     RAIN                       9
LIGHT RAIN               16     FREEZING RAIN              0
LT FREEZING RAIN          0     HEAVY SNOW                 0
SNOW                      0     LIGHT SNOW                 0
SLEET                     0     FOG                       13
FOG W/VIS <= 1/4 MILE     0     HAZE                       6

-  INDICATES NEGATIVE NUMBERS.
R  INDICATES RECORD WAS SET OR TIED.
MM INDICATES DATA IS MISSING.
T  INDICATES TRACE AMOUNT.

$$




U.S. Dept. of Commerce
NOAA National Weather Service
1325 East West Highway
Silver Spring, MD 20910
E-mail: w-nws.webmaster@noaa.gov
Page last modified: May 16, 2007
NATIONAL WEATHER SERVICE: for Safety, for Work, for Fun - FOR LIFE