130
CXUS53 KUNR 011614
CLMRAP


CLIMATE REPORT
NATIONAL WEATHER SERVICE RAPID CITY SD
914 AM MST MON DEC 1 2014

...................................

...THE RAPID CITY AIRPORT SD CLIMATE SUMMARY FOR THE MONTH OF NOVEMBER 2014...

CLIMATE NORMAL PERIOD 1981 TO 2010
CLIMATE RECORD PERIOD 1942 TO 2014

WEATHER         OBSERVED          NORMAL  DEPART  LAST YEAR`S
                 VALUE   DATE(S)  VALUE   FROM    VALUE  DATE(S)
                                          NORMAL
................................................................
TEMPERATURE (F)
RECORD
 HIGH              83   11/08/1999
                        11/07/1999
 LOW              -19   11/14/1959
HIGHEST            64   11/28                         64  11/13
                        11/06
                        11/02
LOWEST            -14   11/13                         -1  11/22
AVG. MAXIMUM     39.6              47.0    -7.4     47.0
AVG. MINIMUM     14.1              22.1    -8.0     20.8
MEAN             26.9              34.5    -7.6     33.9
DAYS MAX >= 90      0                                  0
DAYS MAX <= 32     12                                  5
DAYS MIN <= 32     28                                 28
DAYS MIN <= 0       9                                  1

PRECIPITATION (INCHES)
RECORD
 MAXIMUM         2.22   1985
 MINIMUM         0.01   2004
TOTALS           0.81              0.53    0.28     0.38
DAILY AVG.       0.03              0.02    0.01     0.01
DAYS >= .01         7                                  3
DAYS >= .10         4                                  1
DAYS >= .50         0                                  0
DAYS >= 1.00        0                                  0
GREATEST
 24 HR. TOTAL    0.30   11/10 TO 11/10              0.32

SNOWFALL (INCHES)
RECORDS
 TOTAL           33.6   1985
TOTALS           15.5               6.0     9.5      4.0
SINCE 7/1        15.5               7.8     7.7     24.8
SNOWDEPTH AVG.      2                 3      -1        0
DAYS >= 1.0         5               1.8     3.2        1
GREATEST
 SNOW DEPTH         9   11/15                          3  11/06
 24 HR TOTAL      5.0   11/10 TO 11/10               3.1

DEGREE_DAYS
HEATING TOTAL    1136               913     223      925
 SINCE 7/1       1808              1675     133     1720
COOLING TOTAL       0                 0       0        0
 SINCE 1/1        424               636    -212      724
.................................................................

WIND (MPH)
AVERAGE WIND SPEED              12.1
HIGHEST WIND SPEED/DIRECTION    48/320    DATE  11/23
HIGHEST GUST SPEED/DIRECTION    60/330    DATE  11/23

AVERAGE RH (PERCENT)     67

WEATHER CONDITIONS. NUMBER OF DAYS WITH
THUNDERSTORM              0     MIXED PRECIP               0
HEAVY RAIN                0     RAIN                       0
LIGHT RAIN                4     FREEZING RAIN              1
LT FREEZING RAIN          1     HAIL                       0
HEAVY SNOW                3     SNOW                       5
LIGHT SNOW               10     SLEET                      0
FOG                      10     FOG W/VIS <= 1/4 MILE      4
HAZE                      8

-  INDICATES NEGATIVE NUMBERS.
R  INDICATES RECORD WAS SET OR TIED.
MM INDICATES DATA IS MISSING.
T  INDICATES TRACE AMOUNT.

$$




U.S. Dept. of Commerce
NOAA National Weather Service
1325 East West Highway
Silver Spring, MD 20910
E-mail: w-nws.webmaster@noaa.gov
Page last modified: May 16, 2007
NATIONAL WEATHER SERVICE: for Safety, for Work, for Fun - FOR LIFE