565
CXUS53 KUNR 011602
CLMRAP


CLIMATE REPORT
NATIONAL WEATHER SERVICE RAPID CITY SD
1001 AM MDT FRI AUG 1 2014

...................................

...THE RAPID CITY AIRPORT SD CLIMATE SUMMARY FOR THE MONTH OF JULY 2014...

CLIMATE NORMAL PERIOD 1981 TO 2010
CLIMATE RECORD PERIOD 1942 TO 2014

WEATHER         OBSERVED          NORMAL  DEPART  LAST YEAR`S
                 VALUE   DATE(S)  VALUE   FROM    VALUE  DATE(S)
                                          NORMAL
................................................................
TEMPERATURE (F)
RECORD
 HIGH             111   07/15/2006
 LOW               39   07/13/1987
HIGHEST            96   07/21                        100  07/11
LOWEST             45   07/15                         48  07/27
AVG. MAXIMUM     83.2              87.1    -3.9     87.3
AVG. MINIMUM     55.7              58.1    -2.4     59.1
MEAN             69.5              72.6    -3.1     73.2
DAYS MAX >= 90      4                                 10
DAYS MAX <= 32      0                                  0
DAYS MIN <= 32      0                                  0
DAYS MIN <= 0       0                                  0

PRECIPITATION (INCHES)
RECORD
 MAXIMUM         6.13   1969
 MINIMUM         0.38   1988
TOTALS           1.94              1.85    0.09     1.87
DAILY AVG.       0.06              0.06    0.00     0.06
DAYS >= .01         9                                 10
DAYS >= .10         5                                  5
DAYS >= .50         1                                  0
DAYS >= 1.00        0                                  0
GREATEST
 24 HR. TOTAL    0.76   07/22 TO 07/23              0.48

SNOWFALL (INCHES)
RECORDS
 TOTAL            0.5   1955
TOTALS            0.0               0.0     0.0      0.0
SINCE 7/1         0.0               0.0     0.0      0.0
SNOWDEPTH AVG.      0                MM      MM        0
DAYS >= 1.0         0               0.0     0.0        0
GREATEST
 SNOW DEPTH         0   MM                             0  MM
 24 HR TOTAL      0.0   07/31 TO 07/31               0.0

DEGREE_DAYS
HEATING TOTAL      22                15       7        5
 SINCE 7/1         22                15       7        5
COOLING TOTAL     167               250     -83      268
 SINCE 1/1        209               349    -140      346
.................................................................

WIND (MPH)
AVERAGE WIND SPEED              8.3
HIGHEST WIND SPEED/DIRECTION    39/280    DATE  07/23
HIGHEST GUST SPEED/DIRECTION    49/280    DATE  07/23

AVERAGE RH (PERCENT)     63

WEATHER CONDITIONS. NUMBER OF DAYS WITH
THUNDERSTORM              0     MIXED PRECIP               0
HEAVY RAIN                4     RAIN                       3
LIGHT RAIN               12     FREEZING RAIN              0
LT FREEZING RAIN          0     HAIL                       0
HEAVY SNOW                0     SNOW                       0
LIGHT SNOW                0     SLEET                      0
FOG                      10     FOG W/VIS <= 1/4 MILE      0
HAZE                      4

-  INDICATES NEGATIVE NUMBERS.
R  INDICATES RECORD WAS SET OR TIED.
MM INDICATES DATA IS MISSING.
T  INDICATES TRACE AMOUNT.

$$




U.S. Dept. of Commerce
NOAA National Weather Service
1325 East West Highway
Silver Spring, MD 20910
E-mail: w-nws.webmaster@noaa.gov
Page last modified: May 16, 2007
NATIONAL WEATHER SERVICE: for Safety, for Work, for Fun - FOR LIFE