160
CXUS53 KLOT 011246
CLMPWK


CLIMATE REPORT
NATIONAL WEATHER SERVICE CHICAGO IL
731 AM CDT FRI AUG 1 2014

...................................

...THE CHICAGO EXECUTIVE CLIMATE SUMMARY FOR THE MONTH OF JULY 2014...

CLIMATE NORMAL PERIOD 1981 TO 2010
CLIMATE RECORD PERIOD 1996 TO 2014

WEATHER         OBSERVED          NORMAL  DEPART  LAST YEAR`S
                 VALUE   DATE(S)  VALUE   FROM    VALUE
                                          NORMAL
.............................................................
TEMPERATURE (F)
RECORD
 HIGH             104   07/06/2012
 LOW               50   07/02/2001
                        07/24/2000
                        07/10/1997
HIGHEST            91   07/22        MM      MM
LOWEST             53   07/17        MM      MM
AVG. MAXIMUM     80.1              83.3    -3.2     82.1
AVG. MINIMUM     61.2              63.8    -2.6     64.5
MEAN             70.7              73.6    -2.9

PRECIPITATION (INCHES)
RECORD
 MAXIMUM         8.13   2011
 MINIMUM            T   2002
TOTALS           1.63              3.62   -1.99

DEGREE_DAYS
HEATING TOTAL       3                 4      -1
COOLING TOTAL     184               269     -85
 SINCE 1/1        420               465     -45
..............................................................

WIND (MPH)
HIGHEST WIND SPEED/DIRECTION    29/330    DATE  07/27
HIGHEST GUST SPEED/DIRECTION    40/310    DATE  07/06



-  INDICATES NEGATIVE NUMBERS.
R  INDICATES RECORD WAS SET OR TIED.
MM INDICATES DATA IS MISSING.
T  INDICATES TRACE AMOUNT.

$$




U.S. Dept. of Commerce
NOAA National Weather Service
1325 East West Highway
Silver Spring, MD 20910
E-mail: w-nws.webmaster@noaa.gov
Page last modified: May 16, 2007
NATIONAL WEATHER SERVICE: for Safety, for Work, for Fun - FOR LIFE