298
CXUS53 KLOT 011319
CLMPWK

CLIMATE REPORT
NATIONAL WEATHER SERVICE CHICAGO IL
759 AM CDT SAT NOV 1 2014

...................................
...THE CHICAGO EXECUTIVE CLIMATE SUMMARY FOR THE MONTH OF OCTOBER 2014...

CLIMATE NORMAL PERIOD 1981 TO 2010
CLIMATE RECORD PERIOD 1996 TO 2014

WEATHER         OBSERVED          NORMAL  DEPART  LAST YEAR`S
                 VALUE   DATE(S)  VALUE   FROM    VALUE
                                          NORMAL
.............................................................
TEMPERATURE (F)
RECORD
 HIGH              89   10/05/1997
 LOW               26   10/31/1996

HIGHEST            78   10/27        MM      MM       81
LOWEST             33   10/30        MM      MM       28
                        10/23
                        10/19
AVG. MAXIMUM     61.9              61.7     0.2     63.2
AVG. MINIMUM     44.3              42.6     1.7     43.9
MEAN             53.1              52.2     0.9     53.5

PRECIPITATION (INCHES)
RECORD
 MAXIMUM         7.71   2001
 MINIMUM         0.22   2005
TOTALS           3.44              2.94    0.50     3.22

DEGREE_DAYS
HEATING TOTAL     367               409     -42      372
 SINCE 7/1        486               521     -35      462
COOLING TOTAL       4                11      -7       22
 SINCE 1/1        780               789      -9      918
..............................................................

WIND (MPH)
AVERAGE WIND SPEED              7.8
HIGHEST WIND SPEED/DIRECTION    33/350    DATE  10/31
HIGHEST GUST SPEED/DIRECTION    50/350    DATE  10/31

AVERAGE RH (PERCENT)     67


-  INDICATES NEGATIVE NUMBERS.
R  INDICATES RECORD WAS SET OR TIED.
MM INDICATES DATA IS MISSING.
T  INDICATES TRACE AMOUNT.

$$





U.S. Dept. of Commerce
NOAA National Weather Service
1325 East West Highway
Silver Spring, MD 20910
E-mail: w-nws.webmaster@noaa.gov
Page last modified: May 16, 2007
NATIONAL WEATHER SERVICE: for Safety, for Work, for Fun - FOR LIFE