378
CXUS53 KLOT 011224
CLMPWK


CLIMATE REPORT
NATIONAL WEATHER SERVICE CHICAGO IL
610 AM CST MON DEC 1 2014

...................................

...THE CHICAGO EXECUTIVE CLIMATE SUMMARY FOR THE MONTH OF NOVEMBER 2014...

CLIMATE NORMAL PERIOD 1981 TO 2010
CLIMATE RECORD PERIOD 1996 TO 2014

WEATHER         OBSERVED          NORMAL  DEPART  LAST YEAR`S
                 VALUE   DATE(S)  VALUE   FROM    VALUE
                                          NORMAL
.............................................................
TEMPERATURE (F)
RECORD
 HIGH              73   11/03/2008
                        11/09/1999
 LOW               10   11/18/2014

HIGHEST            63   11/10                         69
                        11/03
LOWEST             10R  11/21                         11
                        11/18

AVG. MAXIMUM     42.0              48.1    -6.1     45.8
AVG. MINIMUM     26.3              32.0    -5.7     29.8
MEAN             34.2              40.0    -5.8     37.8

PRECIPITATION (INCHES)
RECORD
 MAXIMUM         5.02   2003
 MINIMUM         0.35   1999
TOTALS           1.24              2.89   -1.65     2.25

DEGREE_DAYS
HEATING TOTAL     917               749     168      809
 SINCE 7/1       1403              1270     133     1271
COOLING TOTAL       0                 0       0        0
 SINCE 1/1        780               789      -9      918
..............................................................

WIND (MPH)
AVERAGE WIND SPEED              10.3
HIGHEST WIND SPEED/DIRECTION    28/320    DATE  11/06
HIGHEST GUST SPEED/DIRECTION    38/290    DATE  11/19

AVERAGE RH (PERCENT)     66


-  INDICATES NEGATIVE NUMBERS.
R  INDICATES RECORD WAS SET OR TIED.
MM INDICATES DATA IS MISSING.
T  INDICATES TRACE AMOUNT.

$$





U.S. Dept. of Commerce
NOAA National Weather Service
1325 East West Highway
Silver Spring, MD 20910
E-mail: w-nws.webmaster@noaa.gov
Page last modified: May 16, 2007
NATIONAL WEATHER SERVICE: for Safety, for Work, for Fun - FOR LIFE