414
CXUS51 KBOX 011958 CCB
CLMPVD

CLIMATE REPORT
NATIONAL WEATHER SERVICE TAUNTON MA
347 PM EDT WED OCT 1 2014

...................................

...THE PROVIDENCE RI CLIMATE SUMMARY FOR THE MONTH OF SEPTEMBER 2014...

CLIMATE NORMAL PERIOD 1981 TO 2010
CLIMATE RECORD PERIOD 1904 TO 2014

WEATHER         OBSERVED          NORMAL  DEPART  LAST YEAR`S
                 VALUE   DATE(S)  VALUE   FROM    VALUE
                                          NORMAL
.............................................................
TEMPERATURE (F)
RECORD
 HIGH             100   09/11/1983
 LOW               32   09/30/1951
HIGHEST            91   09/02
LOWEST             39   09/20
AVG. MAXIMUM     76.4              74.2     2.2
AVG. MINIMUM     55.8              55.3     0.5
MEAN             66.1              64.7     1.4
DAYS MAX >= 90      2               0.6     1.4
DAYS MAX <= 32      0               0.0     0.0
DAYS MIN <= 32      0               0.0     0.0
DAYS MIN <= 0       0               0.0     0.0

PRECIPITATION (INCHES)
RECORD
 MAXIMUM        10.99   2008
 MINIMUM         0.48   1914
TOTALS           0.74              3.92   -3.18
DAYS >= .01         5               8.7    -3.7
DAYS >= .10         3               5.9    -2.9
DAYS >= .50         0               2.4    -2.4
DAYS >= 1.00        0               1.2    -1.2
GREATEST
 24 HR. TOTAL    0.37   09/07 TO 09/07

SNOWFALL (INCHES)
RECORDS
 TOTAL             MM   MM
 SNOW DEPTH        MM   MM
TOTALS            0.0               0.0     0.0
SINCE 7/1         0.0               0.0     0.0
SNOWDEPTH AVG.      0
DAYS >= 1.0         0               0.0     0.0
GREATEST
 SNOW DEPTH         0   MM
 24 HR TOTAL      0.0   09/30 TO 09/30

DEGREE_DAYS
HEATING TOTAL      74                88     -14
 SINCE 7/1         74                97     -23
COOLING TOTAL     115                80      35
 SINCE 1/1        697               736     -39
..............................................................

WIND (MPH)
AVERAGE WIND SPEED                 7.7
RESULTANT WIND SPEED/DIRECTION   1/326
HIGHEST WIND SPEED/DIRECTION    24/280    DATE  09/22
HIGHEST GUST SPEED/DIRECTION    31/270    DATE  09/22

SKY COVER
POSSIBLE SUNSHINE (PERCENT)   MM
AVERAGE SKY COVER           0.50
NUMBER OF DAYS FAIR           12
NUMBER OF DAYS PC             14
NUMBER OF DAYS CLOUDY          4

AVERAGE RH (PERCENT)     70

WEATHER CONDITIONS. NUMBER OF DAYS WITH
THUNDERSTORM              0     MIXED PRECIP               0
HEAVY RAIN                1     RAIN                       3
LIGHT RAIN                8     FREEZING RAIN              0
LT FREEZING RAIN          0     HAIL                       0
HEAVY SNOW                0     SNOW                       0
LIGHT SNOW                0     SLEET                      0
FOG                      10     FOG W/VIS <= 1/4 MILE      2
HAZE                      1

-  INDICATES NEGATIVE NUMBERS.
R  INDICATES RECORD WAS SET OR TIED.
MM INDICATES DATA IS MISSING.
T  INDICATES TRACE AMOUNT.

$$

SIPPRELL




U.S. Dept. of Commerce
NOAA National Weather Service
1325 East West Highway
Silver Spring, MD 20910
E-mail: w-nws.webmaster@noaa.gov
Page last modified: May 16, 2007
NATIONAL WEATHER SERVICE: for Safety, for Work, for Fun - FOR LIFE