428
CXUS56 KOTX 011050
CLMPUW


CLIMATE REPORT
NATIONAL WEATHER SERVICE SPOKANE, WA
350 AM PDT WED OCT 1 2014

...................................

...THE PULLMAN-MOSCOW  AIRPORT CLIMATE SUMMARY FOR THE MONTH OF SEPTEMBER 2014...

CLIMATE NORMAL PERIOD 1981 TO 2010
CLIMATE RECORD PERIOD 9999 TO 9999

WEATHER         OBSERVED          NORMAL  DEPART  LAST YEAR`S
                 VALUE   DATE(S)  VALUE   FROM    VALUE  DATE(S)
                                          NORMAL
................................................................
TEMPERATURE (F)
RECORD
 HIGH             100   09/04/1998
 LOW               20   09/29/1983
HIGHEST            89   09/15        MM      MM       95  09/11
LOWEST             32   09/11        MM      MM       36  09/27
AVG. MAXIMUM     76.8              73.3     3.5     73.4
AVG. MINIMUM     45.3              43.0     2.3     48.9
MEAN             61.0              58.2     2.8     61.1
DAYS MAX >= 90      0               1.7    -1.7        5
DAYS MAX <= 32      0               0.0     0.0        0
DAYS MIN <= 32      1               1.3    -0.3        0
DAYS MIN <= 0       0               0.0     0.0        0

PRECIPITATION (INCHES)
RECORD
 MAXIMUM         4.24   1947
 MINIMUM            T   2012
                        1987
TOTALS           0.44              0.78   -0.34     2.66
DAILY AVG.       0.01              0.03   -0.02     0.09
DAYS >= .01         6                MM      MM       15
DAYS >= .10         2                MM      MM        9
DAYS >= .50         0                MM      MM        0
DAYS >= 1.00        0                MM      MM        0
GREATEST
 24 HR. TOTAL    0.34   09/29 TO 09/30           09/28 TO 09/29
                                                          09/29 TO 09/29
                                                          09/29 TO 09/29

SNOWFALL (INCHES)
RECORDS
 TOTAL              T   MM
TOTALS             MM                MM      MM       MM
SINCE 7/1          MM                MM      MM       MM
SNOWDEPTH AVG.     MM                MM      MM        0
DAYS >= 1.0         0                MM      MM        0
GREATEST
 SNOW DEPTH        MM                                  0  MM
 24 HR TOTAL       MM                                 MM

DEGREE_DAYS
HEATING TOTAL     128               228    -100      179
 SINCE 7/1        153               361    -208      219
COOLING TOTAL      19                22      -3       72
 SINCE 1/1        346               212     134      334
..........................................................

WIND (MPH)
AVERAGE WIND SPEED              6.2
HIGHEST WIND SPEED/DIRECTION    28/240    DATE  09/02
HIGHEST GUST SPEED/DIRECTION    38/240    DATE  09/02

SKY COVER
POSSIBLE SUNSHINE (PERCENT)   MM
AVERAGE SKY COVER           0.20
NUMBER OF DAYS FAIR           24
NUMBER OF DAYS PC              5
NUMBER OF DAYS CLOUDY          1

AVERAGE RH (PERCENT)     45

WEATHER CONDITIONS. NUMBER OF DAYS WITH
THUNDERSTORM              0     MIXED PRECIP               0
HEAVY RAIN                1     RAIN                       1
LIGHT RAIN                9     FREEZING RAIN              0
LT FREEZING RAIN          0     HAIL                       0
HEAVY SNOW                0     SNOW                       0
LIGHT SNOW                0     SLEET                      0
FOG                       2     FOG W/VIS <= 1/4 MILE      0
HAZE                      8

-  INDICATES NEGATIVE NUMBERS.
R  INDICATES RECORD WAS SET OR TIED.
MM INDICATES DATA IS MISSING.
T  INDICATES TRACE AMOUNT.

$$




U.S. Dept. of Commerce
NOAA National Weather Service
1325 East West Highway
Silver Spring, MD 20910
E-mail: w-nws.webmaster@noaa.gov
Page last modified: May 16, 2007
NATIONAL WEATHER SERVICE: for Safety, for Work, for Fun - FOR LIFE