162
CXUS55 KPUB 011907
CLMPUB


CLIMATE REPORT
NATIONAL WEATHER SERVICE PUEBLO
107 PM MDT TUE JUL 1 2014

...................................

...THE PUEBLO CO CLIMATE SUMMARY FOR THE MONTH OF JUNE 2014...

CLIMATE NORMAL PERIOD 1981 TO 2010
CLIMATE RECORD PERIOD 1888 TO 2014

WEATHER         OBSERVED          NORMAL  DEPART  LAST YEAR`S
                 VALUE   DATE(S)  VALUE   FROM    VALUE  DATE(S)
                                          NORMAL
................................................................
TEMPERATURE (F)
RECORD
 HIGH             108   06/29/1990
 LOW               32   06/02/1919
HIGHEST           103   06/30        90      13      104  06/27
                                                          06/11
LOWEST             41   06/10        50      -9       40  06/01
AVG. MAXIMUM     89.8              87.2     2.6     91.9
AVG. MINIMUM     55.5              52.8     2.7     56.7
MEAN             72.7              70.0     2.7     74.3
DAYS MAX >= 90     17              13.0     4.0
DAYS MAX <= 32      0               0.0     0.0
DAYS MIN <= 32      0               0.0     0.0
DAYS MIN <= 0       0               0.0     0.0

PRECIPITATION (INCHES)
RECORD
 MAXIMUM         7.14   1921
 MINIMUM            T   1990
TOTALS           0.86              1.36   -0.50     0.27
DAILY AVG.       0.03              0.05   -0.02
DAYS >= .01         2               7.1    -5.1
DAYS >= .10         3               3.2    -0.2
DAYS >= .50         0               0.8    -0.8
DAYS >= 1.00        0               0.1    -0.1
GREATEST
 24 HR. TOTAL    0.35   06/24 TO 06/24

SNOWFALL (INCHES)
RECORDS
 TOTAL              T   2013
TOTALS              TR              0.0     0.0        T
SINCE 7/1        29.3              31.8    -2.5     24.4
SNOWDEPTH AVG.      0
DAYS >= 1.0         0               0.0     0.0
GREATEST
 SNOW DEPTH         0   MM                             0
 24 HR TOTAL        TR  06/22 TO 06/22                 T

DEGREE_DAYS
HEATING TOTAL       3                25     -22       17
 SINCE 7/1       5416              5638    -222     5724
COOLING TOTAL     240               175      65      303
 SINCE 1/1        292               209      83      376
.................................................................

WIND (MPH)
AVERAGE WIND SPEED              9.8
HIGHEST WIND SPEED/DIRECTION    52/290    DATE  06/08
HIGHEST GUST SPEED/DIRECTION    61/300    DATE  06/08

SKY COVER
POSSIBLE SUNSHINE (PERCENT)   MM
AVERAGE SKY COVER           0.10
NUMBER OF DAYS FAIR           26
NUMBER OF DAYS PC              4
NUMBER OF DAYS CLOUDY          0

AVERAGE RH (PERCENT)     43

WEATHER CONDITIONS. NUMBER OF DAYS WITH
THUNDERSTORM              0     MIXED PRECIP               0
HEAVY RAIN                3     RAIN                       3
LIGHT RAIN               12     FREEZING RAIN              0
LT FREEZING RAIN          0     HAIL                       2
HEAVY SNOW                0     SNOW                       0
LIGHT SNOW                0     SLEET                      0
FOG                       1     FOG W/VIS <= 1/4 MILE      0
HAZE                      3

-  INDICATES NEGATIVE NUMBERS.
R  INDICATES RECORD WAS SET OR TIED.
MM INDICATES DATA IS MISSING.
T  INDICATES TRACE AMOUNT.

$$




U.S. Dept. of Commerce
NOAA National Weather Service
1325 East West Highway
Silver Spring, MD 20910
E-mail: w-nws.webmaster@noaa.gov
Page last modified: May 16, 2007
NATIONAL WEATHER SERVICE: for Safety, for Work, for Fun - FOR LIFE