870
CXUS56 KPDT 011545
CLMPSC

CLIMATE REPORT
NATIONAL WEATHER SERVICE PENDLETON OREGON
834 AM PDT TUE APR 01 2014

....................................

...THE PASCO WA CLIMATE SUMMARY FOR THE MONTH OF MARCH 2014...

CLIMATE NORMAL PERIOD 1981 TO 2010
CLIMATE RECORD PERIOD 1942 TO 2014

WEATHER         OBSERVED          NORMAL  DEPART  LAST YEAR`S
                 VALUE   DATE(S)  VALUE   FROM    VALUE  DATE(S)
                                          NORMAL

................................................................

TEMPERATURE (F)
RECORD
 HIGH              80   3/30/2003
 LOW               15   3/12/2009
HIGHEST            71   3/ 9       31        40            76   3/31
LOWEST             21   3/22        7        14            18   3/24
AVG. MAXIMUM     60.0            59.1       0.9          59.9
AVG. MINUMUM     33.5            33.6      -0.1          33.1
MEAN             46.8            46.4       0.4          46.5
DAYS MAX >= 90      0               0         0             0
DAYS MAX <= 32      1              18       -17             0
DAYS MIN <= 32     17              24        -7            15
DAYS MIN <= 0       0              18       -18            15


PRECIPITATION (INCHES)
RECORD
 MAXIMUM          1.43   2009
 MINIMUM          0.23   2013
TOTALS            0.76            0.79     -0.03          0.23
DAILY AVG.        0.02            0.03     -0.01          0.01
DAYS >=  0.01        9               2         7             3
DAYS >=  0.10        3               1         2             1
DAYS >=  0.50        0               0         0             0
DAYS >=  1.00        0               0         0             0
GREATEST
 24 HR. TOTAL     0.31   3/28



SNOWFALL (INCHES)
RECORD
 MAXIMUM           0.0   2012
 MINIMUM           0.0   2013
TOTALS             0.0             0.0       0.0           0.0
SINCE 7/1          6.7             0.0       6.7           0.7
DAYS >=  TRACE                       0         0
DAYS >=  1.0         0               0         0             0
GREATEST
 24 HR. TOTAL      0.0   3/31


DEGREE DAYS
HEATING TOTAL      559             579       -20           565
 SINCE 7/1        4788            4455       333          4183
COOLING TOTAL        0               0         0             0
 SINCE 1/1           0               0         0             0

.............................................................

WIND (MPH)
AVERAGE WIND SPEED                     8.5
RESULTANT WIND SPEED/DIRECTION         7/222
HIGHEST WIND SPEED/DIRECTION          37/230      DATE          03/19
HIGHEST GUST SPEED/DIRECTION          46/230      DATE          03/06


WEATHER CONDITIONS. NUMBER OF DAYS WITH
THUNDERSTORM               0    MIXED PRECIP                           0
HEAVY RAIN                 0    RAIN                                   2
LIGHT RAIN                11    FREEZING RAIN                          0
LT FREEZING RAIN           1    HAIL                                   0
HEAVY SNOW                 0    SNOW                                   1
LIGHT SNOW                 2    SLEET                                  1
FOG                        4    FOG W/VIS <=1/4 MILE                   0
HAZE                       4

-  INDICATES NEGATIVE NUMBERS.
R  INDICATES RECORD WAS SET OR TIED.
MM INDICATES DATA IS MISSING.
T  INDICATES TRACE AMOUNT.

$$







U.S. Dept. of Commerce
NOAA National Weather Service
1325 East West Highway
Silver Spring, MD 20910
E-mail: w-nws.webmaster@noaa.gov
Page last modified: May 16, 2007
NATIONAL WEATHER SERVICE: for Safety, for Work, for Fun - FOR LIFE