424
CXUS56 KPDT 011605
CLMPSC

CLIMATE REPORT
NATIONAL WEATHER SERVICE PENDLETON OREGON
900 AM PDT FRI AUG 01 2014

....................................

...THE PASCO WA CLIMATE SUMMARY FOR THE MONTH OF JULY 2014...

CLIMATE NORMAL PERIOD 1981 TO 2010
CLIMATE RECORD PERIOD 1942 TO 2014

WEATHER         OBSERVED          NORMAL  DEPART  LAST YEAR`S
                 VALUE   DATE(S)  VALUE   FROM    VALUE  DATE(S)
                                          NORMAL

................................................................

TEMPERATURE (F)
RECORD
 HIGH             113   7/14/2001
 LOW               42   7/11/2008
HIGHEST           109   7/16       46        63           107   7/ 2
LOWEST             50   7/26       12        38            49   7/14
AVG. MAXIMUM     97.0            91.3       5.7          95.5
AVG. MINUMUM     60.7            55.7       5.0          58.1
MEAN             78.8            73.5       5.3          76.8
DAYS MAX >= 90     25               9        16            25
DAYS MAX <= 32      0              18       -18             0
DAYS MIN <= 32      0              18       -18             0
DAYS MIN <= 0       0              18       -18             0


PRECIPITATION (INCHES)
RECORD
 MAXIMUM          0.60   2012
 MINIMUM             T   2013
TOTALS            0.03            0.28     -0.25             T
DAILY AVG.        0.00            0.01     -0.01          0.00
DAYS >=  0.01        2               1         1             0
DAYS >=  0.10        0               0         0             0
DAYS >=  0.50        0               0         0             0
DAYS >=  1.00        0               0         0             0
GREATEST
 24 HR. TOTAL     0.02   7/14



SNOWFALL (INCHES)
RECORD
 MAXIMUM           0.0   2013
 MINIMUM           0.0   2013
TOTALS             0.0             0.0       0.0           0.0
SINCE 7/1          0.0             0.0       0.0           0.0
DAYS >=  TRACE                       0         0
DAYS >=  1.0         0               0         0             0
GREATEST
 24 HR. TOTAL      0.0   7/31


DEGREE DAYS
HEATING TOTAL        0               1        -1             0
 SINCE 7/1           0               1        -1             0
COOLING TOTAL      436             267       169           371
 SINCE 1/1         581             408       173           541

.............................................................

WIND (MPH)
AVERAGE WIND SPEED                     6.2
RESULTANT WIND SPEED/DIRECTION         4/231
HIGHEST WIND SPEED/DIRECTION          43/250      DATE          07/23
HIGHEST GUST SPEED/DIRECTION          52/250      DATE          07/23


WEATHER CONDITIONS. NUMBER OF DAYS WITH
THUNDERSTORM               3    MIXED PRECIP                           0
HEAVY RAIN                 0    RAIN                                   0
LIGHT RAIN                 4    FREEZING RAIN                          0
LT FREEZING RAIN           0    HAIL                                   0
HEAVY SNOW                 0    SNOW                                   0
LIGHT SNOW                 0    SLEET                                  0
FOG                        1    FOG W/VIS <=1/4 MILE                   0
HAZE                       8

-  INDICATES NEGATIVE NUMBERS.
R  INDICATES RECORD WAS SET OR TIED.
MM INDICATES DATA IS MISSING.
T  INDICATES TRACE AMOUNT.

$$







U.S. Dept. of Commerce
NOAA National Weather Service
1325 East West Highway
Silver Spring, MD 20910
E-mail: w-nws.webmaster@noaa.gov
Page last modified: May 16, 2007
NATIONAL WEATHER SERVICE: for Safety, for Work, for Fun - FOR LIFE