072
CXUS56 KPDT 011646
CLMPSC

CLIMATE REPORT
NATIONAL WEATHER SERVICE PENDLETON OREGON
937 AM PDT SAT NOV 01 2014

....................................

...THE PASCO WA CLIMATE SUMMARY FOR THE MONTH OF OCTOBER 2014...

CLIMATE NORMAL PERIOD 1981 TO 2010
CLIMATE RECORD PERIOD 1942 TO 2014

WEATHER         OBSERVED          NORMAL  DEPART  LAST YEAR`S
                 VALUE   DATE(S)  VALUE   FROM    VALUE  DATE(S)
                                          NORMAL

................................................................

TEMPERATURE (F)
RECORD
 HIGH              88  10/21/2003
 LOW                9  10/31/2002
HIGHEST            88  10/ 7       35        53            71  10/ 6
LOWEST             31  10/27       10        21            22  10/30
AVG. MAXIMUM     70.5            65.8       4.7          63.8
AVG. MINUMUM     44.2            37.9       6.3          34.5
MEAN             57.3            51.8       5.5          49.1
DAYS MAX >= 90      0               0         0             0
DAYS MAX <= 32      0              18       -18             0
DAYS MIN <= 32      1              21       -20            13
DAYS MIN <= 0       0              18       -18            13


PRECIPITATION (INCHES)
RECORD
 MAXIMUM          1.05   2012
 MINIMUM          0.04   2013
TOTALS            0.71            0.65      0.06          0.04
DAILY AVG.        0.02            0.02      0.00          0.00
DAYS >=  0.01        7               2         5             3
DAYS >=  0.10        3               1         2             0
DAYS >=  0.50        0               0         0             0
DAYS >=  1.00        0               0         0             0
GREATEST
 24 HR. TOTAL     0.24  10/20



SNOWFALL (INCHES)
RECORD
 MAXIMUM           0.0   2013
 MINIMUM           0.0   2013
TOTALS             0.0             0.0       0.0           0.0
SINCE 7/1          0.0             0.0       0.0           0.0
DAYS >=  TRACE                       0         0
DAYS >=  1.0         0               0         0             0
GREATEST
 24 HR. TOTAL      0.0  10/31


DEGREE DAYS
HEATING TOTAL      239             406      -167           485
 SINCE 7/1         281             511      -230           553
COOLING TOTAL       11               0        11             0
 SINCE 1/1         991             704       287           995

.............................................................

WIND (MPH)
AVERAGE WIND SPEED                     5.6
RESULTANT WIND SPEED/DIRECTION         4/201
HIGHEST WIND SPEED/DIRECTION          38/230      DATE          10/25
HIGHEST GUST SPEED/DIRECTION          48/230      DATE          10/25


WEATHER CONDITIONS. NUMBER OF DAYS WITH
THUNDERSTORM               0    MIXED PRECIP                        0
HEAVY RAIN                 0    RAIN                                3
LIGHT RAIN                13    FREEZING RAIN                       0
LT FREEZING RAIN           0    HAIL                                0
HEAVY SNOW                 0    SNOW                                0
LIGHT SNOW                 0    SLEET                               0
FOG                       10    FOG W/VIS <=1/4 MILE                1
HAZE                       3

-  INDICATES NEGATIVE NUMBERS.
R  INDICATES RECORD WAS SET OR TIED.
MM INDICATES DATA IS MISSING.
T  INDICATES TRACE AMOUNT.

$$







U.S. Dept. of Commerce
NOAA National Weather Service
1325 East West Highway
Silver Spring, MD 20910
E-mail: w-nws.webmaster@noaa.gov
Page last modified: May 16, 2007
NATIONAL WEATHER SERVICE: for Safety, for Work, for Fun - FOR LIFE