152
CXZS50 NSTU 020540
CLMPPG

CLIMATE REPORT
NATIONAL WEATHER SERVICE PAGO PAGO AS
1840 PM SST MON DEC 1 2014

.....................................

...THE PAGO PAGO AIRPORT CLIMATE SUMMARY FOR THE MONTH OF NOVEMBER 2014...

CLIMATE NORMAL PERIOD 1981 TO 2010
CLIMATE RECORD PERIOD 1956 TO 2014

WEATHER ITEM      OBSERVED    DATES       NORMAL      DEPARTURE   LAST YEAR
                  VALUE                   VALUE       FROM        VALUE DATE(S)
                                                      NORMAL
.............................................................................
TEMPERATURE (F)
RECORD
 HIGH             95          11/18/1998
 LOW              60          11/11/1959

HIGHEST           90          11/27        87         3           90 11/27
LOWEST            72          11/03        77        -5           73 11/13

AVG. MAXIMUM      85.6                    86.6       -1.0         86.5
AVG. MINIMUM      77.5                    77.3        0.2         77.8
MEAN              81.6                    82.0       -0.4         82.2
DAYS MAX >= 90     1                       2.1       -1.1          1
DAYS MAX <= 32     0                       0.0        0.0          0
DAYS MIN <= 32     0                       0.0        0.0          0
DAYS MIN <= 0      0                       0.0        0.0          0

PRECIPITATION (INCHES)
RECORD
 MAXIMUM          25.67      1978
 MINIMUM           1.36      1965
TOTALS            13.76                  11.30        2.46         5.91
DAILY AVG.         0.46                   0.38        0.08         0.20
DAYS >= .01       21                     20.8         0.2         20
DAYS >= .10       16                     14.3         1.7         10
DAYS >= .50        8                      6.8         1.2          2
DAYS >= 1.00       4                      3.6         0.4          2
GREATEST
 24 HR. TOTAL      3.23      11/03 TO 04                2.17 11/12 TO 13

DEGREE DAYS
HEATING TOTAL     000                     00          00          00
SINCE 1/1         000                     00          00          00
COOLING TOTAL     504                    508         -04         522
SINCE 1/1        5644                   5552          92        5759

WIND (MPH)
AVERAGE WIND SPEED 10.0
HIGHEST WIND SPEED/DIRECTION   29/110     DATE 11/02
HIGHEST GUST SPEED/DIRECTION   MM         DATE MM

SKY COVER
POSSIBLE SUNSHINE (PERCENT)    MM
AVERAGE SKY COVER               6.4
NUMBER OF DAYS FAIR            01
NUMBER OF DAYS PC              10
NUMBER OF DAYS CLOUDY          19

AVERAGE RH (PERCENT)           87

WEATHER CONDITIONS NUMBER OF DAYS WITH
THUNDERSTORM            05    MIXED PRECIP            00
HEAVY RAIN              13    RAIN                    08
LIGHT RAIN              23    FREEZING RAIN           00
LT FREEZING RAIN        00    HAIL                    00
HEAVY SNOW              00    SNOW                    00
LIGHT SNOW              00    SLEET                   00
FOG                     00    FOG W/VIS <= 1/4 MILE   00
HAZE                    00

- INDICATES NEGATIVE NUMBERS
R INDICATES RECORD WAS SET OR TIED
MM INDICATES DATA IS MISSING
T INDICATES TRACE AMOUNT

$$




U.S. Dept. of Commerce
NOAA National Weather Service
1325 East West Highway
Silver Spring, MD 20910
E-mail: w-nws.webmaster@noaa.gov
Page last modified: May 16, 2007
NATIONAL WEATHER SERVICE: for Safety, for Work, for Fun - FOR LIFE