697
CXZS50 NSTU 112109
CLMPPG

CLIMATE REPORT
NATIONAL WEATHER SERVICE PAGO PAGO AS
1010 AM SST FRI JUL 11 2014

.....................................

...THE PAGO PAGO AIRPORT CLIMATE SUMMARY FOR THE MONTH OF JUNE 2014...

CLIMATE NORMAL PERIOD 1981 TO 2010
CLIMATE RECORD PERIOD 1956 TO 2014

WEATHER ITEM      OBSERVED    DATES       NORMAL      DEPARTURE   LAST YEAR
                  VALUE                   VALUE       FROM        VALUE DATE(S)
                                                      NORMAL
.............................................................................
TEMPERATURE (F)
RECORD
 HIGH             95          06/23/1988
 LOW              61          06/26/1965
HIGHEST           87          06/19        85         2           89 06/02
LOWEST            73          06/04        77        -4           73 06/05

AVG. MAXIMUM      84.4                    85.0       -0.6         86.0
AVG. MINIMUM      77.3                    76.9        0.4         77.6
MEAN              80.9                    80.9        0.0         81.8
DAYS MAX >= 90     0                       0.1       -0.1          0
DAYS MAX <= 32     0                       0.0        0.0          0
DAYS MIN <= 32     0                       0.0        0.0          0
DAYS MIN <= 0      0                       0.0        0.0          0

PRECIPITATION (INCHES)
RECORD
 MAXIMUM          18.31      1999
 MINIMUM           1.97      1983
TOTALS             8.22                   5.86        2.36        11.75
DAILY AVG.         0.27                   0.20        0.08         0.39
DAYS >= .01       21                     18.4         2.6         20
DAYS >= .10       12                     10.1         1.9         13
DAYS >= .50        4                      3.5         0.5          5
DAYS >= 1.00       1                      1.4        -0.4          1
GREATEST
 24 HR. TOTAL      3.82      06/05 TO 06                7.08 06/04 TO 05

DEGREE DAYS
HEATING TOTAL     000                     00          00          00
SINCE 1/1         000                     00          00          00
COOLING TOTAL     486                    479          07         512
SINCE 1/1        3119                   3110          09        3225

WIND (MPH)
AVERAGE WIND SPEED 13.1
HIGHEST WIND SPEED/DIRECTION   26/100     DATE 06/16
HIGHEST GUST SPEED/DIRECTION   MM         DATE MM

SKY COVER
POSSIBLE SUNSHINE (PERCENT)    MM
AVERAGE SKY COVER               6.0
NUMBER OF DAYS FAIR            00
NUMBER OF DAYS PC              17
NUMBER OF DAYS CLOUDY          13

AVERAGE RH (PERCENT)           86

WEATHER CONDITIONS NUMBER OF DAYS WITH
THUNDERSTORM            00    MIXED PRECIP            00
HEAVY RAIN              06    RAIN                    10
LIGHT RAIN              23    FREEZING RAIN           00
LT FREEZING RAIN        00    HAIL                    00
HEAVY SNOW              00    SNOW                    00
LIGHT SNOW              00    SLEET                   00
FOG                     00    FOG W/VIS <= 1/4 MILE   00
HAZE                    00

- INDICATES NEGATIVE NUMBERS
R INDICATES RECORD WAS SET OR TIED
MM INDICATES DATA IS MISSING
T INDICATES TRACE AMOUNT

$$




U.S. Dept. of Commerce
NOAA National Weather Service
1325 East West Highway
Silver Spring, MD 20910
E-mail: w-nws.webmaster@noaa.gov
Page last modified: May 16, 2007
NATIONAL WEATHER SERVICE: for Safety, for Work, for Fun - FOR LIFE