535
CXZS50 NSTU 132157
CLMPPG

CLIMATE REPORT
NATIONAL WEATHER SERVICE PAGO PAGO AS
11 AM SST TUE JAN 13 2015

.....................................

...THE PAGO PAGO AIRPORT CLIMATE SUMMARY FOR THE MONTH OF DECEMBER 2014...

CLIMATE NORMAL PERIOD 1981 TO 2010
CLIMATE RECORD PERIOD 1956 TO 2014

WEATHER ITEM      OBSERVED    DATES       NORMAL      DEPARTURE   LAST YEAR
                  VALUE                   VALUE       FROM        VALUE DATE(S)
                                                      NORMAL
.............................................................................
TEMPERATURE (F)
RECORD
 HIGH             94          12/16/2001
 LOW              65          12/21/1964

HIGHEST           90          12/29        87         3           90 12/30
                                                                     12/26
                                                                     12/22
                                                                     12/17
                                                                     12/16
LOWEST            75          12/19        77        -2           75 12/11


AVG. MAXIMUM      85.9                    87.4       -1.5         87.4
AVG. MINIMUM      78.6                    77.3        1.3         78.2
MEAN              82.3                    82.3        0.0         82.8
DAYS MAX >= 90     1                       3.3       -2.3          5
DAYS MAX <= 32     0                       0.0        0.0          0
DAYS MIN <= 32     0                       0.0        0.0          0
DAYS MIN <= 0      0                       0.0        0.0          0

PRECIPITATION (INCHES)
RECORD
 MAXIMUM          32.00      1959
 MINIMUM           2.25      1995
TOTALS            18.13                  14.52        3.61        12.71
DAILY AVG.         0.58                   0.47        0.12         0.41
DAYS >= .01       26                     23.1         2.9         24
DAYS >= .10       19                     15.8         3.2         17
DAYS >= .50        9                      8.5         0.5          7
DAYS >= 1.00       8                      4.6         3.4          6
GREATEST
 24 HR. TOTAL      3.17      12/20 TO 21              2.21 12/9

DEGREE DAYS
HEATING TOTAL     000                     00          00          00
SINCE 1/1         000                     00          00          00
COOLING TOTAL     543                    538          05         560
SINCE 1/1        6187                   6090          97        6319

WIND (MPH)
AVERAGE WIND SPEED 11.3
HIGHEST WIND SPEED/DIRECTION   32/070     DATE 12/4
HIGHEST GUST SPEED/DIRECTION   MM         DATE MM

SKY COVER
POSSIBLE SUNSHINE (PERCENT)    MM
AVERAGE SKY COVER               6.8
NUMBER OF DAYS FAIR            00
NUMBER OF DAYS PC              12
NUMBER OF DAYS CLOUDY          19

AVERAGE RH (PERCENT)           85

WEATHER CONDITIONS NUMBER OF DAYS WITH
THUNDERSTORM            03    MIXED PRECIP            00
HEAVY RAIN              12    RAIN                    04
LIGHT RAIN              27    FREEZING RAIN           00
LT FREEZING RAIN        00    HAIL                    00
HEAVY SNOW              00    SNOW                    00
LIGHT SNOW              00    SLEET                   00
FOG                     00    FOG W/VIS <= 1/4 MILE   00
HAZE                    00

- INDICATES NEGATIVE NUMBERS
R INDICATES RECORD WAS SET OR TIED
MM INDICATES DATA IS MISSING
T INDICATES TRACE AMOUNT




U.S. Dept. of Commerce
NOAA National Weather Service
1325 East West Highway
Silver Spring, MD 20910
E-mail: w-nws.webmaster@noaa.gov
Page last modified: May 16, 2007
NATIONAL WEATHER SERVICE: for Safety, for Work, for Fun - FOR LIFE