690
CXZS50 NSTU 040538
CLMPPG

CLIMATE REPORT
NATIONAL WEATHER SERVICE PAGO PAGO AS
1736 PM SST MON NOV 3 2014

.....................................

...THE PAGO PAGO AIRPORT CLIMATE SUMMARY FOR THE MONTH OF OCTOBER 2014...

CLIMATE NORMAL PERIOD 1981 TO 2010
CLIMATE RECORD PERIOD 1956 TO 2014

WEATHER ITEM      OBSERVED    DATES       NORMAL      DEPARTURE   LAST YEAR
                  VALUE                   VALUE       FROM        VALUE DATE(S)
                                                      NORMAL
.............................................................................
TEMPERATURE (F)
RECORD
 HIGH             94          10/24/2001
 LOW              59          10/10/1964

HIGHEST           92          10/13        86         6           89 10/09
                                                                     10/08
                                                                     10/07
                                                                     10/05
                                                                     10/03
                                                                     10/01
LOWEST            75          10/31        77        -2           75 10/18
                              10/14

AVG. MAXIMUM      87.9                    85.8        2.1         85.8
AVG. MINIMUM      78.8                    76.9        1.9         77.7
MEAN              83.4                    81.4        2.0         81.8
DAYS MAX >= 90    13                       0.7       12.3          0
DAYS MAX <= 32     0                       0.0        0.0          0
DAYS MIN <= 32     0                       0.0        0.0          0
DAYS MIN <= 0      0                       0.0        0.0          0

PRECIPITATION (INCHES)
RECORD
 MAXIMUM          29.59      1996
 MINIMUM           2.10      1975
TOTALS             2.68                  10.11       -7.43         5.71
DAILY AVG.         0.09                   0.33       -0.24         0.18
DAYS >= .01       14                     20.8        -6.8         22
DAYS >= .10        5                     14.3        -9.3         10
DAYS >= .50        2                      6.8        -4.8          6
DAYS >= 1.00       0                      3.6        -3.6          0
GREATEST
 24 HR. TOTAL      1.18      10/14 TO 15                1.30 10/30 TO 31

DEGREE DAYS
HEATING TOTAL     000                     00          00          00
SINCE 1/1         000                     00          00          00
COOLING TOTAL     578                    507          71         528
SINCE 1/1        5140                   5044          96        5237

WIND (MPH)
AVERAGE WIND SPEED 13.4
HIGHEST WIND SPEED/DIRECTION   23/0180     DATE 10/27
HIGHEST GUST SPEED/DIRECTION   MM         DATE MM

SKY COVER
POSSIBLE SUNSHINE (PERCENT)    MM
AVERAGE SKY COVER               5.0
NUMBER OF DAYS FAIR            01
NUMBER OF DAYS PC              23
NUMBER OF DAYS CLOUDY          07

AVERAGE RH (PERCENT)           85

WEATHER CONDITIONS NUMBER OF DAYS WITH
THUNDERSTORM            00    MIXED PRECIP            00
HEAVY RAIN              01    RAIN                    08
LIGHT RAIN              14    FREEZING RAIN           00
LT FREEZING RAIN        00    HAIL                    00
HEAVY SNOW              00    SNOW                    00
LIGHT SNOW              00    SLEET                   00
FOG                     00    FOG W/VIS <= 1/4 MILE   00
HAZE                    00

- INDICATES NEGATIVE NUMBERS
R INDICATES RECORD WAS SET OR TIED
MM INDICATES DATA IS MISSING
T INDICATES TRACE AMOUNT

$$




U.S. Dept. of Commerce
NOAA National Weather Service
1325 East West Highway
Silver Spring, MD 20910
E-mail: w-nws.webmaster@noaa.gov
Page last modified: May 16, 2007
NATIONAL WEATHER SERVICE: for Safety, for Work, for Fun - FOR LIFE