437
CXUS51 KALY 010638
CLMPOU


CLIMATE REPORT
NATIONAL WEATHER SERVICE ALBANY NY
234 AM EDT FRI AUG 1 2014

...................................

...THE POUGHKEEPSIE NY CLIMATE SUMMARY FOR THE MONTH OF JULY 2014...

CLIMATE NORMAL PERIOD 1981 TO 2010
CLIMATE RECORD PERIOD 1949 TO 2014

WEATHER         OBSERVED          NORMAL  DEPART  LAST YEAR`S
                 VALUE   DATE(S)  VALUE   FROM    VALUE  DATE(S)
                                          NORMAL
................................................................
TEMPERATURE (F)
HIGHEST            93   07/02                         97  07/19
LOWEST             54   07/18                         56  07/31
                                                          07/30
AVG. MAXIMUM     83.3              84.4    -1.1     86.6
AVG. MINIMUM     63.2              60.8     2.4     67.6
MEAN             73.2              72.6     0.6     77.1
DAYS MAX >= 90      4               6.3    -2.3       11
DAYS MAX <= 32      0               0.0     0.0        0
DAYS MIN <= 32      0               0.0     0.0        0
DAYS MIN <= 0       0               0.0     0.0        0

PRECIPITATION (INCHES)
RECORD
 MAXIMUM        13.63   1975
 MINIMUM         0.72   1968
TOTALS           4.97              4.65    0.32     3.14
DAILY AVG.       0.16              0.15    0.01     0.10
DAYS >= .01        14              10.3     3.7       14
DAYS >= .10        10               7.1     2.9        5
DAYS >= .50         2               3.1    -1.1        2
DAYS >= 1.00        2               1.2     0.8        2
GREATEST
 24 HR. TOTAL    1.64   07/15 TO 07/16

DEGREE_DAYS
HEATING TOTAL       0                 5      -5        0
 SINCE 7/1          0                 5      -5        0
COOLING TOTAL     265               240      25      383
 SINCE 1/1        436               403      33      590

FREEZE DATES
RECORD
 EARLIEST     09/15/1963
 LATEST       05/25/1949
EARLIEST                        10/09
LATEST                          04/29
.................................................................

WIND (MPH)
AVERAGE WIND SPEED              3.9
HIGHEST WIND SPEED/DIRECTION    33/250    DATE  07/07
HIGHEST GUST SPEED/DIRECTION    45/240    DATE  07/03

SKY COVER
AVERAGE SKY COVER           0.30

AVERAGE RH (PERCENT)     70

WEATHER CONDITIONS. NUMBER OF DAYS WITH
THUNDERSTORM             11     MIXED PRECIP               0
HEAVY RAIN                5     RAIN                       7
LIGHT RAIN               13     FREEZING RAIN              0
LT FREEZING RAIN          0     HAIL                       0
HEAVY SNOW                0     SNOW                       0
LIGHT SNOW                0     SLEET                      0
FOG                      16     FOG W/VIS <= 1/4 MILE      0
HAZE                      4

-  INDICATES NEGATIVE NUMBERS.
R  INDICATES RECORD WAS SET OR TIED.
MM INDICATES DATA IS MISSING.
T  INDICATES TRACE AMOUNT.

$$





U.S. Dept. of Commerce
NOAA National Weather Service
1325 East West Highway
Silver Spring, MD 20910
E-mail: w-nws.webmaster@noaa.gov
Page last modified: May 16, 2007
NATIONAL WEATHER SERVICE: for Safety, for Work, for Fun - FOR LIFE