052
CXUS51 KALY 010915
CLMPOU


CLIMATE REPORT
NATIONAL WEATHER SERVICE ALBANY NY
513 AM EDT WED OCT 1 2014

...................................

...THE POUGHKEEPSIE NY CLIMATE SUMMARY FOR THE MONTH OF SEPTEMBER 2014...

CLIMATE NORMAL PERIOD 1981 TO 2010
CLIMATE RECORD PERIOD 1949 TO 2014

WEATHER         OBSERVED          NORMAL  DEPART  LAST YEAR`S
                 VALUE   DATE(S)  VALUE   FROM    VALUE  DATE(S)
                                          NORMAL
................................................................
TEMPERATURE (F)
HIGHEST            92   09/06                         95  09/11
LOWEST             38R  09/23                         37  09/24
AVG. MAXIMUM     77.3              75.0     2.3     74.8
AVG. MINIMUM     52.0              51.1     0.9     49.4
MEAN             64.6              63.1     1.5     62.1
DAYS MAX >= 90      2               0.9     1.1        1
DAYS MAX <= 32      0               0.0     0.0        0
DAYS MIN <= 32      0               0.1    -0.1        0
DAYS MIN <= 0       0               0.0     0.0        0

PRECIPITATION (INCHES)
RECORD
 MAXIMUM        10.10   2011
 MINIMUM         0.46   1986
TOTALS           0.52              4.28   -3.76     2.32
DAILY AVG.       0.02              0.14   -0.12     0.08
DAYS >= .01         6               9.3    -3.3        8
DAYS >= .10         3               5.8    -2.8        6
DAYS >= .50         0               2.4    -2.4        2
DAYS >= 1.00        0               1.1    -1.1        0
GREATEST
 24 HR. TOTAL    0.55   08/31 TO 09/01

DEGREE_DAYS
HEATING TOTAL      89               123     -34      140
 SINCE 7/1         94               140     -46      143
COOLING TOTAL      86                64      22       64
 SINCE 1/1        683               668      15      821

FREEZE DATES
RECORD
 EARLIEST     09/15/1963
 LATEST       05/25/1949
EARLIEST                        10/09
LATEST                          04/29
.................................................................

WIND (MPH)
AVERAGE WIND SPEED              3.3
HIGHEST WIND SPEED/DIRECTION    23/280    DATE  09/22
HIGHEST GUST SPEED/DIRECTION    29/280    DATE  09/22

SKY COVER
AVERAGE SKY COVER           0.30

AVERAGE RH (PERCENT)     70

WEATHER CONDITIONS. NUMBER OF DAYS WITH
THUNDERSTORM              1     MIXED PRECIP               0
HEAVY RAIN                0     RAIN                       1
LIGHT RAIN                6     FREEZING RAIN              0
LT FREEZING RAIN          0     HAIL                       0
HEAVY SNOW                0     SNOW                       0
LIGHT SNOW                0     SLEET                      0
FOG                      17     FOG W/VIS <= 1/4 MILE      5
HAZE                      1

-  INDICATES NEGATIVE NUMBERS.
R  INDICATES RECORD WAS SET OR TIED.
MM INDICATES DATA IS MISSING.
T  INDICATES TRACE AMOUNT.

RECORDS FOR KPOU DATE BACK TO 1949...
HOWEVER...DATA IS MISSING FROM JANUARY 1993 - JULY 2000.

$$






U.S. Dept. of Commerce
NOAA National Weather Service
1325 East West Highway
Silver Spring, MD 20910
E-mail: w-nws.webmaster@noaa.gov
Page last modified: May 16, 2007
NATIONAL WEATHER SERVICE: for Safety, for Work, for Fun - FOR LIFE