582
CXUS54 KMOB 010713
CLMPNS


CLIMATE REPORT
NATIONAL WEATHER SERVICE MOBILE AL
206 AM CDT SAT NOV 1 2014

...................................

...THE PENSACOLA CLIMATE SUMMARY FOR THE MONTH OF OCTOBER 2014...

CLIMATE NORMAL PERIOD 1981 TO 2010
CLIMATE RECORD PERIOD 1879 TO 2014

WEATHER         OBSERVED          NORMAL  DEPART  LAST YEAR`S
                 VALUE   DATE(S)  VALUE   FROM    VALUE  DATE(S)
                                          NORMAL
................................................................
TEMPERATURE (F)
RECORD
 HIGH              95   10/08/1884
 LOW               32   10/31/1993
HIGHEST            86   10/08                         87  10/12
                                                          10/05
                                                          10/04
LOWEST             47   10/31                         47  10/26
AVG. MAXIMUM     80.4              78.9     1.5     80.0
AVG. MINIMUM     59.5              60.3    -0.8     63.4
MEAN             70.0              69.6     0.4     71.7
DAYS MAX >= 90      0               0.1    -0.1        0
DAYS MAX <= 32      0               0.0     0.0        0
DAYS MIN <= 32      0               0.0     0.0        0
DAYS MIN <= 0       0               0.0     0.0        0

PRECIPITATION (INCHES)

TOTALS           4.44              5.24   -0.80     1.89
DAILY AVG.       0.14              0.17   -0.03     0.06
DAYS >= .01         6               6.1    -0.1        7
DAYS >= .10         4               4.3    -0.3        3
DAYS >= .50         3               2.6     0.4        1
DAYS >= 1.00        1               1.7    -0.7        1
GREATEST
 24 HR. TOTAL    2.86   10/13 TO 10/14

DEGREE_DAYS
HEATING TOTAL      12                37     -25       15
 SINCE 7/1         12                38     -26       15
COOLING TOTAL     173               180      -7      231
 SINCE 1/1       2530              2550     -20     2689
.................................................................

WIND (MPH)
AVERAGE WIND SPEED              6.6
HIGHEST WIND SPEED/DIRECTION    36/190    DATE  10/13
HIGHEST GUST SPEED/DIRECTION    49/180    DATE  10/13

SKY COVER
POSSIBLE SUNSHINE (PERCENT)   MM
AVERAGE SKY COVER           0.10
NUMBER OF DAYS FAIR           26
NUMBER OF DAYS PC              4
NUMBER OF DAYS CLOUDY          1

AVERAGE RH (PERCENT)     69

WEATHER CONDITIONS. NUMBER OF DAYS WITH
THUNDERSTORM              4     MIXED PRECIP               0
HEAVY RAIN                3     RAIN                       1
LIGHT RAIN                6     FREEZING RAIN              0
LT FREEZING RAIN          0     HAIL                       0
HEAVY SNOW                0     SNOW                       0
LIGHT SNOW                0     SLEET                      0
FOG                      10     FOG W/VIS <= 1/4 MILE      1
HAZE                      0

-  INDICATES NEGATIVE NUMBERS.
R  INDICATES RECORD WAS SET OR TIED.
MM INDICATES DATA IS MISSING.
T  INDICATES TRACE AMOUNT.

$$





U.S. Dept. of Commerce
NOAA National Weather Service
1325 East West Highway
Silver Spring, MD 20910
E-mail: w-nws.webmaster@noaa.gov
Page last modified: May 16, 2007
NATIONAL WEATHER SERVICE: for Safety, for Work, for Fun - FOR LIFE