221
CXUS54 KMOB 010713
CLMPNS


CLIMATE REPORT
NATIONAL WEATHER SERVICE MOBILE AL
204 AM CDT FRI AUG 1 2014

...................................

...THE PENSACOLA CLIMATE SUMMARY FOR THE MONTH OF JULY 2014...

CLIMATE NORMAL PERIOD 1981 TO 2010
CLIMATE RECORD PERIOD 1879 TO 2014

WEATHER         OBSERVED          NORMAL  DEPART  LAST YEAR`S
                 VALUE   DATE(S)  VALUE   FROM    VALUE  DATE(S)
                                          NORMAL
................................................................
TEMPERATURE (F)
RECORD
 HIGH             106   07/14/1980
 LOW               61   07/16/1967
                        07/15/1967
HIGHEST            95   07/01                        92  07/25
LOWEST             63   07/31                        71  07/14
                                                          07/05
AVG. MAXIMUM     88.6              89.9    -1.3     87.5
AVG. MINIMUM     72.8              74.5    -1.7     74.4
MEAN             80.7              82.2    -1.5     80.9
DAYS MAX >= 90     14              15.6    -1.6        8
DAYS MAX <= 32      0               0.0     0.0        0
DAYS MIN <= 32      0               0.0     0.0        0
DAYS MIN <= 0       0               0.0     0.0        0

PRECIPITATION (INCHES)

TOTALS           7.64              7.41    0.23    16.05
DAILY AVG.       0.25              0.24    0.01     0.52
DAYS >= .01        14              14.0     0.0       23
DAYS >= .10         9              10.2    -1.2       16
DAYS >= .50         5               4.9     0.1       10
DAYS >= 1.00        2               2.2    -0.2        6
GREATEST
 24 HR. TOTAL    3.87   07/18 TO 07/19

DEGREE_DAYS
COOLING TOTAL     494               533     -39      501
 SINCE 1/1       1424              1446     -22     1457
.................................................................

WIND (MPH)
AVERAGE WIND SPEED              6.9
HIGHEST WIND SPEED/DIRECTION    29/260    DATE  07/18
HIGHEST GUST SPEED/DIRECTION    39/260    DATE  07/18

SKY COVER
POSSIBLE SUNSHINE (PERCENT)   MM
AVERAGE SKY COVER           0.20
NUMBER OF DAYS FAIR           26
NUMBER OF DAYS PC              5
NUMBER OF DAYS CLOUDY          0

AVERAGE RH (PERCENT)     72

WEATHER CONDITIONS. NUMBER OF DAYS WITH
THUNDERSTORM             13     MIXED PRECIP               0
HEAVY RAIN               10     RAIN                       9
LIGHT RAIN               14     FREEZING RAIN              0
LT FREEZING RAIN          0     HAIL                       0
HEAVY SNOW                0     SNOW                       0
LIGHT SNOW                0     SLEET                      0
FOG                      12     FOG W/VIS <= 1/4 MILE      1
HAZE                      3

-  INDICATES NEGATIVE NUMBERS.
R  INDICATES RECORD WAS SET OR TIED.
MM INDICATES DATA IS MISSING.
T  INDICATES TRACE AMOUNT.

$$





U.S. Dept. of Commerce
NOAA National Weather Service
1325 East West Highway
Silver Spring, MD 20910
E-mail: w-nws.webmaster@noaa.gov
Page last modified: May 16, 2007
NATIONAL WEATHER SERVICE: for Safety, for Work, for Fun - FOR LIFE