170
CXUS54 KMOB 010719
CLMPNS


CLIMATE REPORT
NATIONAL WEATHER SERVICE MOBILE AL
113 AM CST MON DEC 1 2014

...................................

...THE PENSACOLA CLIMATE SUMMARY FOR THE MONTH OF NOVEMBER 2014...

CLIMATE NORMAL PERIOD 1981 TO 2010
CLIMATE RECORD PERIOD 1879 TO 2014

WEATHER         OBSERVED          NORMAL  DEPART  LAST YEAR`S
                 VALUE   DATE(S)  VALUE   FROM    VALUE  DATE(S)
                                          NORMAL
................................................................
TEMPERATURE (F)
RECORD
 HIGH              87   11/02/1959
 LOW               22   11/25/1950
HIGHEST            80   11/24                         81  11/17
                        11/06
LOWEST             25   11/19                         29  11/28
AVG. MAXIMUM     65.9              70.3    -4.4     69.2
AVG. MINIMUM     43.5              51.2    -7.7     49.5
MEAN             54.7              60.7    -6.0     59.4
DAYS MAX >= 90      0               0.0     0.0        0
DAYS MAX <= 32      0               0.0     0.0        0
DAYS MIN <= 32      4               0.5     3.5        2
DAYS MIN <= 0       0               0.0     0.0        0

PRECIPITATION (INCHES)

TOTALS           1.20              4.73   -3.53     5.30
DAILY AVG.       0.04              0.16   -0.12     0.18
DAYS >= .01         8               7.2     0.8        8
DAYS >= .10         4               5.3    -1.3        4
DAYS >= .50         0               2.7    -2.7        3
DAYS >= 1.00        0               1.6    -1.6        2
GREATEST
 24 HR. TOTAL    0.67   11/22 TO 11/23

SNOWFALL (INCHES)

TOTALS            0.0               0.0     0.0      0.0
SINCE 7/1         0.0               0.0     0.0      0.0
SNOWDEPTH AVG.      0                                  0
DAYS >= 1.0         0               0.0     0.0        0
GREATEST
 SNOW DEPTH         0                                  0
 24 HR TOTAL      0.0   11/30 TO 11/30

DEGREE_DAYS
HEATING TOTAL     315               174     141      190
 SINCE 7/1        327               212     115      205
COOLING TOTAL      14                46     -32       29
 SINCE 1/1       2544              2596     -52     2718
.................................................................

WIND (MPH)
AVERAGE WIND SPEED              7.8
HIGHEST WIND SPEED/DIRECTION    31/340    DATE  11/01
HIGHEST GUST SPEED/DIRECTION    41/260    DATE  11/23

SKY COVER
POSSIBLE SUNSHINE (PERCENT)   MM
AVERAGE SKY COVER           0.20
NUMBER OF DAYS FAIR           22
NUMBER OF DAYS PC              5
NUMBER OF DAYS CLOUDY          3

AVERAGE RH (PERCENT)     67

WEATHER CONDITIONS. NUMBER OF DAYS WITH
THUNDERSTORM              2     MIXED PRECIP               0
HEAVY RAIN                4     RAIN                       3
LIGHT RAIN                7     FREEZING RAIN              0
LT FREEZING RAIN          0     HAIL                       0
HEAVY SNOW                0     SNOW                       0
LIGHT SNOW                0     SLEET                      0
FOG                       7     FOG W/VIS <= 1/4 MILE      0
HAZE                      1

-  INDICATES NEGATIVE NUMBERS.
R  INDICATES RECORD WAS SET OR TIED.
MM INDICATES DATA IS MISSING.
T  INDICATES TRACE AMOUNT.

$$





U.S. Dept. of Commerce
NOAA National Weather Service
1325 East West Highway
Silver Spring, MD 20910
E-mail: w-nws.webmaster@noaa.gov
Page last modified: May 16, 2007
NATIONAL WEATHER SERVICE: for Safety, for Work, for Fun - FOR LIFE