425
CXUS54 KMOB 010736
CLMPNS


CLIMATE REPORT
NATIONAL WEATHER SERVICE MOBILE AL
226 AM CDT MON SEP 1 2014

...................................

...THE PENSACOLA CLIMATE SUMMARY FOR THE MONTH OF AUGUST 2014...

CLIMATE NORMAL PERIOD 1981 TO 2010
CLIMATE RECORD PERIOD 1879 TO 2014

WEATHER         OBSERVED          NORMAL  DEPART  LAST YEAR`S
                 VALUE   DATE(S)  VALUE   FROM    VALUE  DATE(S)
                                          NORMAL
................................................................
TEMPERATURE (F)
RECORD
 HIGH             104   08/01/1986
 LOW               60   08/14/2004
HIGHEST            99   08/23                         95  08/06
                                                          08/04
LOWEST             68   08/01                         69  08/27
AVG. MAXIMUM     90.3              89.4     0.9     88.4
AVG. MINIMUM     73.6              74.2    -0.6     74.9
MEAN             82.0              81.8     0.2     81.7
DAYS MAX >= 90     17              14.1     2.9       16
DAYS MAX <= 32      0               0.0     0.0        0
DAYS MIN <= 32      0               0.0     0.0        0
DAYS MIN <= 0       0               0.0     0.0        0

PRECIPITATION (INCHES)

TOTALS           1.37              6.76   -5.39    10.01
DAILY AVG.       0.04              0.22   -0.18     0.32
DAYS >= .01         6              13.6    -7.6       17
DAYS >= .10         3               9.4    -6.4       10
DAYS >= .50         1               4.5    -3.5        4
DAYS >= 1.00        0               2.0    -2.0        3
GREATEST
 24 HR. TOTAL    0.88   08/10 TO 08/10
                        08/10 TO 08/10
                        08/10 TO 08/10

DEGREE_DAYS
COOLING TOTAL     532               521      11      525
 SINCE 1/1       1956              1967     -11     1982
.................................................................

WIND (MPH)
AVERAGE WIND SPEED              6.6
HIGHEST WIND SPEED/DIRECTION    25/340    DATE  08/19
HIGHEST GUST SPEED/DIRECTION    35/120    DATE  08/10

SKY COVER
POSSIBLE SUNSHINE (PERCENT)   MM
AVERAGE SKY COVER           0.10
NUMBER OF DAYS FAIR           31
NUMBER OF DAYS PC              0
NUMBER OF DAYS CLOUDY          0

AVERAGE RH (PERCENT)     73

WEATHER CONDITIONS. NUMBER OF DAYS WITH
THUNDERSTORM             12     MIXED PRECIP               0
HEAVY RAIN                3     RAIN                       1
LIGHT RAIN               12     FREEZING RAIN              0
LT FREEZING RAIN          0     HAIL                       0
HEAVY SNOW                0     SNOW                       0
LIGHT SNOW                0     SLEET                      0
FOG                       2     FOG W/VIS <= 1/4 MILE      0
HAZE                      0

-  INDICATES NEGATIVE NUMBERS.
R  INDICATES RECORD WAS SET OR TIED.
MM INDICATES DATA IS MISSING.
T  INDICATES TRACE AMOUNT.

$$





U.S. Dept. of Commerce
NOAA National Weather Service
1325 East West Highway
Silver Spring, MD 20910
E-mail: w-nws.webmaster@noaa.gov
Page last modified: May 16, 2007
NATIONAL WEATHER SERVICE: for Safety, for Work, for Fun - FOR LIFE