977
CXUS54 KMOB 010731
CLMPNS


CLIMATE REPORT
NATIONAL WEATHER SERVICE MOBILE AL
122 AM CST SUN FEB 1 2015

...................................

...THE PENSACOLA CLIMATE SUMMARY FOR THE MONTH OF JANUARY 2015...

CLIMATE NORMAL PERIOD 1981 TO 2010
CLIMATE RECORD PERIOD 1879 TO 2015

WEATHER         OBSERVED          NORMAL  DEPART  LAST YEAR`S
                 VALUE   DATE(S)  VALUE   FROM    VALUE  DATE(S)
                                          NORMAL
................................................................
TEMPERATURE (F)
RECORD
 HIGH              80   01/01/1997
                        01/01/1975
 LOW                5   01/21/1985
HIGHEST            73   01/03                         75  01/11
LOWEST             19   01/08                         19  01/07
AVG. MAXIMUM     60.8              60.5     0.3     56.7
AVG. MINIMUM     41.7              42.2    -0.5     35.3
MEAN             51.3              51.4    -0.1     46.0
DAYS MAX >= 90      0               0.0     0.0        0
DAYS MAX <= 32      0               0.1    -0.1        1
DAYS MIN <= 32      3               5.2    -2.2       11
DAYS MIN <= 0       0               0.0     0.0        0

PRECIPITATION (INCHES)

TOTALS           6.47              4.63    1.84     3.45
DAILY AVG.       0.21              0.15    0.06     0.11
DAYS >= .01         5               8.9    -3.9       10
DAYS >= .10         4               6.6    -2.6        7
DAYS >= .50         3               3.2    -0.2        2
DAYS >= 1.00        2               1.4     0.6        1
GREATEST
 24 HR. TOTAL    2.99   01/22 TO 01/23

SNOWFALL (INCHES)

TOTALS            0.0               0.0     0.0      1.0
SINCE 7/1         0.0               0.0     0.0      1.0
SNOWDEPTH AVG.      0                                  1
DAYS >= 1.0         0               0.0     0.0        1
GREATEST
 SNOW DEPTH         0                                  1  01/28
 24 HR TOTAL      0.0   01/31 TO 01/31

DEGREE_DAYS
HEATING TOTAL     425               429      -4      581
 SINCE 7/1       1025              1011      14     1076
COOLING TOTAL       3                 6      -3        0
 SINCE 1/1          3                 6      -3        0
.................................................................

WIND (MPH)
AVERAGE WIND SPEED              8.2
HIGHEST WIND SPEED/DIRECTION    28/350    DATE  01/07
HIGHEST GUST SPEED/DIRECTION    37/340    DATE  01/07

SKY COVER
POSSIBLE SUNSHINE (PERCENT)   MM
AVERAGE SKY COVER           0.30
NUMBER OF DAYS FAIR           20
NUMBER OF DAYS PC              5
NUMBER OF DAYS CLOUDY          6

AVERAGE RH (PERCENT)     67

WEATHER CONDITIONS. NUMBER OF DAYS WITH
THUNDERSTORM              1     MIXED PRECIP               0
HEAVY RAIN                3     RAIN                       4
LIGHT RAIN                7     FREEZING RAIN              0
LT FREEZING RAIN          0     HAIL                       0
HEAVY SNOW                0     SNOW                       0
LIGHT SNOW                0     SLEET                      0
FOG                      15     FOG W/VIS <= 1/4 MILE      2
HAZE                      3

-  INDICATES NEGATIVE NUMBERS.
R  INDICATES RECORD WAS SET OR TIED.
MM INDICATES DATA IS MISSING.
T  INDICATES TRACE AMOUNT.

$$





U.S. Dept. of Commerce
NOAA National Weather Service
1325 East West Highway
Silver Spring, MD 20910
E-mail: w-nws.webmaster@noaa.gov
Page last modified: May 16, 2007
NATIONAL WEATHER SERVICE: for Safety, for Work, for Fun - FOR LIFE