904
CXUS54 KMOB 010731
CLMPNS


CLIMATE REPORT
NATIONAL WEATHER SERVICE MOBILE AL
219 AM CDT TUE APR 1 2014

...................................

...THE PENSACOLA CLIMATE SUMMARY FOR THE MONTH OF MARCH 2014...

CLIMATE NORMAL PERIOD 1981 TO 2010
CLIMATE RECORD PERIOD 1879 TO 2014

WEATHER         OBSERVED          NORMAL  DEPART  LAST YEAR`S
                 VALUE   DATE(S)  VALUE   FROM    VALUE  DATE(S)
                                          NORMAL
................................................................
TEMPERATURE (F)
RECORD
 HIGH              88   03/30/1946
 LOW               22   03/02/1980
HIGHEST            78   03/23                         82  03/24
                        03/20
LOWEST             36   03/04                         33  03/03
                        03/03
AVG. MAXIMUM     68.0              69.6    -1.6     67.9
AVG. MINIMUM     48.8              51.2    -2.4     46.0
MEAN             58.4              60.4    -2.0     57.0
DAYS MAX >= 90      0               0.0     0.0        0
DAYS MAX <= 32      0               0.0     0.0        0
DAYS MIN <= 32      0               0.6    -0.6        0
DAYS MIN <= 0       0               0.0     0.0        0

PRECIPITATION (INCHES)
RECORD
 MAXIMUM        12.93   2005
 MINIMUM         0.24   2006
TOTALS           9.78              5.81    3.97     1.55
DAILY AVG.       0.32              0.19    0.13     0.05
DAYS >= .01        11               8.1     2.9        2
DAYS >= .10         6               6.2    -0.2        2
DAYS >= .50         4               3.5     0.5        2
DAYS >= 1.00        4               1.8     2.2        1
GREATEST
 24 HR. TOTAL    4.01   03/28 TO 03/28

SNOWFALL (INCHES)
RECORDS
 TOTAL            0.0
 SNOW DEPTH         0
TOTALS            0.0               0.0     0.0      0.0
SINCE 7/1         1.0               0.0     1.0      0.0
SNOWDEPTH AVG.      0                                  0
DAYS >= 1.0         0               0.0     0.0        0
GREATEST
 SNOW DEPTH         0                                  0


DEGREE_DAYS
HEATING TOTAL     205               176      29      257
 SINCE 7/1       1542              1484      58     1138
COOLING TOTAL       6                33     -27       15
 SINCE 1/1         21                47     -26       55
.................................................................

WIND (MPH)
AVERAGE WIND SPEED              8.1
HIGHEST WIND SPEED/DIRECTION    30/330    DATE  03/25
HIGHEST GUST SPEED/DIRECTION    40/360    DATE  03/28

SKY COVER
POSSIBLE SUNSHINE (PERCENT)   MM
AVERAGE SKY COVER           0.40
NUMBER OF DAYS FAIR           14
NUMBER OF DAYS PC             10
NUMBER OF DAYS CLOUDY          7

AVERAGE RH (PERCENT)     70

WEATHER CONDITIONS. NUMBER OF DAYS WITH
THUNDERSTORM              6     MIXED PRECIP               0
HEAVY RAIN                5     RAIN                       7
LIGHT RAIN               13     FREEZING RAIN              0
LT FREEZING RAIN          0     HAIL                       0
HEAVY SNOW                0     SNOW                       0
LIGHT SNOW                0     SLEET                      0
FOG                      23     FOG W/VIS <= 1/4 MILE      4
HAZE                      6

-  INDICATES NEGATIVE NUMBERS.
R  INDICATES RECORD WAS SET OR TIED.
MM INDICATES DATA IS MISSING.
T  INDICATES TRACE AMOUNT.

$$






U.S. Dept. of Commerce
NOAA National Weather Service
1325 East West Highway
Silver Spring, MD 20910
E-mail: w-nws.webmaster@noaa.gov
Page last modified: May 16, 2007
NATIONAL WEATHER SERVICE: for Safety, for Work, for Fun - FOR LIFE