897
CXUS51 KRLX 012309
CLMPKB


CLIMATE REPORT
NATIONAL WEATHER SERVICE CHARLESTON WV
703 PM EDT MON SEP 1 2014

...................................

...THE PARKERSBURG CLIMATE SUMMARY FOR THE MONTH OF AUGUST 2014...

CLIMATE NORMAL PERIOD 1981 TO 2010
CLIMATE RECORD PERIOD 1889 TO 2014

WEATHER         OBSERVED          NORMAL  DEPART  LAST YEAR`S
                 VALUE   DATE(S)  VALUE   FROM    VALUE  DATE(S)
                                          NORMAL
................................................................
TEMPERATURE (F)
RECORD
 HIGH             106   08/06/1918
 LOW               40   08/29/1986
HIGHEST            92   08/30        MM      MM       87  08/29
                                                          08/07
LOWEST             50   08/15        MM      MM       50  08/15
AVG. MAXIMUM     83.0              84.1    -1.1     81.6
AVG. MINIMUM     61.7              62.6    -0.9     61.6
MEAN             72.4              73.3    -0.9     71.6
DAYS MAX >= 90      1               5.0    -4.0        0
DAYS MAX <= 32      0               0.0     0.0        0
DAYS MIN <= 32      0               0.0     0.0        0
DAYS MIN <= 0       0               0.0     0.0        0

PRECIPITATION (INCHES)
RECORD
 MAXIMUM        10.42   1935
 MINIMUM         0.49   2002
TOTALS           3.95              3.61    0.34     6.32
DAILY AVG.       0.13              0.12    0.01     0.20
DAYS >= .01         9               9.3    -0.3       14
DAYS >= .10         5               6.2    -1.2        8
DAYS >= .50         3               2.1     0.9
DAYS >= 1.00        1               1.1    -0.1        3
GREATEST
 24 HR. TOTAL    1.50   08/12 TO 08/12           08/12 TO 08/13
                                                          08/13 TO 08/13
                                                          08/13 TO 08/13
 STORM TOTAL       MM                                 MM
 (MM/DD(HH))            MM                    08/13(00) TO 08/13(00)
                                                 08/13(00) TO 08/13(00)3
                                                 08/13(00) TO 08/13(00)3

SNOWFALL (INCHES)
TOTALS             MM

DEGREE_DAYS
HEATING TOTAL       1                 4      -3        5
 SINCE 7/1          2                 5      -3        5
COOLING TOTAL     238               263     -25      218
 SINCE 1/1        490               830    -340      824
....................................................

WIND (MPH)
AVERAGE WIND SPEED              3.7
HIGHEST WIND SPEED/DIRECTION    24/300    DATE  08/06
HIGHEST GUST SPEED/DIRECTION    35/300    DATE  08/06

SKY COVER
POSSIBLE SUNSHINE (PERCENT)   MM
AVERAGE SKY COVER           0.40
NUMBER OF DAYS FAIR           15
NUMBER OF DAYS PC             12
NUMBER OF DAYS CLOUDY          3

AVERAGE RH (PERCENT)     75

WEATHER CONDITIONS. NUMBER OF DAYS WITH
THUNDERSTORM              0     MIXED PRECIP               0
HEAVY RAIN                4     RAIN                       6
LIGHT RAIN               14     FREEZING RAIN              0
LT FREEZING RAIN          0     HAIL                       0
HEAVY SNOW                0     SNOW                       0
LIGHT SNOW                0     SLEET                      0
FOG                      26     FOG W/VIS <= 1/4 MILE     12
HAZE                      1

-  INDICATES NEGATIVE NUMBERS.
R  INDICATES RECORD WAS SET OR TIED.
MM INDICATES DATA IS MISSING.
T  INDICATES TRACE AMOUNT.

$$




U.S. Dept. of Commerce
NOAA National Weather Service
1325 East West Highway
Silver Spring, MD 20910
E-mail: w-nws.webmaster@noaa.gov
Page last modified: May 16, 2007
NATIONAL WEATHER SERVICE: for Safety, for Work, for Fun - FOR LIFE