953
CXUS51 KRLX 022211
CLMPKB


CLIMATE REPORT
NATIONAL WEATHER SERVICE CHARLESTON WV
510 PM EST TUE DEC 2 2014

...................................

...THE PARKERSBURG CLIMATE SUMMARY FOR THE MONTH OF NOVEMBER 2014...

CLIMATE NORMAL PERIOD 1981 TO 2010
CLIMATE RECORD PERIOD 1889 TO 2014

WEATHER         OBSERVED          NORMAL  DEPART  LAST YEAR`S
                 VALUE   DATE(S)  VALUE   FROM    VALUE  DATE(S)
                                          NORMAL
................................................................
TEMPERATURE (F)
RECORD
 HIGH              86   MM
 LOW               13   11/19/2014
HIGHEST            71   11/11        MM      MM       73  11/06
LOWEST             13R  11/19        37     -24       14  11/25
AVG. MAXIMUM     49.7              55.1    -5.4     50.9
AVG. MINIMUM     30.7              35.6    -4.9     31.1
MEAN             40.2              45.4    -5.2     41.0
DAYS MAX >= 90      0               0.0     0.0        0
DAYS MAX <= 32      2               0.4     1.6        3
DAYS MIN <= 32     19              12.2     6.8       20
DAYS MIN <= 0       0               0.0     0.0        0

PRECIPITATION (INCHES)
RECORD
 MAXIMUM         7.89   1985
 MINIMUM         0.11   1904
TOTALS           1.54              3.36   -1.82     3.88
DAILY AVG.       0.05              0.11   -0.06     0.13
DAYS >= .01        10              11.7    -1.7       10
DAYS >= .10         7               7.3    -0.3        6
DAYS >= .50         1               2.3    -1.3
DAYS >= 1.00        0               0.5    -0.5        0
GREATEST
 24 HR. TOTAL    0.69   11/16 TO 11/17           11/26 TO 11/27
                                                          11/27 TO 11/27
                                                          11/27 TO 11/27
 STORM TOTAL       MM                                 MM
 (MM/DD(HH))            MM                    11/27(00) TO 11/27(00)
                                                 11/27(00) TO 11/27(00)7
                                                 11/27(00) TO 11/27(00)7

SNOWFALL (INCHES)
TOTALS             MM

DEGREE_DAYS
HEATING TOTAL     734               591     143      709
 SINCE 7/1       1111               985     126     1102
COOLING TOTAL       0                 2      -2        0
 SINCE 1/1        597               955    -358      955
........................................................

WIND (MPH)
AVERAGE WIND SPEED              7.0
HIGHEST WIND SPEED/DIRECTION    30/210    DATE  11/24
HIGHEST GUST SPEED/DIRECTION    46/190    DATE  11/24

SKY COVER
POSSIBLE SUNSHINE (PERCENT)   MM
AVERAGE SKY COVER           0.60
NUMBER OF DAYS FAIR            7
NUMBER OF DAYS PC             12
NUMBER OF DAYS CLOUDY         11

AVERAGE RH (PERCENT)     62

WEATHER CONDITIONS. NUMBER OF DAYS WITH
THUNDERSTORM              0     MIXED PRECIP               0
HEAVY RAIN                0     RAIN                       3
LIGHT RAIN               13     FREEZING RAIN              0
LT FREEZING RAIN          0     HAIL                       0
HEAVY SNOW                0     SNOW                       3
LIGHT SNOW                6     SLEET                      0
FOG                      13     FOG W/VIS <= 1/4 MILE      3
HAZE                      8

-  INDICATES NEGATIVE NUMBERS.
R  INDICATES RECORD WAS SET OR TIED.
MM INDICATES DATA IS MISSING.
T  INDICATES TRACE AMOUNT.

$$




U.S. Dept. of Commerce
NOAA National Weather Service
1325 East West Highway
Silver Spring, MD 20910
E-mail: w-nws.webmaster@noaa.gov
Page last modified: May 16, 2007
NATIONAL WEATHER SERVICE: for Safety, for Work, for Fun - FOR LIFE