608
CXUS51 KRLX 041908
CLMPKB


CLIMATE REPORT
NATIONAL WEATHER SERVICE CHARLESTON WV
202 PM EST SUN JAN 4 2015

...................................

...THE PARKERSBURG CLIMATE SUMMARY FOR THE MONTH OF DECEMBER 2014...

CLIMATE NORMAL PERIOD 1981 TO 2010
CLIMATE RECORD PERIOD 1889 TO 2015

WEATHER         OBSERVED          NORMAL  DEPART  LAST YEAR`S
                 VALUE   DATE(S)  VALUE   FROM    VALUE  DATE(S)
                                          NORMAL
................................................................
TEMPERATURE (F)
RECORD
 HIGH              73   12/07/2004
 LOW               -2   12/20/2004
HIGHEST            63   12/24        MM      MM       70  12/22
                        12/01
LOWEST             18   12/31        MM      MM       14  12/25
                                                          12/24
AVG. MAXIMUM     45.5              43.3     2.2     44.5
AVG. MINIMUM     31.1              27.0     4.1     30.1
MEAN             38.3              35.2     3.1     37.3
DAYS MAX >= 90      0               0.0     0.0        0
DAYS MAX <= 32      3               5.3    -2.3        6
DAYS MIN <= 32     19              21.4    -2.4       21
DAYS MIN <= 0       0               0.4    -0.4        0

PRECIPITATION (INCHES)
RECORD
 MAXIMUM         8.10   1990
 MINIMUM         0.43   1965
TOTALS           3.40              3.10    0.30     4.47
DAILY AVG.       0.11              0.10    0.01     0.14
DAYS >= .01        12              13.8    -1.8       12
DAYS >= .10         8               7.3     0.7        8
DAYS >= .50         2               2.1    -0.1
DAYS >= 1.00        0               0.5    -0.5        1
GREATEST
 24 HR. TOTAL    1.48   12/05 TO 12/06           12/05 TO 12/05
                                                          12/05 TO 12/05
                                                          12/05 TO 12/05
 STORM TOTAL       MM                                 MM
 (MM/DD(HH))            MM                    12/05(00) TO 12/05(00)
                                                 12/05(00) TO 12/05(00)5
                                                 12/05(00) TO 12/05(00)5

SNOWFALL (INCHES)
TOTALS             MM

DEGREE_DAYS
HEATING TOTAL     818               925    -107      848
 SINCE 7/1       1929              1910      19     1950
COOLING TOTAL       0                 0       0        0
 SINCE 1/1        597               955    -358      955
......................................................

WIND (MPH)
AVERAGE WIND SPEED              5.4
HIGHEST WIND SPEED/DIRECTION    29/270    DATE  12/24
HIGHEST GUST SPEED/DIRECTION    46/280    DATE  12/24

SKY COVER
POSSIBLE SUNSHINE (PERCENT)   MM
AVERAGE SKY COVER           0.60
NUMBER OF DAYS FAIR            6
NUMBER OF DAYS PC              9
NUMBER OF DAYS CLOUDY         16

AVERAGE RH (PERCENT)     72

WEATHER CONDITIONS. NUMBER OF DAYS WITH
THUNDERSTORM              0     MIXED PRECIP               0
HEAVY RAIN                0     RAIN                       6
LIGHT RAIN               15     FREEZING RAIN              0
LT FREEZING RAIN          0     HAIL                       0
HEAVY SNOW                0     SNOW                       0
LIGHT SNOW                2     SLEET                      0
FOG                      19     FOG W/VIS <= 1/4 MILE      2
HAZE                     10

-  INDICATES NEGATIVE NUMBERS.
R  INDICATES RECORD WAS SET OR TIED.
MM INDICATES DATA IS MISSING.
T  INDICATES TRACE AMOUNT.

$$




U.S. Dept. of Commerce
NOAA National Weather Service
1325 East West Highway
Silver Spring, MD 20910
E-mail: w-nws.webmaster@noaa.gov
Page last modified: May 16, 2007
NATIONAL WEATHER SERVICE: for Safety, for Work, for Fun - FOR LIFE