469
CXUS51 KRLX 041347
CLMPKB


CLIMATE REPORT
NATIONAL WEATHER SERVICE CHARLESTON WV
945 AM EDT SAT OCT 4 2014

...................................

...THE PARKERSBURG CLIMATE SUMMARY FOR THE MONTH OF SEPTEMBER 2014...

CLIMATE NORMAL PERIOD 1981 TO 2010
CLIMATE RECORD PERIOD 1889 TO 2014

WEATHER         OBSERVED          NORMAL  DEPART  LAST YEAR`S
                 VALUE   DATE(S)  VALUE   FROM    VALUE  DATE(S)
                                          NORMAL
................................................................
TEMPERATURE (F)
RECORD
 HIGH             102   09/03/1953
 LOW               32   09/23/1995
                        09/21/1956
                        09/29/1942
HIGHEST            89   09/04        MM      MM       90  09/10
LOWEST             40   09/23        MM      MM       39  09/24
AVG. MAXIMUM     78.0              77.4     0.6     76.4
AVG. MINIMUM     53.6              55.0    -1.4     54.5
MEAN             65.8              66.2    -0.4     65.5
DAYS MAX >= 90      0               1.4    -1.4        1
DAYS MAX <= 32      0               0.0     0.0        0
DAYS MIN <= 32      0               0.0     0.0        0
DAYS MIN <= 0       0               0.0     0.0        0

PRECIPITATION (INCHES)
RECORD
 MAXIMUM         8.41   1890
 MINIMUM         0.46   1897
TOTALS           0.85              3.08   -2.23     1.36
DAILY AVG.       0.03              0.10   -0.07     0.05
DAYS >= .01         6               8.9    -2.9        6
DAYS >= .10         4               5.3    -1.3        3
DAYS >= .50         0               2.0    -2.0
DAYS >= 1.00        0               0.7    -0.7        0
GREATEST
 24 HR. TOTAL    0.90   08/31 TO 09/01           09/21 TO 09/22
                                                          09/22 TO 09/22
                                                          09/22 TO 09/22
 STORM TOTAL       MM                                 MM
 (MM/DD(HH))            MM                    09/22(00) TO 09/22(00)
                                                 09/22(00) TO 09/22(00)2
                                                 09/22(00) TO 09/22(00)2

SNOWFALL (INCHES)
TOTALS             MM

DEGREE_DAYS
HEATING TOTAL      70                71      -1       78
 SINCE 7/1         72                76      -4       83
COOLING TOTAL      99               106      -7      100
 SINCE 1/1        589               936    -347      924
...................................................

WIND (MPH)
AVERAGE WIND SPEED              3.9
HIGHEST WIND SPEED/DIRECTION    24/290    DATE  09/21
HIGHEST GUST SPEED/DIRECTION    33/280    DATE  09/21

SKY COVER
POSSIBLE SUNSHINE (PERCENT)   MM
AVERAGE SKY COVER           0.40
NUMBER OF DAYS FAIR           15
NUMBER OF DAYS PC             10
NUMBER OF DAYS CLOUDY          3

AVERAGE RH (PERCENT)     73

WEATHER CONDITIONS. NUMBER OF DAYS WITH
THUNDERSTORM              0     MIXED PRECIP               0
HEAVY RAIN                0     RAIN                       1
LIGHT RAIN                7     FREEZING RAIN              0
LT FREEZING RAIN          0     HAIL                       0
HEAVY SNOW                0     SNOW                       0
LIGHT SNOW                0     SLEET                      0
FOG                      17     FOG W/VIS <= 1/4 MILE     10
HAZE                      2

-  INDICATES NEGATIVE NUMBERS.
R  INDICATES RECORD WAS SET OR TIED.
MM INDICATES DATA IS MISSING.
T  INDICATES TRACE AMOUNT.

$$




U.S. Dept. of Commerce
NOAA National Weather Service
1325 East West Highway
Silver Spring, MD 20910
E-mail: w-nws.webmaster@noaa.gov
Page last modified: May 16, 2007
NATIONAL WEATHER SERVICE: for Safety, for Work, for Fun - FOR LIFE