259
CXUS51 KRLX 041842
CLMPKB


CLIMATE REPORT
NATIONAL WEATHER SERVICE CHARLESTON WV
241 PM EDT MON AUG 4 2014

...................................

...THE PARKERSBURG CLIMATE SUMMARY FOR THE MONTH OF JULY 2014...

CLIMATE NORMAL PERIOD 1981 TO 2010
CLIMATE RECORD PERIOD 1889 TO 2014

WEATHER         OBSERVED          NORMAL  DEPART  LAST YEAR`S
                 VALUE   DATE(S)  VALUE   FROM    VALUE  DATE(S)
                                          NORMAL
................................................................
TEMPERATURE (F)
RECORD
 HIGH             104   MM
 LOW               49   07/01/2010
HIGHEST            MM                MM      MM       93  07/18
                                                          07/17
LOWEST             MM                MM      MM       52  07/29
AVG. MAXIMUM       MM              84.9      MM     83.7
AVG. MINIMUM       MM              63.9      MM     64.7
MEAN               MM              74.4      MM     74.2
DAYS MAX >= 90      0               5.4    -5.4        5
DAYS MAX <= 32      0               0.0     0.0        0
DAYS MIN <= 32      0               0.0     0.0        0
DAYS MIN <= 0       0               0.0     0.0        0

PRECIPITATION (INCHES)
RECORD
 MAXIMUM        11.46   1896
 MINIMUM         0.01   2013
TOTALS             MM              4.21      MM     7.51
DAILY AVG.         MM              0.14      MM     0.24
DAYS >= .01        MM              11.5      MM       18
DAYS >= .10        MM               8.0      MM       13
DAYS >= .50        MM               2.9      MM
DAYS >= 1.00       MM               1.4      MM        2
GREATEST
 24 HR. TOTAL    1.15   07/13 TO 07/14           07/01 TO 07/02
                                                          07/02 TO 07/02
                                                          07/02 TO 07/02
 STORM TOTAL       MM                                 MM
 (MM/DD(HH))            MM                    07/02(00) TO 07/02(00)
                                                 07/02(00) TO 07/02(00)2
                                                 07/02(00) TO 07/02(00)2

SNOWFALL (INCHES)
TOTALS             MM

DEGREE_DAYS
HEATING TOTAL       1                 1       0        0
 SINCE 7/1          1                 1       0        0
COOLING TOTAL      90               292    -202      294
 SINCE 1/1        252               567    -315      606
...................................................

WIND (MPH)
AVERAGE WIND SPEED              3.7
HIGHEST WIND SPEED/DIRECTION    26/300    DATE  07/13
HIGHEST GUST SPEED/DIRECTION    54/270    DATE  07/13

SKY COVER
POSSIBLE SUNSHINE (PERCENT)   MM
AVERAGE SKY COVER           0.40
NUMBER OF DAYS FAIR            6
NUMBER OF DAYS PC              8
NUMBER OF DAYS CLOUDY          2

AVERAGE RH (PERCENT)      0

WEATHER CONDITIONS. NUMBER OF DAYS WITH
THUNDERSTORM              0     MIXED PRECIP               0
HEAVY RAIN                4     RAIN                       6
LIGHT RAIN               14     FREEZING RAIN              0
LT FREEZING RAIN          0     HAIL                       0
HEAVY SNOW                0     SNOW                       0
LIGHT SNOW                0     SLEET                      0
FOG                      19     FOG W/VIS <= 1/4 MILE      7
HAZE                      2

-  INDICATES NEGATIVE NUMBERS.
R  INDICATES RECORD WAS SET OR TIED.
MM INDICATES DATA IS MISSING.
T  INDICATES TRACE AMOUNT.

$$




U.S. Dept. of Commerce
NOAA National Weather Service
1325 East West Highway
Silver Spring, MD 20910
E-mail: w-nws.webmaster@noaa.gov
Page last modified: May 16, 2007
NATIONAL WEATHER SERVICE: for Safety, for Work, for Fun - FOR LIFE