271
CXUS51 KPBZ 011309
CLMPIT


CLIMATE REPORT
NATIONAL WEATHER SERVICE PITTSBURGH PA
909 AM EDT TUE APR 1 2014

...................................

...THE PITTSBURGH CLIMATE SUMMARY FOR THE MONTH OF MARCH 2014...

CLIMATE NORMAL PERIOD 1981 TO 2010
CLIMATE RECORD PERIOD 1871 TO 2014

WEATHER         OBSERVED          NORMAL  DEPART  LAST YEAR`S
                 VALUE   DATE(S)  VALUE   FROM    VALUE  DATE(S)
                                          NORMAL
................................................................
TEMPERATURE (F)
RECORD
 HIGH              84   03/25/1929
 LOW                    03/02/1980
                        03/09/1960
                        03/04/1943
HIGHEST            67                        MM       71  03/10
LOWEST              5                        MM       17  03/21
AVG. MAXIMUM     45.4              49.2    -3.8     42.7
AVG. MINIMUM     23.5              30.0    -6.5     29.1
MEAN             34.5              39.6    -5.1     35.9
DAYS MAX >= 90      0               0.0     0.0        0
DAYS MAX <= 32      5               2.6     2.4        3
DAYS MIN <= 32     25              18.4     6.6       24
DAYS MIN <= 0       0               0.0     0.0        0

PRECIPITATION (INCHES)
RECORD
 MAXIMUM         6.10   1967
 MINIMUM         0.37   1910
TOTALS           1.87              2.95   -1.08
DAILY AVG.       0.06              0.10   -0.04     0.07
DAYS >= .01         9              14.0    -5.0       16
DAYS >= .10         4               7.6    -3.6        4
DAYS >= .50         2               1.6     0.4        1
DAYS >= 1.00        0               0.3    -0.3        0
GREATEST
 24 HR. TOTAL    0.65   03/29 TO 03/29           03/25 TO 03/25
                                                          03/06 TO 03/06
                                                          03/06 TO 03/06

SNOWFALL (INCHES)
RECORDS
 TOTAL           34.1   1993
 24 HR TOTAL     23.6   MM
TOTALS            4.9               7.4    -2.5     15.2
SINCE 7/1        63.3              39.9    23.4     57.4
SNOWDEPTH AVG.      0                MM      MM        0
DAYS >= TRACE      12
DAYS >= 1.0         1               2.3    -1.3        4
GREATEST
 24 HR TOTAL      2.4   MM                           5.0

DEGREE_DAYS
HEATING TOTAL     940               788     152      894
 SINCE 7/1       5471              5045     426     5006
COOLING TOTAL       0                 1      -1        0
 SINCE 1/1          0                 1      -1        0
.......................................................

WIND (MPH)
AVERAGE WIND SPEED              9.7
HIGHEST WIND SPEED/DIRECTION    39/340    DATE  03/12
HIGHEST GUST SPEED/DIRECTION    49/340    DATE  03/12

AVERAGE RH (PERCENT)     56

WEATHER CONDITIONS. NUMBER OF DAYS WITH
THUNDERSTORM              0     MIXED PRECIP               2
HEAVY RAIN                1     RAIN                       3
LIGHT RAIN                7     FREEZING RAIN              0
LT FREEZING RAIN          1     HAIL                       0
HEAVY SNOW                0     SNOW                       4
LIGHT SNOW               13     SLEET                      0
FOG                      11     FOG W/VIS <= 1/4 MILE      0
HAZE                     10

-  INDICATES NEGATIVE NUMBERS.
R  INDICATES RECORD WAS SET OR TIED.
MM INDICATES DATA IS MISSING.
T  INDICATES TRACE AMOUNT.

$$




U.S. Dept. of Commerce
NOAA National Weather Service
1325 East West Highway
Silver Spring, MD 20910
E-mail: w-nws.webmaster@noaa.gov
Page last modified: May 16, 2007
NATIONAL WEATHER SERVICE: for Safety, for Work, for Fun - FOR LIFE