498
CXUS51 KPBZ 011405
CLMPIT


CLIMATE REPORT
NATIONAL WEATHER SERVICE PITTSBURGH PA
905 AM EST MON DEC 1 2014

...................................

...THE PITTSBURGH CLIMATE SUMMARY FOR THE MONTH OF NOVEMBER 2014...

CLIMATE NORMAL PERIOD 1981 TO 2010
CLIMATE RECORD PERIOD 1871 TO 2014

WEATHER         OBSERVED          NORMAL  DEPART  LAST YEAR`S
                 VALUE   DATE(S)  VALUE   FROM    VALUE  DATE(S)
                                          NORMAL
................................................................
TEMPERATURE (F)
RECORD
 HIGH              82   11/03/1961
 LOW                    11/30/1958
HIGHEST            70                        MM       71  11/06
LOWEST             14                        MM       15  11/25
                                                          11/24
AVG. MAXIMUM     46.9              51.2    -4.3     47.6
AVG. MINIMUM     30.7              34.7    -4.0     31.1
MEAN             38.8              42.9    -4.1     39.4
DAYS MAX >= 90      0               0.0     0.0        0
DAYS MAX <= 32      3               1.0     2.0        2
DAYS MIN <= 32     18              12.3     5.7       18
DAYS MIN <= 0       0               0.0     0.0        0

PRECIPITATION (INCHES)
RECORD
 MAXIMUM        11.05   1985
 MINIMUM         0.22   1904
TOTALS           1.97              3.23   -1.26
DAILY AVG.       0.07              0.11   -0.04     0.10
DAYS >= .01        14              12.8     1.2       13
DAYS >= .10         5               7.1    -2.1        7
DAYS >= .50         1               2.1    -1.1        3
DAYS >= 1.00        0               0.5    -0.5        0
GREATEST
 24 HR. TOTAL    0.75   11/06 TO 11/06           11/26 TO 11/26
                                                          11/26 TO 11/26
                                                          11/26 TO 11/26

SNOWFALL (INCHES)
RECORDS
 TOTAL           32.3   1950
 24 HR TOTAL     14.0   MM
TOTALS            3.1               2.0     1.1      9.3
SINCE 7/1         3.1               2.4     0.7      9.4
SNOWDEPTH AVG.      0                MM      MM        0
DAYS >= TRACE      10
DAYS >= 1.0         1               0.6     0.4        3
GREATEST
 24 HR TOTAL      1.9   MM                           3.3

DEGREE_DAYS
HEATING TOTAL     778               662     116      762
 SINCE 7/1       1238              1163      75     1168
COOLING TOTAL       0                 0       0        0
 SINCE 1/1        700               736     -36      831
.......................................................

WIND (MPH)
AVERAGE WIND SPEED              8.9
HIGHEST WIND SPEED/DIRECTION    30/230    DATE  11/24
HIGHEST GUST SPEED/DIRECTION    49/240    DATE  11/24

AVERAGE RH (PERCENT)     66

WEATHER CONDITIONS. NUMBER OF DAYS WITH
THUNDERSTORM              0     MIXED PRECIP               0
HEAVY RAIN                1     RAIN                       3
LIGHT RAIN               13     FREEZING RAIN              0
LT FREEZING RAIN          1     HAIL                       0
HEAVY SNOW                0     SNOW                       1
LIGHT SNOW               13     SLEET                      0
FOG                      17     FOG W/VIS <= 1/4 MILE      1
HAZE                      8

-  INDICATES NEGATIVE NUMBERS.
R  INDICATES RECORD WAS SET OR TIED.
MM INDICATES DATA IS MISSING.
T  INDICATES TRACE AMOUNT.

$$




U.S. Dept. of Commerce
NOAA National Weather Service
1325 East West Highway
Silver Spring, MD 20910
E-mail: w-nws.webmaster@noaa.gov
Page last modified: May 16, 2007
NATIONAL WEATHER SERVICE: for Safety, for Work, for Fun - FOR LIFE