345
CXUS51 KPBZ 011313
CLMPIT


CLIMATE REPORT
NATIONAL WEATHER SERVICE PITTSBURGH PA
907 AM EDT FRI AUG 1 2014

...................................

...THE PITTSBURGH CLIMATE SUMMARY FOR THE MONTH OF JULY 2014...

CLIMATE NORMAL PERIOD 1981 TO 2010
CLIMATE RECORD PERIOD 1871 TO 2014

WEATHER         OBSERVED          NORMAL  DEPART  LAST YEAR`S
                 VALUE   DATE(S)  VALUE   FROM    VALUE  DATE(S)
                                          NORMAL
................................................................
TEMPERATURE (F)
RECORD
 HIGH             103   07/16/1988
                        07/10/1881
 LOW               42   07/09/1963
HIGHEST            88                        MM       91  07/19
                                                          07/18
LOWEST             50                        MM       53  07/30
AVG. MAXIMUM     79.7              82.5    -2.8     82.0
AVG. MINIMUM     61.2              62.8    -1.6     64.7
MEAN             70.5              72.6    -2.1     73.4
DAYS MAX >= 90      0               3.0    -3.0        5
DAYS MAX <= 32      0               0.0     0.0        0
DAYS MIN <= 32      0               0.0     0.0        0
DAYS MIN <= 0       0               0.0     0.0        0

PRECIPITATION (INCHES)
RECORD
 MAXIMUM         9.51   1887
 MINIMUM         1.16   1894
TOTALS           5.19              3.83    1.36
DAILY AVG.       0.17              0.12    0.05     0.20
DAYS >= .01        13              10.2     2.8       14
DAYS >= .10        10               6.8     3.2        8
DAYS >= .50         4               2.6     1.4        5
DAYS >= 1.00        2               0.9     1.1        2
GREATEST
 24 HR. TOTAL    1.33   07/26 TO 07/27           07/09 TO 07/10
                                                          07/31 TO 07/31
                                                          07/31 TO 07/31

SNOWFALL (INCHES)
RECORDS
 TOTAL            0.0   MM
 24 HR TOTAL      0.0   07/31/2002 TO 07/31/2002
                        07/01/2001 TO 07/01/2001
TOTALS            0.0               0.0     0.0      0.0
SINCE 7/1         0.0               0.0     0.0      0.0
SNOWDEPTH AVG.      0                MM      MM        0
DAYS >= TRACE       0
DAYS >= 1.0         0               0.0     0.0        0
GREATEST
 24 HR TOTAL      0.0   07/30 TO 07/30               0.0

DEGREE_DAYS
HEATING TOTAL      11                 4       7        1
 SINCE 7/1         11                 4       7        1
COOLING TOTAL     188               241     -53      267
 SINCE 1/1        447               443       4      525
..................................................

WIND (MPH)
AVERAGE WIND SPEED              6.5
HIGHEST WIND SPEED/DIRECTION    29/320    DATE  07/28
HIGHEST GUST SPEED/DIRECTION    34/320    DATE  07/28

AVERAGE RH (PERCENT)     68

WEATHER CONDITIONS. NUMBER OF DAYS WITH
THUNDERSTORM              0     MIXED PRECIP               0
HEAVY RAIN                5     RAIN                       3
LIGHT RAIN               13     FREEZING RAIN              0
LT FREEZING RAIN          0     HAIL                       0
HEAVY SNOW                0     SNOW                       0
LIGHT SNOW                0     SLEET                      0
FOG                      18     FOG W/VIS <= 1/4 MILE      0
HAZE                      4

-  INDICATES NEGATIVE NUMBERS.
R  INDICATES RECORD WAS SET OR TIED.
MM INDICATES DATA IS MISSING.
T  INDICATES TRACE AMOUNT.

$$




U.S. Dept. of Commerce
NOAA National Weather Service
1325 East West Highway
Silver Spring, MD 20910
E-mail: w-nws.webmaster@noaa.gov
Page last modified: May 16, 2007
NATIONAL WEATHER SERVICE: for Safety, for Work, for Fun - FOR LIFE