104
CXUS53 KABR 011623
CLMPIR


CLIMATE REPORT
NATIONAL WEATHER SERVICE ABERDEEN SD
1007 AM CST MON DEC 1 2014

...................................

...THE PIERRE SD CLIMATE SUMMARY FOR THE MONTH OF NOVEMBER 2014...

CLIMATE NORMAL PERIOD 1981 TO 2010
CLIMATE RECORD PERIOD 1892 TO 2014

WEATHER         OBSERVED          NORMAL  DEPART  LAST YEAR`S
                 VALUE   DATE(S)  VALUE   FROM    VALUE  DATE(S)
                                          NORMAL
................................................................
TEMPERATURE (F)
RECORD
 HIGH              87   11/08/1999
 LOW              -18   11/14/1959
HIGHEST            68   11/07        MM      MM       65  11/19
LOWEST             -8   11/14        MM      MM        6  11/22
                                                          11/21
AVG. MAXIMUM     37.2              44.1    -6.9     45.4
AVG. MINIMUM     16.0              23.3    -7.3     21.4
MEAN             26.6              33.7    -7.1     33.4
DAYS MAX >= 90      0               0.0     0.0        0
DAYS MAX <= 32     13               6.2     6.8        5
DAYS MIN <= 32     26              24.5     1.5       27
DAYS MIN <= 0       3               0.7     2.3        0

PRECIPITATION (INCHES)
RECORD
 MAXIMUM         2.68   1922
 MINIMUM            T   1967
                        1945
                        1939
TOTALS           0.82              0.76    0.06     0.24
DAYS >= .01         7               5.9     1.1        2
DAYS >= .10         3               2.3     0.7        1
DAYS >= .50         0               0.3    -0.3        0
DAYS >= 1.00        0               0.0     0.0        0

SNOWFALL (INCHES)
RECORDS
 TOTAL           28.9   1985

 SNOW DEPTH        17   11/30/1985
TOTALS            9.2               5.3     3.9      1.5
SINCE 7/1         9.2               6.3     2.9      2.0
SNOWDEPTH AVG.      2                MM      MM        0
DAYS >= TRACE      13               4.4     8.6        3
DAYS >= 1.0         2               1.9     0.1        1
GREATEST
 SNOW DEPTH         6   11/17                          0  MM
                        11/16
                        11/15

DEGREE_DAYS
HEATING TOTAL    1145               939     206      941
 SINCE 7/1       1722              1620     102     1619
COOLING TOTAL       0                 0       0        0
 SINCE 1/1        622               868    -246      853

FREEZE DATES
RECORD
 EARLIEST     MM
 LATEST       MM
EARLIEST                        MM
LATEST                          MM
.................................................................

WIND (MPH)
AVERAGE WIND SPEED              13.5
RESULTANT WIND SPEED/DIRECTION   6/320
HIGHEST WIND SPEED/DIRECTION    41/320    DATE  11/07
HIGHEST GUST SPEED/DIRECTION    55/310    DATE  11/05

SKY COVER
POSSIBLE SUNSHINE (PERCENT)   MM
AVERAGE SKY COVER           0.50
NUMBER OF DAYS FAIR           10
NUMBER OF DAYS PC             13
NUMBER OF DAYS CLOUDY          7

AVERAGE RH (PERCENT)     71

WEATHER CONDITIONS. NUMBER OF DAYS WITH
THUNDERSTORM              0     MIXED PRECIP               0
HEAVY RAIN                0     RAIN                       1
LIGHT RAIN                4     FREEZING RAIN              0
LT FREEZING RAIN          1     HAIL                       0
HEAVY SNOW                1     SNOW                       1
LIGHT SNOW               12     SLEET                      0
FOG                      12     FOG W/VIS <= 1/4 MILE      4
HAZE                      6

-  INDICATES NEGATIVE NUMBERS.
R  INDICATES RECORD WAS SET OR TIED.
MM INDICATES DATA IS MISSING.
T  INDICATES TRACE AMOUNT.

$$





U.S. Dept. of Commerce
NOAA National Weather Service
1325 East West Highway
Silver Spring, MD 20910
E-mail: w-nws.webmaster@noaa.gov
Page last modified: May 16, 2007
NATIONAL WEATHER SERVICE: for Safety, for Work, for Fun - FOR LIFE