428
CXUS55 KPIH 032251
CLMPIH

CLIMATE REPORT
NATIONAL WEATHER SERVICE POCATELLO ID
1208 PM MST TUE DEC 2 2014

...................................

...THE POCATELLO CLIMATE SUMMARY FOR THE MONTH OF NOVEMBER 2014...

CLIMATE NORMAL PERIOD 1981 TO 2010
CLIMATE RECORD PERIOD 1939 TO 2014

WEATHER         OBSERVED          NORMAL  DEPART  LAST YEAR`S
                 VALUE   DATE(S)  VALUE   FROM    VALUE  DATE(S)
                                          NORMAL
................................................................
TEMPERATURE (F)
RECORD
 HIGH              75   11/06/1999
 LOW              -14   11/26/1993
HIGHEST            70   11/01        75      -5       66  11/12
LOWEST            -1    11/17       -14      13        6  11/22
                        11/18
AVG. MAXIMUM     44.3              44.5    -0.2     49.6
AVG. MINIMUM     23.5              24.1    -0.6     23.7
MEAN             33.9              34.3    -0.4     36.6
DAYS MAX >= 90      0               0.0     0.0        0
DAYS MAX <= 32      7               3.7     3.3        0
DAYS MIN <= 32     20              24.3    -4.3       25
DAYS MIN <= 0       2               0.6     1.4        0

PRECIPITATION (INCHES)
RECORD
 MAXIMUM         2.84   1983
 MINIMUM         0.01   1976
TOTALS           1.58              1.11    0.47     0.45
DAILY AVG.       0.05              0.04    0.01     0.01
DAYS >= .01        10               9.3     0.7        5
DAYS >= .10         5               3.6     1.4        2
DAYS >= .50         1               0.3     0.7        0
DAYS >= 1.00        0               0.0     0.0        0
GREATEST
 24 HR. TOTAL    0.63   11/13 TO 11/14              0.30

SNOWFALL (INCHES)
RECORDS
 TOTAL           27.5   1985
TOTALS            4.6               5.7    -1.1      1.5
SINCE 7/1         4.6               7.4    -2.8      1.5
SNOWDEPTH AVG.      0                MM      MM        0
DAYS >= 1.0         2               2.0     0.0        1
GREATEST
 SNOW DEPTH         3   11/14                          0  MM
 24 HR TOTAL      2.1   MM                           1.2

DEGREE_DAYS
HEATING TOTAL     925               921       4      844
 SINCE 7/1       1527              1728    -201     1612
COOLING TOTAL       0                 0       0        0
 SINCE 1/1        421               392      29      688
.................................................................

WIND (MPH)
AVERAGE WIND SPEED              11.1
HIGHEST WIND SPEED/DIRECTION    46/250    DATE  11/01
HIGHEST GUST SPEED/DIRECTION    58/200    DATE  11/01

SKY COVER
POSSIBLE SUNSHINE (PERCENT)   MM
AVERAGE SKY COVER           0.40
NUMBER OF DAYS FAIR           14
NUMBER OF DAYS PC             10
NUMBER OF DAYS CLOUDY          6

AVERAGE RH (PERCENT)     68

WEATHER CONDITIONS. NUMBER OF DAYS WITH
THUNDERSTORM              0     MIXED PRECIP               0
HEAVY RAIN                1     RAIN                       2
LIGHT RAIN                7     FREEZING RAIN              0
LT FREEZING RAIN          0     HAIL                       0
HEAVY SNOW                0     SNOW                       1
LIGHT SNOW                8     SLEET                      0
FOG                      15     FOG W/VIS <= 1/4 MILE      1
HAZE                      5

-  INDICATES NEGATIVE NUMBERS.
R  INDICATES RECORD WAS SET OR TIED.
MM INDICATES DATA IS MISSING.
T  INDICATES TRACE AMOUNT.

12TH: LOW TEMP OF 1 BREAKS RECORD OF 12 SET IN 1955.
13TH: LOW TEMP OF 1 BREAKS RECORD OF 6 SET IN 1978.
17TH: LOW TEMP OF -1 BREAKS RECORD OF 0 SET IN 1955.
18TH: LOW TEMP OF -1 BREAKS THE OLD RECORD OF 5 SET IN 1951.
27TH: HIGH TEMP OF 62 TIES OLD RECORD SET IN 1949.
28TH: HIGH TEMP OF 60 REAKS OLD RECORD 57 SET IN 1986

&&

$$









U.S. Dept. of Commerce
NOAA National Weather Service
1325 East West Highway
Silver Spring, MD 20910
E-mail: w-nws.webmaster@noaa.gov
Page last modified: May 16, 2007
NATIONAL WEATHER SERVICE: for Safety, for Work, for Fun - FOR LIFE