077
CXUS55 KPIH 011538
CLMPIH

CLIMATE REPORT
NATIONAL WEATHER SERVICE POCATELLO ID
934 AM MDT TUE JUL 1 2014

...................................

...THE POCATELLO CLIMATE SUMMARY FOR THE MONTH OF JUNE 2014...

CLIMATE NORMAL PERIOD 1981 TO 2010
CLIMATE RECORD PERIOD 1939 TO 2014

WEATHER         OBSERVED          NORMAL  DEPART  LAST YEAR`S
                 VALUE   DATE(S)  VALUE   FROM    VALUE  DATE(S)
                                          NORMAL
................................................................
TEMPERATURE (F)
RECORD
 HIGH             103   06/25/1988
                        06/19/1940
 LOW               28   06/07/1995
HIGHEST            91   06/12       103     -12      101  06/29
LOWEST             35   06/15        28       7       33  06/15
AVG. MAXIMUM     78.5              77.8     0.7     82.8
AVG. MINIMUM     45.2              46.5    -1.3     46.8
MEAN             61.8              62.1    -0.3     64.8
DAYS MAX >= 90      1               2.5    -1.5        7
DAYS MAX <= 32      0               0.0     0.0        0
DAYS MIN <= 32      0               0.2    -0.2        0
DAYS MIN <= 0       0               0.0     0.0        0

PRECIPITATION (INCHES)
RECORD
 MAXIMUM         4.00   2009
 MINIMUM         0.02   1974
TOTALS           0.43              0.99   -0.56     0.60
DAILY AVG.       0.01              0.03   -0.02     0.02
DAYS >= .01         2               6.6    -4.6        5
DAYS >= .10         1               2.6    -1.6        1
DAYS >= .50         0               0.5    -0.5        0
DAYS >= 1.00        0               0.0     0.0        0
GREATEST
 24 HR. TOTAL    0.42   06/16 TO 06/16              0.45

SNOWFALL (INCHES)
RECORDS
 TOTAL            0.4   1995
TOTALS            0.0                 T     0.0      0.0
SINCE 7/1        29.4              43.4   -14.0     37.8
SNOWDEPTH AVG.      0                MM      MM        0
DAYS >= 1.0         0               0.0     0.0        0
GREATEST
 SNOW DEPTH         0   MM                             0  MM
 24 HR TOTAL      0.0   06/30 TO 06/30               0.0

DEGREE_DAYS
HEATING TOTAL     110               131     -21       90
 SINCE 7/1       6650              7178    -528     6917
COOLING TOTAL      20                46     -26       93
 SINCE 1/1         20                51     -31      102
.................................................................

WIND (MPH)
AVERAGE WIND SPEED              11.2
HIGHEST WIND SPEED/DIRECTION    48/220    DATE  06/12
HIGHEST GUST SPEED/DIRECTION    68/210    DATE  06/12

SKY COVER
POSSIBLE SUNSHINE (PERCENT)   MM
AVERAGE SKY COVER           0.20
NUMBER OF DAYS FAIR           23
NUMBER OF DAYS PC              7
NUMBER OF DAYS CLOUDY          0

AVERAGE RH (PERCENT)     46

WEATHER CONDITIONS. NUMBER OF DAYS WITH
THUNDERSTORM              2     MIXED PRECIP               0
HEAVY RAIN                0     RAIN                       1
LIGHT RAIN                5     FREEZING RAIN              0
LT FREEZING RAIN          0     HAIL                       0
HEAVY SNOW                0     SNOW                       0
LIGHT SNOW                0     SLEET                      0
FOG                       1     FOG W/VIS <= 1/4 MILE      0
HAZE                      1

-  INDICATES NEGATIVE NUMBERS.
R  INDICATES RECORD WAS SET OR TIED.
MM INDICATES DATA IS MISSING.
T  INDICATES TRACE AMOUNT.

&&
$$






U.S. Dept. of Commerce
NOAA National Weather Service
1325 East West Highway
Silver Spring, MD 20910
E-mail: w-nws.webmaster@noaa.gov
Page last modified: May 16, 2007
NATIONAL WEATHER SERVICE: for Safety, for Work, for Fun - FOR LIFE