766
CXUS55 KPIH 020222
CLMPIH

CLIMATE REPORT
NATIONAL WEATHER SERVICE POCATELLO ID
818 PM MDT FRI AUG 1 2014

...................................

...THE POCATELLO CLIMATE SUMMARY FOR THE MONTH OF JULY 2014...

CLIMATE NORMAL PERIOD 1981 TO 2010
CLIMATE RECORD PERIOD 1939 TO 2014

WEATHER         OBSERVED          NORMAL  DEPART  LAST YEAR`S
                 VALUE   DATE(S)  VALUE   FROM    VALUE  DATE(S)
                                          NORMAL
................................................................
TEMPERATURE (F)
RECORD
 HIGH             104   07/22/2000
 LOW               34   07/08/1981
HIGHEST            98   07/27       104      -6      101  07/01
                        07/14
                        07/04
LOWEST             39   07/01        34       5       46  07/22
AVG. MAXIMUM     91.7              87.8     3.9     93.6
AVG. MINIMUM     53.6              52.0     1.6     54.9
MEAN             72.6              69.9     2.7     74.2
DAYS MAX >= 90     24              13.3    10.7       27
DAYS MAX <= 32      0               0.0     0.0        0
DAYS MIN <= 32      0               0.0     0.0        0
DAYS MIN <= 0       0               0.0     0.0        0

PRECIPITATION (INCHES)
RECORD
 MAXIMUM         2.28   2009
                        1984
 MINIMUM         0.00   2003
                        1988
                        1963
TOTALS           0.46              0.64   -0.18     0.27
DAILY AVG.       0.01              0.02   -0.01     0.01
DAYS >= .01         6               4.4     1.6        5
DAYS >= .10         3               1.8     1.2        1
DAYS >= .50         0               0.3    -0.3        0
DAYS >= 1.00        0               0.0     0.0        0
GREATEST
 24 HR. TOTAL    0.19   07/14 TO 07/14              0.12

SNOWFALL (INCHES)
RECORDS
 TOTAL            0.0   2010
                        2009
                        2008
TOTALS            0.0               0.0     0.0      0.0
SINCE 7/1         0.0               0.0     0.0      0.0
SNOWDEPTH AVG.      0                MM      MM        0
DAYS >= 1.0         0               0.0     0.0        0
GREATEST
 SNOW DEPTH         0   MM                             0  MM
 24 HR TOTAL      0.0   07/31 TO 07/31               0.0

DEGREE_DAYS
HEATING TOTAL       2                20     -18        0
 SINCE 7/1          2                20     -18        0
COOLING TOTAL     247               172      75      292
 SINCE 1/1        267               223      44      394
.................................................................

WIND (MPH)
AVERAGE WIND SPEED              8.7
HIGHEST WIND SPEED/DIRECTION    38/190    DATE  07/04
HIGHEST GUST SPEED/DIRECTION    49/170    DATE  07/04

SKY COVER
POSSIBLE SUNSHINE (PERCENT)   MM
AVERAGE SKY COVER           0.10
NUMBER OF DAYS FAIR           29
NUMBER OF DAYS PC              2
NUMBER OF DAYS CLOUDY          0

AVERAGE RH (PERCENT)     43

WEATHER CONDITIONS. NUMBER OF DAYS WITH
THUNDERSTORM              7     MIXED PRECIP               0
HEAVY RAIN                0     RAIN                       1
LIGHT RAIN                9     FREEZING RAIN              0
LT FREEZING RAIN          0     HAIL                       1
HEAVY SNOW                0     SNOW                       0
LIGHT SNOW                0     SLEET                      0
FOG                       0     FOG W/VIS <= 1/4 MILE      0
HAZE                      1

-  INDICATES NEGATIVE NUMBERS.
R  INDICATES RECORD WAS SET OR TIED.
MM INDICATES DATA IS MISSING.
T  INDICATES TRACE AMOUNT.

6TH: SOLAR COUNTER QUIT AT 1630 AT 442 MINUTES.

&&
$$






U.S. Dept. of Commerce
NOAA National Weather Service
1325 East West Highway
Silver Spring, MD 20910
E-mail: w-nws.webmaster@noaa.gov
Page last modified: May 16, 2007
NATIONAL WEATHER SERVICE: for Safety, for Work, for Fun - FOR LIFE