632
CXUS55 KPIH 011640
CLMPIH

CLIMATE REPORT
NATIONAL WEATHER SERVICE POCATELLO ID
1036 AM MDT WED OCT 1 2014

...................................

...THE POCATELLO CLIMATE SUMMARY FOR THE MONTH OF SEPTEMBER 2014...

CLIMATE NORMAL PERIOD 1981 TO 2010
CLIMATE RECORD PERIOD 1939 TO 2014

WEATHER         OBSERVED          NORMAL  DEPART  LAST YEAR`S
                 VALUE   DATE(S)  VALUE   FROM    VALUE  DATE(S)
                                          NORMAL
................................................................
TEMPERATURE (F)
RECORD
 HIGH              98   09/05/1976
 LOW               19   09/30/1985
                        09/29/1985
                        09/20/1983
HIGHEST            94   09/17        98      -4       92  09/05
LOWEST             24   09/12        19       5       30  09/19
AVG. MAXIMUM     78.7              75.8     2.9     76.3
AVG. MINIMUM     43.7              42.1     1.6     48.2
MEAN             61.2              59.0     2.2     62.2
DAYS MAX >= 90      3               1.8     1.2        2
DAYS MAX <= 32      0               0.0     0.0        0
DAYS MIN <= 32      2               2.9    -0.9        3
DAYS MIN <= 0       0               0.0     0.0        0

PRECIPITATION (INCHES)
RECORD
 MAXIMUM         3.80   1940
 MINIMUM         0.00   1987
                        1964
TOTALS           1.48              0.84    0.64     0.77
DAILY AVG.       0.05              0.03    0.02     0.03
DAYS >= .01         7               4.9     2.1       10
DAYS >= .10         5               2.5     2.5        2
DAYS >= .50         1               0.4     0.6        0
DAYS >= 1.00        0               0.1    -0.1        0
GREATEST
 24 HR. TOTAL    0.88   09/26 TO 09/27              0.30

SNOWFALL (INCHES)
RECORDS
 TOTAL            2.0   1965
TOTALS            0.0               0.1    -0.1      0.0
SINCE 7/1         0.0               0.1    -0.1      0.0
SNOWDEPTH AVG.      0                MM      MM        0
DAYS >= 1.0         0               0.0     0.0        0
GREATEST
 SNOW DEPTH         0   MM                             0  MM
 24 HR TOTAL      0.0   09/30 TO 09/30               0.0

DEGREE_DAYS
HEATING TOTAL     143               203     -60      137
 SINCE 7/1        178               249     -71      137
COOLING TOTAL      35                22      13       61
 SINCE 1/1        421               392      29      688
.................................................................

WIND (MPH)
AVERAGE WIND SPEED              8.6
HIGHEST WIND SPEED/DIRECTION    35/260    DATE  09/03
HIGHEST GUST SPEED/DIRECTION    43/190    DATE  09/09

SKY COVER
POSSIBLE SUNSHINE (PERCENT)   MM
AVERAGE SKY COVER           0.20
NUMBER OF DAYS FAIR           24
NUMBER OF DAYS PC              5
NUMBER OF DAYS CLOUDY          1

AVERAGE RH (PERCENT)     55

WEATHER CONDITIONS. NUMBER OF DAYS WITH
THUNDERSTORM              5     MIXED PRECIP               0
HEAVY RAIN                1     RAIN                       4
LIGHT RAIN                9     FREEZING RAIN              0
LT FREEZING RAIN          0     HAIL                       0
HEAVY SNOW                0     SNOW                       0
LIGHT SNOW                0     SLEET                      0
FOG                       5     FOG W/VIS <= 1/4 MILE      0
HAZE                      0

-  INDICATES NEGATIVE NUMBERS.
R  INDICATES RECORD WAS SET OR TIED.
MM INDICATES DATA IS MISSING.
T  INDICATES TRACE AMOUNT.

12TH: LOW TEMP OF 24 BREAKS OLD RECORD OF 30 SET IN 1988.
7TH: HIGH TEMP OF 94 BREAKS OLD RECORD OF 91 SET IN 1981 AND 1998.
&&
$$






U.S. Dept. of Commerce
NOAA National Weather Service
1325 East West Highway
Silver Spring, MD 20910
E-mail: w-nws.webmaster@noaa.gov
Page last modified: May 16, 2007
NATIONAL WEATHER SERVICE: for Safety, for Work, for Fun - FOR LIFE