044
CXUS55 KPIH 031324
CLMPIH

CLIMATE REPORT
NATIONAL WEATHER SERVICE POCATELLO ID
1101 AM MDT WED APR 2 2014

...................................

...THE POCATELLO CLIMATE SUMMARY FOR THE MONTH OF MARCH 2014...

CLIMATE NORMAL PERIOD 1981 TO 2010
CLIMATE RECORD PERIOD 1939 TO 2014

WEATHER         OBSERVED          NORMAL  DEPART  LAST YEAR`S
                 VALUE   DATE(S)  VALUE   FROM    VALUE  DATE(S)
                                          NORMAL
................................................................
TEMPERATURE (F)
RECORD
 HIGH              75   03/15/1994
                        03/28/1986
 LOW              -12   03/04/1985
HIGHEST            70   03/25        75      -5       68  03/14
LOWEST             15   03/21       -12      27       14  03/25
AVG. MAXIMUM     53.2              48.8     4.4     50.9
AVG. MINIMUM     29.2              27.1     2.1     27.4
MEAN             41.2              38.0     3.2     39.2
DAYS MAX >= 90      0               0.0     0.0        0
DAYS MAX <= 32      0               1.1    -1.1        0
DAYS MIN <= 32     20              23.0    -3.0       25
DAYS MIN <= 0       0               0.3    -0.3        0

PRECIPITATION (INCHES)
RECORD
 MAXIMUM         2.95   1983
 MINIMUM         0.10   1965
TOTALS           2.29              1.26    1.03     0.72
DAILY AVG.       0.07              0.04    0.03     0.02
DAYS >= .01         9               9.7    -0.7        8
DAYS >= .10         5               3.9     1.1        2
DAYS >= .50         2               0.4     1.6        0
DAYS >= 1.00        0               0.0     0.0        0
GREATEST
 24 HR. TOTAL    0.82   03/30 TO 03/30              0.33

SNOWFALL (INCHES)
RECORDS
 TOTAL           16.6   1985
TOTALS            7.2               5.4     1.8      1.1
SINCE 7/1        26.1              39.4   -13.3     34.7
SNOWDEPTH AVG.      0                MM      MM        0
DAYS >= 1.0         2               1.9     0.1        0
GREATEST
 SNOW DEPTH         4   03/31                          0  MM
 24 HR TOTAL      5.3   MM                           0.5

DEGREE_DAYS
HEATING TOTAL     731               839    -108      791
 SINCE 7/1       5711              6112    -401     5902
COOLING TOTAL       0                 0       0        0
 SINCE 1/1          0                 0       0        0
.................................................................

WIND (MPH)
AVERAGE WIND SPEED              13.2
HIGHEST WIND SPEED/DIRECTION    51/240    DATE  03/17
HIGHEST GUST SPEED/DIRECTION    61/240    DATE  03/17

SKY COVER
POSSIBLE SUNSHINE (PERCENT)   MM
AVERAGE SKY COVER           0.40
NUMBER OF DAYS FAIR           17
NUMBER OF DAYS PC              7
NUMBER OF DAYS CLOUDY          7

AVERAGE RH (PERCENT)     57

WEATHER CONDITIONS. NUMBER OF DAYS WITH
THUNDERSTORM              2     MIXED PRECIP               0
HEAVY RAIN                0     RAIN                       4
LIGHT RAIN               10     FREEZING RAIN              0
LT FREEZING RAIN          0     HAIL                       0
HEAVY SNOW                1     SNOW                       2
LIGHT SNOW                7     SLEET                      0
FOG                      10     FOG W/VIS <= 1/4 MILE      1
HAZE                      3

-  INDICATES NEGATIVE NUMBERS.
R  INDICATES RECORD WAS SET OR TIED.
MM INDICATES DATA IS MISSING.
T  INDICATES TRACE AMOUNT.

1ST: RAINFALL 0.76" BREAKS RECORD OF 0.39" SET IN 1991.
30TH: PRECIP OF 0.82" BREAKS RECORD OF 0.74" SET IN 1983.
30TH: SNOWFALL OF 5.3" BREAKS RECORD OF 2.5" SET IN 1948.

&&

$$






U.S. Dept. of Commerce
NOAA National Weather Service
1325 East West Highway
Silver Spring, MD 20910
E-mail: w-nws.webmaster@noaa.gov
Page last modified: May 16, 2007
NATIONAL WEATHER SERVICE: for Safety, for Work, for Fun - FOR LIFE