216
CXUS53 KILX 011639
CLMPIA


CLIMATE REPORT
NATIONAL WEATHER SERVICE LINCOLN IL
1100 AM CDT TUE JUL 1 2014

...................................

...THE PEORIA IL CLIMATE SUMMARY FOR THE MONTH OF JUNE 2014...

CLIMATE NORMAL PERIOD 1981 TO 2010
CLIMATE RECORD PERIOD 1883 TO 2014

WEATHER         OBSERVED          NORMAL  DEPART  LAST YEAR`S
                 VALUE   DATE(S)  VALUE   FROM    VALUE
                                          NORMAL
.............................................................
TEMPERATURE (F)
RECORD
 HIGH             105   06/25/1988
                        06/29/1936
                        06/01/1934
 LOW               39   06/01/1993
                        06/04/1945
HIGHEST            91   06/19        82       9       93
                        06/18
LOWEST             52   06/14        61      -9       48
AVG. MAXIMUM     83.6              82.2     1.4     81.2
AVG. MINIMUM     65.3              61.4     3.9     61.9
MEAN             74.4              71.8     2.6     71.6
DAYS MAX >= 90      3               3.8    -0.8        3
DAYS MAX <= 32      0               0.0     0.0        0
DAYS MIN <= 32      0               0.0     0.0        0
DAYS MIN <= 0       0               0.0     0.0        0

PRECIPITATION (INCHES)
RECORD
 MAXIMUM        11.69   1974
 MINIMUM         0.45   1936
TOTALS           9.67              3.53    6.14     2.19
DAILY AVG.       0.32              0.12    0.20     0.07
DAYS >= .01        14              10.1     3.9       12
DAYS >= .10        10               6.4     3.6        7
DAYS >= .50         6               2.4     3.6        2
DAYS >= 1.00        4               0.9     3.1        0
GREATEST
 24 HR. TOTAL    3.00   06/07 TO 06/07              0.62

SNOWFALL (INCHES)
RECORDS
 TOTAL            0.0   MM
TOTALS            0.0               0.0     0.0      0.0
SINCE 7/1        57.6              24.6    33.0     22.7
DAYS >= 1.0         0               0.0     0.0        0
GREATEST
 SNOW DEPTH         0   MM                             0
 24 HR TOTAL      0.0   06/30 TO 06/30               0.0

DEGREE_DAYS
HEATING TOTAL       0                18     -18       18
 SINCE 7/1       6586              5831     755     5831
COOLING TOTAL     292               222      70      223
 SINCE 1/1        450               303     147      330
..............................................................

WIND (MPH)
AVERAGE WIND SPEED              7.8
HIGHEST WIND SPEED/DIRECTION    33/250    DATE  06/22
HIGHEST GUST SPEED/DIRECTION    42/240    DATE  06/22

SKY COVER
POSSIBLE SUNSHINE (PERCENT)   MM
AVERAGE SKY COVER           0.30
NUMBER OF DAYS FAIR           18
NUMBER OF DAYS PC              8
NUMBER OF DAYS CLOUDY          4

AVERAGE RH (PERCENT)     70

WEATHER CONDITIONS. NUMBER OF DAYS WITH
THUNDERSTORM             10     MIXED PRECIP               0
HEAVY RAIN                9     RAIN                       9
LIGHT RAIN               17     FREEZING RAIN              0
LT FREEZING RAIN          0     HAIL                       0
HEAVY SNOW                0     SNOW                       0
LIGHT SNOW                0     SLEET                      0
FOG                      16     FOG W/VIS <= 1/4 MILE      3
HAZE                     10

-  INDICATES NEGATIVE NUMBERS.
R  INDICATES RECORD WAS SET OR TIED.
MM INDICATES DATA IS MISSING.
T  INDICATES TRACE AMOUNT.

&&

RECORDS ESTABLISHED DURING THE MONTH:

* SET THE 2ND WETTEST JUNE ON RECORD WITH 9.67 INCHES OF RAIN
* SET RECORD WARM LOW TEMPERATURE OF 76 DEGREES ON THE 17TH

$$

EJL




U.S. Dept. of Commerce
NOAA National Weather Service
1325 East West Highway
Silver Spring, MD 20910
E-mail: w-nws.webmaster@noaa.gov
Page last modified: May 16, 2007
NATIONAL WEATHER SERVICE: for Safety, for Work, for Fun - FOR LIFE