377
CXUS53 KILX 011550
CLMPIA

CLIMATE REPORT
NATIONAL WEATHER SERVICE LINCOLN IL
950 AM CST MON DEC 1 2014

...................................

...THE PEORIA IL CLIMATE SUMMARY FOR THE MONTH OF NOVEMBER 2014...

CLIMATE NORMAL PERIOD 1981 TO 2010
CLIMATE RECORD PERIOD 1883 TO 2014

WEATHER         OBSERVED          NORMAL  DEPART  LAST YEAR`S
                 VALUE   DATE(S)  VALUE   FROM    VALUE
                                          NORMAL
.............................................................
TEMPERATURE (F)
RECORD
 HIGH              81   11/01/1950
                        11/01/1937
                        11/01/1888
 LOW               -2   11/26/1977
HIGHEST            70   11/03        49      21       70
LOWEST             12   11/18        32     -20       10
AVG. MAXIMUM     45.2              50.3    -5.1     46.8
AVG. MINIMUM     26.8              32.9    -6.1     29.0
MEAN             36.0              41.6    -5.6     37.9
DAYS MAX >= 90      0               0.0     0.0        0
DAYS MAX <= 32      7               1.6     5.4        4
DAYS MIN <= 32     22              14.0     8.0       20
DAYS MIN <= 0       0               0.0     0.0        0

PRECIPITATION (INCHES)
RECORD
 MAXIMUM         7.62   1985
 MINIMUM         0.07   1917
TOTALS           1.07              3.13   -2.06     3.26
DAILY AVG.       0.04              0.10   -0.06     0.11
DAYS >= .01         8               9.6    -1.6       10
DAYS >= .10         3               5.8    -2.8        6
DAYS >= .50         0               2.2    -2.2        2
DAYS >= 1.00        0               0.7    -0.7        1
GREATEST
 24 HR. TOTAL    0.79   11/23 TO 11/24              1.72

SNOWFALL (INCHES)
RECORDS
 TOTAL           10.7   1926
TOTALS            1.3               1.1     0.2      0.6
SINCE 7/1         1.3               1.1     0.2      0.6
DAYS >= 1.0         1               0.3     0.7        0
GREATEST
 SNOW DEPTH         1   11/28                         -1
                        11/27
                        11/26
 24 HR TOTAL      1.0   11/24 TO 11/24               0.5

DEGREE_DAYS
HEATING TOTAL     865               702     163      804
 SINCE 7/1       1241              1148      93     1182
COOLING TOTAL       0                 0       0        0
 SINCE 1/1       1156              1039     117     1174
..............................................................

WIND (MPH)
AVERAGE WIND SPEED              9.8
HIGHEST WIND SPEED/DIRECTION    31/190    DATE  11/10
HIGHEST GUST SPEED/DIRECTION    39/170    DATE  11/10

SKY COVER
POSSIBLE SUNSHINE (PERCENT)   MM
AVERAGE SKY COVER           0.50
NUMBER OF DAYS FAIR           11
NUMBER OF DAYS PC             11
NUMBER OF DAYS CLOUDY          8

AVERAGE RH (PERCENT)     64

WEATHER CONDITIONS. NUMBER OF DAYS WITH
THUNDERSTORM              0     MIXED PRECIP               0
HEAVY RAIN                2     RAIN                       4
LIGHT RAIN                6     FREEZING RAIN              1
LT FREEZING RAIN          2     HAIL                       0
HEAVY SNOW                0     SNOW                       0
LIGHT SNOW               13     SLEET                      0
FOG                      11     FOG W/VIS <= 1/4 MILE      1
HAZE                     14

-  INDICATES NEGATIVE NUMBERS.
R  INDICATES RECORD WAS SET OR TIED.
MM INDICATES DATA IS MISSING.
T  INDICATES TRACE AMOUNT.

&&

RECORDS ESTABLISHED THIS MONTH:

* RECORD LOW OF 12 TIED ON THE 18TH
* RECORD COOL HIGH OF 22 SET ON THE 18TH

$$








U.S. Dept. of Commerce
NOAA National Weather Service
1325 East West Highway
Silver Spring, MD 20910
E-mail: w-nws.webmaster@noaa.gov
Page last modified: May 16, 2007
NATIONAL WEATHER SERVICE: for Safety, for Work, for Fun - FOR LIFE