491
CXUS53 KILX 011553
CLMPIA


CLIMATE REPORT
NATIONAL WEATHER SERVICE LINCOLN IL
1041 AM CDT WED OCT 1 2014

...................................

...THE PEORIA IL CLIMATE SUMMARY FOR THE MONTH OF SEPTEMBER 2014...

CLIMATE NORMAL PERIOD 1981 TO 2010
CLIMATE RECORD PERIOD 1883 TO 2014

WEATHER         OBSERVED          NORMAL  DEPART  LAST YEAR`S
                 VALUE   DATE(S)  VALUE   FROM    VALUE
                                          NORMAL
.............................................................
TEMPERATURE (F)
RECORD
 HIGH             104   09/05/1899
 LOW               24   09/28/1942
HIGHEST            90   09/05        77      13       98
LOWEST             41   09/13        55     -14       47
AVG. MAXIMUM     76.8              77.0    -0.2     82.3
AVG. MINIMUM     55.8              55.2     0.6     58.2
MEAN             66.3              66.1     0.2     70.2
DAYS MAX >= 90      1               1.6    -0.6        6
DAYS MAX <= 32      0               0.0     0.0        0
DAYS MIN <= 32      0               0.1    -0.1        0
DAYS MIN <= 0       0               0.0     0.0        0

PRECIPITATION (INCHES)
RECORD
 MAXIMUM        13.09   1961
 MINIMUM         0.03   1979
TOTALS           4.98              3.15    1.83     1.85
DAILY AVG.       0.17              0.11    0.06     0.06
DAYS >= .01         5               8.1    -3.1        5
DAYS >= .10         5               5.2    -0.2        4
DAYS >= .50         3               2.2     0.8        3
DAYS >= 1.00        1               0.8     0.2        0
GREATEST
 24 HR. TOTAL    3.37   09/09 TO 09/10              0.60

SNOWFALL (INCHES)
RECORDS
 TOTAL            1.0   1942
TOTALS            0.0               0.0     0.0      0.0
SINCE 7/1         0.0               0.0     0.0      0.0
DAYS >= 1.0         0               0.0     0.0        0
GREATEST
 SNOW DEPTH         0   MM                             0
 24 HR TOTAL      0.0   09/30 TO 09/30               0.0

DEGREE_DAYS
HEATING TOTAL      76                84      -8       27
 SINCE 7/1         78                90     -12       32
COOLING TOTAL     123               117       6      192
 SINCE 1/1       1147              1024     123     1134
..............................................................

WIND (MPH)
AVERAGE WIND SPEED              5.6
HIGHEST WIND SPEED/DIRECTION    32/190    DATE  09/10
HIGHEST GUST SPEED/DIRECTION    42/190    DATE  09/10

SKY COVER
POSSIBLE SUNSHINE (PERCENT)   MM
AVERAGE SKY COVER           0.30
NUMBER OF DAYS FAIR           21
NUMBER OF DAYS PC              5
NUMBER OF DAYS CLOUDY          4

AVERAGE RH (PERCENT)     68

WEATHER CONDITIONS. NUMBER OF DAYS WITH
THUNDERSTORM              6     MIXED PRECIP               0
HEAVY RAIN                3     RAIN                       5
LIGHT RAIN                9     FREEZING RAIN              0
LT FREEZING RAIN          0     HAIL                       0
HEAVY SNOW                0     SNOW                       0
LIGHT SNOW                0     SLEET                      0
FOG                      17     FOG W/VIS <= 1/4 MILE      5
HAZE                     12

-  INDICATES NEGATIVE NUMBERS.
R  INDICATES RECORD WAS SET OR TIED.
MM INDICATES DATA IS MISSING.
T  INDICATES TRACE AMOUNT.
&&

RECORD COOL HIGH TEMPERATURE OF 56 DEGREES ON SEP 12TH.

$$

JRP





U.S. Dept. of Commerce
NOAA National Weather Service
1325 East West Highway
Silver Spring, MD 20910
E-mail: w-nws.webmaster@noaa.gov
Page last modified: May 16, 2007
NATIONAL WEATHER SERVICE: for Safety, for Work, for Fun - FOR LIFE