123
CXUS55 KPSR 021412 CCA
CLMPHX

CLIMATE REPORT
NATIONAL WEATHER SERVICE PHOENIX AZ
710 AM MST TUE SEP 2 2014

...................................

...THE PHOENIX AZ CLIMATE SUMMARY FOR THE MONTH OF AUGUST 2014...

CLIMATE NORMAL PERIOD 1981 TO 2010
CLIMATE RECORD PERIOD 1895 TO 2014

WEATHER         OBSERVED          NORMAL  DEPART
                 VALUE   DATE(S)  VALUE   FROM
                                          NORMAL
................................................
TEMPERATURE (F)
RECORD
 HIGH             117   08/26/2011
 LOW               58   08/20/1917
HIGHEST           111   08/30       113      -2
LOWEST             71   08/21        74      -3
AVG. MAXIMUM    102.3             104.4    -2.1
AVG. MINIMUM     80.8              82.7    -1.9
MEAN             91.6              93.6    -2.0
DAYS MAX >= 90     31              30.6     0.4
DAYS MAX <= 32      0               0.0     0.0
DAYS MIN <= 32      0               0.0     0.0
DAYS MIN <= 0       0               0.0     0.0

PRECIPITATION (INCHES)
RECORD
 MAXIMUM         5.33   1951
 MINIMUM         0.00   1973
                        1975
TOTALS           1.17              1.00    0.17
DAYS >= .01         4               5.0    -1.0
DAYS >= .10         4               2.2     1.8
DAYS >= .50         0               0.7    -0.7
DAYS >= 1.00        0               0.1    -0.1
GREATEST
 24 HR. TOTAL    0.51   08/12 TO 08/13

DEGREE_DAYS
HEATING TOTAL       0                 0       0
 SINCE 7/1          0                 0       0
COOLING TOTAL     831               885     -54
 SINCE 1/1       3745              3469     276
.................................................

WIND (MPH)
AVERAGE WIND SPEED              7.1
HIGHEST GUST SPEED/DIRECTION    40/260    DATE  08/21

AVERAGE RH (PERCENT)     39

WEATHER CONDITIONS. NUMBER OF DAYS WITH
THUNDERSTORM              7     HEAVY RAIN                 3
RAIN                      4     LIGHT RAIN                10
FOG W/VIS <= 1/4 MILE     0

-  INDICATES NEGATIVE NUMBERS.
R  INDICATES RECORD WAS SET OR TIED.
MM INDICATES DATA IS MISSING.
T  INDICATES TRACE AMOUNT.

$$











U.S. Dept. of Commerce
NOAA National Weather Service
1325 East West Highway
Silver Spring, MD 20910
E-mail: w-nws.webmaster@noaa.gov
Page last modified: May 16, 2007
NATIONAL WEATHER SERVICE: for Safety, for Work, for Fun - FOR LIFE