912
CXUS55 KPSR 040635 CCA
CLMPHX

CLIMATE REPORT...CORRECTED
NATIONAL WEATHER SERVICE PHOENIX AZ
529 AM MST FRI AUG 1 2014

...................................

...THE PHOENIX AZ CLIMATE SUMMARY FOR THE MONTH OF JULY 2014...

CLIMATE NORMAL PERIOD 1981 TO 2010
CLIMATE RECORD PERIOD 1895 TO 2014

WEATHER         OBSERVED          NORMAL  DEPART
                 VALUE   DATE(S)  VALUE   FROM
                                          NORMAL
................................................
TEMPERATURE (F)
RECORD
 HIGH             121   07/28/1995
 LOW               63   07/05/1912
                        07/04/1912
HIGHEST           116   07/24       114       2
LOWEST             79   07/03        74       5
AVG. MAXIMUM    107.1             106.1     1.0
AVG. MINIMUM     85.9              83.5     2.4
MEAN             96.5              94.8     1.7
DAYS MAX >= 90     31              30.8     0.2
DAYS MAX <= 32      0               0.0     0.0
DAYS MIN <= 32      0               0.0     0.0
DAYS MIN <= 0       0               0.0     0.0

PRECIPITATION (INCHES)
RECORD
 MAXIMUM         6.47   1911
 MINIMUM         0.00   1993
                        1995
TOTALS           0.06              1.05   -0.99
DAYS >= .01         3               4.2    -1.2
DAYS >= .10         0               2.2    -2.2
DAYS >= .50         0               0.6    -0.6
DAYS >= 1.00        0               0.3    -0.3
GREATEST
 24 HR. TOTAL    0.05   07/13 TO 07/14

DEGREE_DAYS
HEATING TOTAL       0                 0       0
 SINCE 7/1          0                 0       0
COOLING TOTAL     984               924      60
 SINCE 1/1       2914              2584     330
.................................................

WIND (MPH)
AVERAGE WIND SPEED              7.5
HIGHEST GUST SPEED/DIRECTION    56/140    DATE  07/13

AVERAGE RH (PERCENT)     29

WEATHER CONDITIONS. NUMBER OF DAYS WITH
THUNDERSTORM              8     HEAVY RAIN                 0
RAIN                      1     LIGHT RAIN                14
FOG W/VIS <= 1/4 MILE     0

-  INDICATES NEGATIVE NUMBERS.
R  INDICATES RECORD WAS SET OR TIED.
MM INDICATES DATA IS MISSING.
T  INDICATES TRACE AMOUNT.

$$











U.S. Dept. of Commerce
NOAA National Weather Service
1325 East West Highway
Silver Spring, MD 20910
E-mail: w-nws.webmaster@noaa.gov
Page last modified: May 16, 2007
NATIONAL WEATHER SERVICE: for Safety, for Work, for Fun - FOR LIFE