798
CXUS55 KPSR 011348
CLMPHX

PHXCLMPSR 000
TTAA00 KPSR 011345


CLIMATE REPORT
NATIONAL WEATHER SERVICE PHOENIX AZ
645 AM MST TUE APR 1 2014

...................................

...THE PHOENIX AZ CLIMATE SUMMARY FOR THE MONTH OF MARCH 2014...

CLIMATE NORMAL PERIOD 1981 TO 2010
CLIMATE RECORD PERIOD 1895 TO 2014

WEATHER         OBSERVED          NORMAL  DEPART
                 VALUE   DATE(S)  VALUE   FROM
                                          NORMAL
................................................
TEMPERATURE (F)
RECORD
 HIGH             100   03/26/1988
 LOW               25   03/04/1966
HIGHEST            89   03/25        90      -1
                        03/24
LOWEST             53   03/03        43      10
                        03/02
AVG. MAXIMUM     81.3              76.9     4.4
AVG. MINIMUM     56.7              53.5     3.2
MEAN             69.0              65.2     3.8
DAYS MAX >= 90      0               1.5    -1.5
DAYS MAX <= 32      0               0.0     0.0
DAYS MIN <= 32      0               0.0     0.0
DAYS MIN <= 0       0               0.0     0.0

PRECIPITATION (INCHES)
RECORD
 MAXIMUM         4.82   1941
 MINIMUM         0.00   2008
                        1984
                        1959
TOTALS           0.99              0.99    0.00
DAYS >= .01         2               3.9    -1.9
DAYS >= .10         1               2.2    -1.2
DAYS >= .50         1               0.6     0.4
DAYS >= 1.00        0               0.2    -0.2
GREATEST
 24 HR. TOTAL    0.94   03/01 TO 03/01

DEGREE_DAYS
HEATING TOTAL       7                81     -74
 SINCE 7/1        541               914    -373
COOLING TOTAL     137                87      50
 SINCE 1/1        199               104      95
.................................................

WIND (MPH)
AVERAGE WIND SPEED              6.6
HIGHEST GUST SPEED/DIRECTION    41/230    DATE  03/26

AVERAGE RH (PERCENT)     30

WEATHER CONDITIONS. NUMBER OF DAYS WITH
THUNDERSTORM              1     HEAVY RAIN                 1
RAIN                      1     LIGHT RAIN                 1
FOG W/VIS <= 1/4 MILE     0

-  INDICATES NEGATIVE NUMBERS.
R  INDICATES RECORD WAS SET OR TIED.
MM INDICATES DATA IS MISSING.
T  INDICATES TRACE AMOUNT.

$$







U.S. Dept. of Commerce
NOAA National Weather Service
1325 East West Highway
Silver Spring, MD 20910
E-mail: w-nws.webmaster@noaa.gov
Page last modified: May 16, 2007
NATIONAL WEATHER SERVICE: for Safety, for Work, for Fun - FOR LIFE