610
CXUS55 KPSR 010835
CLMPHX

PHXCLMPSR 000
TTAA00 KPSR 010834


CLIMATE REPORT
NATIONAL WEATHER SERVICE PHOENIX AZ
132 AM MST TUE JUL 1 2014

...................................

...THE PHOENIX AZ CLIMATE SUMMARY FOR THE MONTH OF JUNE 2014...

CLIMATE NORMAL PERIOD 1981 TO 2010
CLIMATE RECORD PERIOD 1895 TO 2014

WEATHER         OBSERVED          NORMAL  DEPART
                 VALUE   DATE(S)  VALUE   FROM
                                          NORMAL
................................................
TEMPERATURE (F)
RECORD
 HIGH             122   06/26/1990
 LOW               49   06/04/1908
HIGHEST           110   06/09       113      -3
                        06/02
LOWEST             75   06/16        68       7
                        06/15
                        06/06
AVG. MAXIMUM    106.2             103.9     2.3
AVG. MINIMUM     80.1              77.7     2.4
MEAN             93.2              90.8     2.4
DAYS MAX >= 90     30              29.4     0.6
DAYS MAX <= 32      0               0.0     0.0
DAYS MIN <= 32      0               0.0     0.0
DAYS MIN <= 0       0               0.0     0.0

PRECIPITATION (INCHES)
RECORD
 MAXIMUM         1.70   1972
 MINIMUM         0.00   2013
                        2012
                        2011
TOTALS           0.00R             0.02   -0.02
DAYS >= .01         0               0.5    -0.5
DAYS >= .10         0               0.1    -0.1
DAYS >= .50         0               0.0     0.0
DAYS >= 1.00        0               0.0     0.0
GREATEST
 24 HR. TOTAL    0.00   06/30 TO 06/30

DEGREE_DAYS
HEATING TOTAL       0                 0       0
 SINCE 7/1        546               935    -389
COOLING TOTAL     855               774      81
 SINCE 1/1       1930              1660     270
.................................................

WIND (MPH)
AVERAGE WIND SPEED              7.4
HIGHEST GUST SPEED/DIRECTION    35/270    DATE  06/16

AVERAGE RH (PERCENT)     14

WEATHER CONDITIONS. NUMBER OF DAYS WITH
THUNDERSTORM              0     HEAVY RAIN                 0
RAIN                      0     LIGHT RAIN                 0
FOG W/VIS <= 1/4 MILE     0

-  INDICATES NEGATIVE NUMBERS.
R  INDICATES RECORD WAS SET OR TIED.
MM INDICATES DATA IS MISSING.
T  INDICATES TRACE AMOUNT.

$$








U.S. Dept. of Commerce
NOAA National Weather Service
1325 East West Highway
Silver Spring, MD 20910
E-mail: w-nws.webmaster@noaa.gov
Page last modified: May 16, 2007
NATIONAL WEATHER SERVICE: for Safety, for Work, for Fun - FOR LIFE