389
CXUS55 KPSR 011134
CLMPHX

CLIMATE REPORT
NATIONAL WEATHER SERVICE PHOENIX AZ
431 AM MST MON DEC 1 2014

...................................

...THE PHOENIX AZ CLIMATE SUMMARY FOR THE MONTH OF NOVEMBER 2014...

CLIMATE NORMAL PERIOD 1981 TO 2010
CLIMATE RECORD PERIOD 1895 TO 2014

WEATHER         OBSERVED          NORMAL  DEPART
                 VALUE   DATE(S)  VALUE   FROM
                                          NORMAL
................................................
TEMPERATURE (F)
RECORD
 HIGH              96   11/03/2009
                        11/02/1924
                        11/01/1924
 LOW               27   11/23/1931
HIGHEST            90   11/08        88       2
LOWEST             42   11/24        41       1
AVG. MAXIMUM     78.3              75.5     2.8
AVG. MINIMUM     53.9              52.7     1.2
MEAN             66.1              64.1     2.0
DAYS MAX >= 90      1               0.9     0.1
DAYS MAX <= 32      0               0.0     0.0
DAYS MIN <= 32      0               0.0     0.0
DAYS MIN <= 0       0               0.0     0.0

PRECIPITATION (INCHES)
RECORD
 MAXIMUM         3.61   1905
 MINIMUM         0.00   2005
                        1999
                        1980
TOTALS           0.00R             0.65   -0.65
DAYS >= .01         0               2.6    -2.6
DAYS >= .10         0               1.4    -1.4
DAYS >= .50         0               0.4    -0.4
DAYS >= 1.00        0               0.1    -0.1
GREATEST
 24 HR. TOTAL    0.00   11/30 TO 11/30

DEGREE_DAYS
HEATING TOTAL      54                97     -43
 SINCE 7/1         54               103     -49
COOLING TOTAL      92                70      22
 SINCE 1/1       5036              4606     430
.................................................

WIND (MPH)
AVERAGE WIND SPEED              5.6
HIGHEST GUST SPEED/DIRECTION    30/300    DATE  11/23

AVERAGE RH (PERCENT)     32

WEATHER CONDITIONS. NUMBER OF DAYS WITH
THUNDERSTORM              0     HEAVY RAIN                 0
RAIN                      0     LIGHT RAIN                 0
FOG W/VIS <= 1/4 MILE     0

-  INDICATES NEGATIVE NUMBERS.
R  INDICATES RECORD WAS SET OR TIED.
MM INDICATES DATA IS MISSING.
T  INDICATES TRACE AMOUNT.

$$







U.S. Dept. of Commerce
NOAA National Weather Service
1325 East West Highway
Silver Spring, MD 20910
E-mail: w-nws.webmaster@noaa.gov
Page last modified: May 16, 2007
NATIONAL WEATHER SERVICE: for Safety, for Work, for Fun - FOR LIFE