907
CXUS55 KPSR 011341
CLMPHX

CLIMATE REPORT
NATIONAL WEATHER SERVICE PHOENIX AZ
640 AM MST WED OCT 1 2014

...................................

...THE PHOENIX AZ CLIMATE SUMMARY FOR THE MONTH OF SEPTEMBER 2014...

CLIMATE NORMAL PERIOD 1981 TO 2010
CLIMATE RECORD PERIOD 1895 TO 2014

WEATHER         OBSERVED          NORMAL  DEPART
                 VALUE   DATE(S)  VALUE   FROM
                                          NORMAL
................................................
TEMPERATURE (F)
RECORD
 HIGH             113   09/05/1945
 LOW               47   09/21/1965
                        09/20/1965
                        09/22/1895
HIGHEST           109   09/02       109       0
LOWEST             66   09/30        67      -1
AVG. MAXIMUM     99.2              99.8    -0.6
AVG. MINIMUM     78.8              76.9     1.9
MEAN             89.0              88.4     0.6
DAYS MAX >= 90     26              27.9    -1.9
DAYS MAX <= 32      0               0.0     0.0
DAYS MIN <= 32      0               0.0     0.0
DAYS MIN <= 0       0               0.0     0.0

PRECIPITATION (INCHES)
RECORD
 MAXIMUM         5.41   1939
 MINIMUM         0.00   1968
                        1973
                        1988
TOTALS           5.11              0.64    4.47
DAYS >= .01         5               2.8     2.2
DAYS >= .10         3               1.3     1.7
DAYS >= .50         2               0.3     1.7
DAYS >= 1.00        2               0.2     1.8
GREATEST
 24 HR. TOTAL    3.30   09/08 TO 09/08

DEGREE_DAYS
HEATING TOTAL       0                 0       0
 SINCE 7/1          0                 0       0
COOLING TOTAL     728               700      28
 SINCE 1/1       4473              4169     304
.................................................

WIND (MPH)
AVERAGE WIND SPEED              6.3
HIGHEST GUST SPEED/DIRECTION    66/260    DATE  09/27

AVERAGE RH (PERCENT)     42

WEATHER CONDITIONS. NUMBER OF DAYS WITH
THUNDERSTORM              4     HEAVY RAIN                 2
RAIN                      3     LIGHT RAIN                 6
FOG W/VIS <= 1/4 MILE     0

-  INDICATES NEGATIVE NUMBERS.
R  INDICATES RECORD WAS SET OR TIED.
MM INDICATES DATA IS MISSING.
T  INDICATES TRACE AMOUNT.

$$








U.S. Dept. of Commerce
NOAA National Weather Service
1325 East West Highway
Silver Spring, MD 20910
E-mail: w-nws.webmaster@noaa.gov
Page last modified: May 16, 2007
NATIONAL WEATHER SERVICE: for Safety, for Work, for Fun - FOR LIFE