719
CXUS53 KUNR 011602
CLMPHP


CLIMATE REPORT
NATIONAL WEATHER SERVICE RAPID CITY SD
1001 AM MDT FRI AUG 1 2014

...................................

...THE PHILIP SD CLIMATE SUMMARY FOR THE MONTH OF JULY 2014...

CLIMATE NORMAL PERIOD 1981 TO 2010
CLIMATE RECORD PERIOD 9999 TO 9999

WEATHER         OBSERVED          NORMAL  DEPART  LAST YEAR`S
                 VALUE   DATE(S)  VALUE   FROM    VALUE  DATE(S)
                                          NORMAL
................................................................
TEMPERATURE (F)
HIGHEST           106   07/24                        105  07/11
LOWEST             42R  07/15                         47  07/27
AVG. MAXIMUM     87.8              89.3    -1.5     89.5
AVG. MINIMUM     56.8              59.9    -3.1     61.3
MEAN             72.3              74.6    -2.3     75.4
DAYS MAX >= 90     12                                 13
DAYS MAX <= 32      0                                  0
DAYS MIN <= 32      0                                  0
DAYS MIN <= 0       0                                  0

PRECIPITATION (INCHES)
TOTALS           0.11              2.03   -1.92     1.69
DAILY AVG.       0.00              0.07   -0.07     0.05
DAYS >= .01         4                                  8
DAYS >= .10         0                                  6
DAYS >= .50         0                                  1
DAYS >= 1.00        0                                  0
GREATEST
 24 HR. TOTAL    0.07   07/19 TO 07/19              0.62

DEGREE_DAYS
HEATING TOTAL      16                 8       8        3
 SINCE 7/1         16                 8       8        3
COOLING TOTAL     250               305     -55      333
 SINCE 1/1        346               455    -109      481
.................................................................

WIND (MPH)
AVERAGE WIND SPEED              8.2
HIGHEST WIND SPEED/DIRECTION    35/340    DATE  07/01
HIGHEST GUST SPEED/DIRECTION    43/340    DATE  07/01

AVERAGE RH (PERCENT)     61

WEATHER CONDITIONS. NUMBER OF DAYS WITH
THUNDERSTORM              0     MIXED PRECIP               0
HEAVY RAIN                0     RAIN                       1
LIGHT RAIN               10     FREEZING RAIN              0
LT FREEZING RAIN          0     HAIL                       0
HEAVY SNOW                0     SNOW                       0
LIGHT SNOW                0     SLEET                      0
FOG                       5     FOG W/VIS <= 1/4 MILE      0
HAZE                      2

-  INDICATES NEGATIVE NUMBERS.
R  INDICATES RECORD WAS SET OR TIED.
MM INDICATES DATA IS MISSING.
T  INDICATES TRACE AMOUNT.

$$




U.S. Dept. of Commerce
NOAA National Weather Service
1325 East West Highway
Silver Spring, MD 20910
E-mail: w-nws.webmaster@noaa.gov
Page last modified: May 16, 2007
NATIONAL WEATHER SERVICE: for Safety, for Work, for Fun - FOR LIFE