405
CXUS53 KUNR 011604
CLMPHP


CLIMATE REPORT
NATIONAL WEATHER SERVICE RAPID CITY SD
1004 AM MDT TUE JUL 1 2014

...................................

...THE PHILIP SD CLIMATE SUMMARY FOR THE MONTH OF JUNE 2014...

CLIMATE NORMAL PERIOD 1981 TO 2010
CLIMATE RECORD PERIOD 9999 TO 9999

WEATHER         OBSERVED          NORMAL  DEPART  LAST YEAR`S
                 VALUE   DATE(S)  VALUE   FROM    VALUE  DATE(S)
                                          NORMAL
................................................................
TEMPERATURE (F)
HIGHEST            93   06/21                         95  06/26
LOWEST             43   06/12                         37  06/02
                        06/08
AVG. MAXIMUM     76.4              80.5    -4.1     81.4
AVG. MINIMUM     51.7              53.5    -1.8     52.3
MEAN             64.1              67.0    -2.9     66.9
DAYS MAX >= 90      1                                  6
DAYS MAX <= 32      0                                  0
DAYS MIN <= 32      0                                  0
DAYS MIN <= 0       0                                  0

PRECIPITATION (INCHES)
TOTALS           4.00              2.93    1.07     1.90
DAILY AVG.       0.13              0.10    0.03     0.06
DAYS >= .01        15                                  7
DAYS >= .10         9                                  4
DAYS >= .50         2                                  1
DAYS >= 1.00        1                                  1
GREATEST
 24 HR. TOTAL    1.38   06/13 TO 06/14              1.24

DEGREE_DAYS
HEATING TOTAL      78                63      15       64
 SINCE 7/1       7545              7197     348     7086
COOLING TOTAL      56               123     -67      127
 SINCE 1/1         96               150     -54      148
.................................................................

WIND (MPH)
AVERAGE WIND SPEED              9.4
HIGHEST WIND SPEED/DIRECTION    46/350    DATE  06/14
HIGHEST GUST SPEED/DIRECTION    54/350    DATE  06/14

AVERAGE RH (PERCENT)     71

WEATHER CONDITIONS. NUMBER OF DAYS WITH
THUNDERSTORM              0     MIXED PRECIP               0
HEAVY RAIN                6     RAIN                       5
LIGHT RAIN               16     FREEZING RAIN              0
LT FREEZING RAIN          0     HAIL                       0
HEAVY SNOW                0     SNOW                       0
LIGHT SNOW                0     SLEET                      0
FOG                      13     FOG W/VIS <= 1/4 MILE      4
HAZE                      1

-  INDICATES NEGATIVE NUMBERS.
R  INDICATES RECORD WAS SET OR TIED.
MM INDICATES DATA IS MISSING.
T  INDICATES TRACE AMOUNT.

$$




U.S. Dept. of Commerce
NOAA National Weather Service
1325 East West Highway
Silver Spring, MD 20910
E-mail: w-nws.webmaster@noaa.gov
Page last modified: May 16, 2007
NATIONAL WEATHER SERVICE: for Safety, for Work, for Fun - FOR LIFE