711
CXUS53 KUNR 011621
CLMPHP


CLIMATE REPORT
NATIONAL WEATHER SERVICE RAPID CITY SD
1020 AM MDT MON SEP 1 2014

...................................

...THE PHILIP SD CLIMATE SUMMARY FOR THE MONTH OF AUGUST 2014...

CLIMATE NORMAL PERIOD 1981 TO 2010
CLIMATE RECORD PERIOD 9999 TO 9999

WEATHER         OBSERVED          NORMAL  DEPART  LAST YEAR`S
                 VALUE   DATE(S)  VALUE   FROM    VALUE  DATE(S)
                                          NORMAL
................................................................
TEMPERATURE (F)
HIGHEST           100   08/14                        103  08/26
LOWEST             49   08/11                         55  08/31
                                                          08/07
AVG. MAXIMUM     85.5              88.8    -3.3     87.1
AVG. MINIMUM     58.9              58.2     0.7     60.5
MEAN             72.2              73.5    -1.3     73.8
DAYS MAX >= 90     11                                 11
DAYS MAX <= 32      0                                  0
DAYS MIN <= 32      0                                  0
DAYS MIN <= 0       0                                  0

PRECIPITATION (INCHES)
TOTALS           4.50              1.50    3.00     1.26
DAILY AVG.       0.15              0.05    0.10     0.04
DAYS >= .01        11                                 12
DAYS >= .10         8                                  5
DAYS >= .50         2                                  0
DAYS >= 1.00        1                                  0
GREATEST
 24 HR. TOTAL    2.10   08/22 TO 08/23              0.51

DEGREE_DAYS
HEATING TOTAL       3                17     -14        0
 SINCE 7/1         19                25      -6        3
COOLING TOTAL     233               280     -47      282
 SINCE 1/1        579               735    -156      763
.................................................................

WIND (MPH)
AVERAGE WIND SPEED              8.7
HIGHEST WIND SPEED/DIRECTION    40/240    DATE  08/14
HIGHEST GUST SPEED/DIRECTION    50/200    DATE  08/30

AVERAGE RH (PERCENT)     66

WEATHER CONDITIONS. NUMBER OF DAYS WITH
THUNDERSTORM              0     MIXED PRECIP               0
HEAVY RAIN                6     RAIN                       9
LIGHT RAIN               16     FREEZING RAIN              0
LT FREEZING RAIN          0     HAIL                       0
HEAVY SNOW                0     SNOW                       0
LIGHT SNOW                0     SLEET                      0
FOG                      11     FOG W/VIS <= 1/4 MILE      2
HAZE                      0

-  INDICATES NEGATIVE NUMBERS.
R  INDICATES RECORD WAS SET OR TIED.
MM INDICATES DATA IS MISSING.
T  INDICATES TRACE AMOUNT.

$$




U.S. Dept. of Commerce
NOAA National Weather Service
1325 East West Highway
Silver Spring, MD 20910
E-mail: w-nws.webmaster@noaa.gov
Page last modified: May 16, 2007
NATIONAL WEATHER SERVICE: for Safety, for Work, for Fun - FOR LIFE