904
CXUS53 KUNR 011602
CLMPHP


CLIMATE REPORT
NATIONAL WEATHER SERVICE RAPID CITY SD
902 AM MST THU JAN 1 2015

...................................

...THE PHILIP SD CLIMATE SUMMARY FOR THE MONTH OF DECEMBER 2014...

CLIMATE NORMAL PERIOD 1981 TO 2010
CLIMATE RECORD PERIOD 9999 TO 9999

WEATHER         OBSERVED          NORMAL  DEPART  LAST YEAR`S
                 VALUE   DATE(S)  VALUE   FROM    VALUE  DATE(S)
                                          NORMAL
................................................................
TEMPERATURE (F)
HIGHEST            72   12/12                         56  12/18
                                                          12/02
                                                          12/01
LOWEST            -15   12/30                        -28  12/23
AVG. MAXIMUM     40.1              35.6     4.5     27.6
AVG. MINIMUM     12.6              10.5     2.1      4.4
MEAN             26.4              23.0     3.4     16.0
DAYS MAX >= 90      0                                  0
DAYS MAX <= 32     11                                 17
DAYS MIN <= 32     31                                 30
DAYS MIN <= 0       5                                 13

PRECIPITATION (INCHES)
TOTALS           0.30              0.43   -0.13     1.02
DAILY AVG.       0.01              0.01    0.00     0.03
DAYS >= .01         6                                 11
DAYS >= .10         1                                  2
DAYS >= .50         0                                  0
DAYS >= 1.00        0                                  0
GREATEST
 24 HR. TOTAL    0.13   12/25 TO 12/25              0.46

DEGREE_DAYS
HEATING TOTAL    1191              1300    -109     1512
 SINCE 7/1       2846              2935     -89     3023
COOLING TOTAL       0                 0       0        0
 SINCE 1/1        649               818    -169      945
.................................................................

WIND (MPH)
AVERAGE WIND SPEED              9.0
HIGHEST WIND SPEED/DIRECTION    38/310    DATE  12/07
HIGHEST GUST SPEED/DIRECTION    49/310    DATE  12/07

AVERAGE RH (PERCENT)     69

WEATHER CONDITIONS. NUMBER OF DAYS WITH
THUNDERSTORM              0     MIXED PRECIP               0
HEAVY RAIN                0     RAIN                       0
LIGHT RAIN                2     FREEZING RAIN              0
LT FREEZING RAIN          2     HAIL                       0
HEAVY SNOW                0     SNOW                       0
LIGHT SNOW                7     SLEET                      0
FOG                       7     FOG W/VIS <= 1/4 MILE      0
HAZE                      2

-  INDICATES NEGATIVE NUMBERS.
R  INDICATES RECORD WAS SET OR TIED.
MM INDICATES DATA IS MISSING.
T  INDICATES TRACE AMOUNT.

$$




U.S. Dept. of Commerce
NOAA National Weather Service
1325 East West Highway
Silver Spring, MD 20910
E-mail: w-nws.webmaster@noaa.gov
Page last modified: May 16, 2007
NATIONAL WEATHER SERVICE: for Safety, for Work, for Fun - FOR LIFE