851
CXUS53 KUNR 011644
CLMPHP


CLIMATE REPORT
NATIONAL WEATHER SERVICE RAPID CITY SD
1041 AM MDT SAT NOV 1 2014

...................................

...THE PHILIP SD CLIMATE SUMMARY FOR THE MONTH OF OCTOBER 2014...

CLIMATE NORMAL PERIOD 1981 TO 2010
CLIMATE RECORD PERIOD 9999 TO 9999

WEATHER         OBSERVED          NORMAL  DEPART  LAST YEAR`S
                 VALUE   DATE(S)  VALUE   FROM    VALUE  DATE(S)
                                          NORMAL
................................................................
TEMPERATURE (F)
HIGHEST            86   10/15                         74  10/07
                                                          10/01
LOWEST             16R  10/29                         24  10/24
AVG. MAXIMUM     67.6              63.0     4.6     56.6
AVG. MINIMUM     34.4              33.9     0.5     34.3
MEAN             51.0              48.4     2.6     45.5
DAYS MAX >= 90      0                                  0
DAYS MAX <= 32      0                                  1
DAYS MIN <= 32     13                                 14
DAYS MIN <= 0       0                                  0

PRECIPITATION (INCHES)
TOTALS           0.23              1.43   -1.20     3.87
DAILY AVG.       0.01              0.05   -0.04     0.14
DAYS >= .01         3                                  9
DAYS >= .10         1                                  5
DAYS >= .50         0                                  2
DAYS >= 1.00        0                                  2
GREATEST
 24 HR. TOTAL    0.19   10/11 TO 10/12              1.67
                        10/12 TO 10/12
                        10/12 TO 10/13

DEGREE_DAYS
HEATING TOTAL     427               517     -90      520
 SINCE 7/1        618               703     -85      583
COOLING TOTAL       0                 4      -4        0
 SINCE 1/1        649               818    -169      945
.................................................................

WIND (MPH)
AVERAGE WIND SPEED              10.4
HIGHEST WIND SPEED/DIRECTION    43/320    DATE  10/03
HIGHEST GUST SPEED/DIRECTION    53/310    DATE  10/16

AVERAGE RH (PERCENT)     58

WEATHER CONDITIONS. NUMBER OF DAYS WITH
THUNDERSTORM              0     MIXED PRECIP               0
HEAVY RAIN                0     RAIN                       1
LIGHT RAIN                8     FREEZING RAIN              0
LT FREEZING RAIN          0     HAIL                       0
HEAVY SNOW                0     SNOW                       0
LIGHT SNOW                0     SLEET                      0
FOG                       2     FOG W/VIS <= 1/4 MILE      0
HAZE                      2

-  INDICATES NEGATIVE NUMBERS.
R  INDICATES RECORD WAS SET OR TIED.
MM INDICATES DATA IS MISSING.
T  INDICATES TRACE AMOUNT.

$$




U.S. Dept. of Commerce
NOAA National Weather Service
1325 East West Highway
Silver Spring, MD 20910
E-mail: w-nws.webmaster@noaa.gov
Page last modified: May 16, 2007
NATIONAL WEATHER SERVICE: for Safety, for Work, for Fun - FOR LIFE