198
CXUS53 KUNR 011614
CLMPHP


CLIMATE REPORT
NATIONAL WEATHER SERVICE RAPID CITY SD
914 AM MST MON DEC 1 2014

...................................

...THE PHILIP SD CLIMATE SUMMARY FOR THE MONTH OF NOVEMBER 2014...

CLIMATE NORMAL PERIOD 1981 TO 2010
CLIMATE RECORD PERIOD 9999 TO 9999

WEATHER         OBSERVED          NORMAL  DEPART  LAST YEAR`S
                 VALUE   DATE(S)  VALUE   FROM    VALUE  DATE(S)
                                          NORMAL
................................................................
TEMPERATURE (F)
HIGHEST            70   11/02                         65  11/19
LOWEST            -10R  11/14                          4  11/21
AVG. MAXIMUM     41.4              47.1    -5.7     47.2
AVG. MINIMUM     14.0              20.8    -6.8     20.4
MEAN             27.7              33.9    -6.2     33.8
DAYS MAX >= 90      0                                  0
DAYS MAX <= 32     12                                  5
DAYS MIN <= 32     24                                 28
DAYS MIN <= 0       8                                  0

PRECIPITATION (INCHES)
TOTALS           0.28              0.62   -0.34     0.41
DAILY AVG.       0.01              0.02   -0.01     0.01
DAYS >= .01         5                                  3
DAYS >= .10         1                                  1
DAYS >= .50         0                                  0
DAYS >= 1.00        0                                  0
GREATEST
 24 HR. TOTAL    0.16   11/10 TO 11/10              0.39

DEGREE_DAYS
HEATING TOTAL    1037               932     105      928
 SINCE 7/1       1655              1635      20     1511
COOLING TOTAL       0                 0       0        0
 SINCE 1/1        649               818    -169      945
.................................................................

WIND (MPH)
AVERAGE WIND SPEED              11.1
HIGHEST WIND SPEED/DIRECTION    41/330    DATE  11/07
HIGHEST GUST SPEED/DIRECTION    54/MM     DATE   MM

AVERAGE RH (PERCENT)     64

WEATHER CONDITIONS. NUMBER OF DAYS WITH
THUNDERSTORM              0     MIXED PRECIP               0
HEAVY RAIN                0     RAIN                       0
LIGHT RAIN                4     FREEZING RAIN              1
LT FREEZING RAIN          2     HAIL                       0
HEAVY SNOW                0     SNOW                       0
LIGHT SNOW               12     SLEET                      0
FOG                       4     FOG W/VIS <= 1/4 MILE      1
HAZE                      4

-  INDICATES NEGATIVE NUMBERS.
R  INDICATES RECORD WAS SET OR TIED.
MM INDICATES DATA IS MISSING.
T  INDICATES TRACE AMOUNT.

$$




U.S. Dept. of Commerce
NOAA National Weather Service
1325 East West Highway
Silver Spring, MD 20910
E-mail: w-nws.webmaster@noaa.gov
Page last modified: May 16, 2007
NATIONAL WEATHER SERVICE: for Safety, for Work, for Fun - FOR LIFE