209
CXUS51 KPHI 031100
CLMPHL


CLIMATE REPORT
NATIONAL WEATHER SERVICE MOUNT HOLLY NJ
700 AM EDT THU APR 3 2014

...................................

...THE PHILADELPHIA CLIMATE SUMMARY FOR THE MONTH OF MARCH 2014...

CLIMATE NORMAL PERIOD 1981 TO 2010
CLIMATE RECORD PERIOD 1872 TO 2014

WEATHER         OBSERVED          NORMAL  DEPART  LAST YEAR`S
                 VALUE   DATE(S)  VALUE   FROM    VALUE  DATE(S)
                                          NORMAL
................................................................
TEMPERATURE (F)
RECORD
 HIGH              87   03/29/1945
 LOW                5   03/05/1872
HIGHEST            69                73      -4       62
LOWEST             12                19      -7       28
AVG. MAXIMUM     48.1              52.7    -4.6     49.0
AVG. MINIMUM     29.6              34.4    -4.8     33.4
MEAN             38.9              43.5    -4.6     41.2
DAYS MAX >= 90      0               0.0     0.0        0
DAYS MAX <= 32      2               0.6     1.4        0
DAYS MIN <= 32     18              11.6     6.4       15
DAYS MIN <= 0       0               0.0     0.0        0

PRECIPITATION (INCHES)
RECORD
 MAXIMUM         9.10   1912
 MINIMUM         0.38   1910
TOTALS           4.23              3.79    0.44     2.42
DAILY AVG.       0.14              0.12    0.02     0.08
DAYS >= .01        11              10.5     0.5        8
DAYS >= .10         6               6.7    -0.7        6
DAYS >= .50         3               2.6     0.4        1
DAYS >= 1.00        1               1.0     0.0        0
GREATEST
 24 HR. TOTAL    1.72   03/29 TO 03/29              0.90

SNOWFALL (INCHES)
RECORDS
 TOTAL             MM   5
 24 HR TOTAL       MM
TOTALS            8.5               2.9     5.6      1.3
SINCE 7/1        68.0              21.9    46.1      8.3
SNOWDEPTH AVG.      1                MM      MM        0
DAYS >= 1.0         2               0.7     1.3        1
GREATEST
 SNOW DEPTH         5   03/17                          1  03/25
 24 HR TOTAL      4.7   MM                           1.1

DEGREE_DAYS
HEATING TOTAL     801               665     136      730
 SINCE 7/1       4457              4147     310     3937
COOLING TOTAL       0                 1      -1        0
 SINCE 1/1          0                 1      -1        0
.................................................................

WIND (MPH)
AVERAGE WIND SPEED              11.0
HIGHEST WIND SPEED/DIRECTION    38/290    DATE  03/12
HIGHEST GUST SPEED/DIRECTION    48/330    DATE  03/13

SKY COVER
POSSIBLE SUNSHINE (PERCENT)   MM
AVERAGE SKY COVER           0.70
NUMBER OF DAYS FAIR            4
NUMBER OF DAYS PC             16
NUMBER OF DAYS CLOUDY         11

AVERAGE RH (PERCENT)     52

WEATHER CONDITIONS. NUMBER OF DAYS WITH
THUNDERSTORM              0     MIXED PRECIP               0
HEAVY RAIN                4     RAIN                       4
LIGHT RAIN               10     FREEZING RAIN              0
LT FREEZING RAIN          0     HEAVY SNOW                 0
SNOW                      2     LIGHT SNOW                 7
SLEET                     2     FOG                        8
FOG W/VIS <= 1/4 MILE     0     HAZE                       6

-  INDICATES NEGATIVE NUMBERS.
R  INDICATES RECORD WAS SET OR TIED.
MM INDICATES DATA IS MISSING.
T  INDICATES TRACE AMOUNT.

$$




U.S. Dept. of Commerce
NOAA National Weather Service
1325 East West Highway
Silver Spring, MD 20910
E-mail: w-nws.webmaster@noaa.gov
Page last modified: May 16, 2007
NATIONAL WEATHER SERVICE: for Safety, for Work, for Fun - FOR LIFE