780
CXUS51 KPHI 011246
CLMPHL


CLIMATE REPORT
NATIONAL WEATHER SERVICE MOUNT HOLLY NJ
746 AM EST MON DEC 1 2014

...................................

...THE PHILADELPHIA CLIMATE SUMMARY FOR THE MONTH OF NOVEMBER 2014...

CLIMATE NORMAL PERIOD 1981 TO 2010
CLIMATE RECORD PERIOD 1872 TO 2014

WEATHER         OBSERVED          NORMAL  DEPART  LAST YEAR`S
                 VALUE   DATE(S)  VALUE   FROM    VALUE  DATE(S)
                                          NORMAL
................................................................
TEMPERATURE (F)
RECORD
 HIGH              84   11/01/1950
 LOW                8   11/30/1875
HIGHEST            72                73      -1       71
LOWEST             20                24      -4       20
AVG. MAXIMUM     53.2              56.0    -2.8     54.0
AVG. MINIMUM     37.2              39.2    -2.0     36.9
MEAN             45.2              47.6    -2.4     45.5
DAYS MAX >= 90      0               0.0     0.0        0
DAYS MAX <= 32      0               0.0     0.0        1
DAYS MIN <= 32      9               5.7     3.3        9
DAYS MIN <= 0       0               0.0     0.0        0

PRECIPITATION (INCHES)
RECORD
 MAXIMUM         9.06   1972
 MINIMUM         0.32   1976
TOTALS           4.07              2.99    1.08     2.73
DAILY AVG.       0.14              0.10    0.04     0.09
DAYS >= .01         8               9.3    -1.3        6
DAYS >= .10         6               6.0     0.0        4
DAYS >= .50         4               2.2     1.8        2
DAYS >= 1.00        1               0.6     0.4        1
GREATEST
 24 HR. TOTAL    1.13   11/16 TO 11/17              2.17

SNOWFALL (INCHES)
RECORDS
 TOTAL             MM   5
 24 HR TOTAL       MM
TOTALS              T               0.3    -0.3        T
SINCE 7/1           T               0.3    -0.3        T
SNOWDEPTH AVG.      0                MM      MM        0
DAYS >= 1.0         0               0.2    -0.2        0
GREATEST
 SNOW DEPTH         0   MM                             0  MM
 24 HR TOTAL        T   11/27 TO 11/27                 T

DEGREE_DAYS
HEATING TOTAL     588               523      65      577
 SINCE 7/1        778               816     -38      806
COOLING TOTAL       0                 1      -1        0
 SINCE 1/1       1311              1301      10     1411
.................................................................

WIND (MPH)
AVERAGE WIND SPEED              10.1
HIGHEST WIND SPEED/DIRECTION    38/330    DATE  11/02
HIGHEST GUST SPEED/DIRECTION    48/330    DATE  11/02

SKY COVER
POSSIBLE SUNSHINE (PERCENT)   MM
AVERAGE SKY COVER           0.60
NUMBER OF DAYS FAIR            5
NUMBER OF DAYS PC             15
NUMBER OF DAYS CLOUDY         10

AVERAGE RH (PERCENT)     58

WEATHER CONDITIONS. NUMBER OF DAYS WITH
THUNDERSTORM              0     MIXED PRECIP               0
HEAVY RAIN                2     RAIN                       6
LIGHT RAIN               15     FREEZING RAIN              0
LT FREEZING RAIN          0     HEAVY SNOW                 0
SNOW                      2     LIGHT SNOW                 4
SLEET                     1     FOG                       10
FOG W/VIS <= 1/4 MILE     1     HAZE                       2

-  INDICATES NEGATIVE NUMBERS.
R  INDICATES RECORD WAS SET OR TIED.
MM INDICATES DATA IS MISSING.
T  INDICATES TRACE AMOUNT.

$$




U.S. Dept. of Commerce
NOAA National Weather Service
1325 East West Highway
Silver Spring, MD 20910
E-mail: w-nws.webmaster@noaa.gov
Page last modified: May 16, 2007
NATIONAL WEATHER SERVICE: for Safety, for Work, for Fun - FOR LIFE