433
CXUS51 KPHI 011201
CLMPHL


CLIMATE REPORT
NATIONAL WEATHER SERVICE MOUNT HOLLY NJ
801 AM EDT TUE JUL 1 2014

...................................

...THE PHILADELPHIA CLIMATE SUMMARY FOR THE MONTH OF JUNE 2014...

CLIMATE NORMAL PERIOD 1981 TO 2010
CLIMATE RECORD PERIOD 1872 TO 2014

WEATHER         OBSERVED          NORMAL  DEPART  LAST YEAR`S
                 VALUE   DATE(S)  VALUE   FROM    VALUE  DATE(S)
                                          NORMAL
................................................................
TEMPERATURE (F)
RECORD
 HIGH             102   06/29/1934
 LOW               44   06/01/1984
                        06/08/1977
                        06/11/1972
HIGHEST            94                94       0       93
LOWEST             54                51       3       57
AVG. MAXIMUM     83.7              82.7     1.0     83.6
AVG. MINIMUM     65.3              63.8     1.5     65.6
MEAN             74.5              73.3     1.2     74.6
DAYS MAX >= 90      3               4.8    -1.8        4
DAYS MAX <= 32      0               0.0     0.0        0
DAYS MIN <= 32      0               0.0     0.0        0
DAYS MIN <= 0       0               0.0     0.0        0

PRECIPITATION (INCHES)
RECORD
 MAXIMUM        10.56   2013
 MINIMUM         0.11   1949
TOTALS           5.46              3.43    2.03    10.56
DAILY AVG.       0.18              0.11    0.07     0.35
DAYS >= .01        10               9.8     0.2       15
DAYS >= .10         7               6.2     0.8       11
DAYS >= .50         4               2.3     1.7        6
DAYS >= 1.00        1               0.8     0.2        2
GREATEST
 24 HR. TOTAL    2.59   06/10 TO 06/10              3.60
                        06/09 TO 06/10
                        06/10 TO 06/10

SNOWFALL (INCHES)
RECORDS
 TOTAL             MM   5
 24 HR TOTAL       MM
TOTALS            0.0               0.0     0.0      0.0
SINCE 7/1        68.0              22.4    45.6      8.3
SNOWDEPTH AVG.      0                MM      MM        0
DAYS >= 1.0         0               0.0     0.0        0
GREATEST
 SNOW DEPTH         0   MM                             0  MM
 24 HR TOTAL      0.0   06/30 TO 06/30               0.0

DEGREE_DAYS
HEATING TOTAL       0                11     -11        0
 SINCE 7/1       4850              4613     237     4358
COOLING TOTAL     292               258      34      294
 SINCE 1/1        375               349      26      418
.................................................................

WIND (MPH)
AVERAGE WIND SPEED              7.4
HIGHEST WIND SPEED/DIRECTION    31/260    DATE  06/19
HIGHEST GUST SPEED/DIRECTION    37/260    DATE  06/19

SKY COVER
POSSIBLE SUNSHINE (PERCENT)   MM
AVERAGE SKY COVER           0.60
NUMBER OF DAYS FAIR            3
NUMBER OF DAYS PC             19
NUMBER OF DAYS CLOUDY          8

AVERAGE RH (PERCENT)     60

WEATHER CONDITIONS. NUMBER OF DAYS WITH
THUNDERSTORM              0     MIXED PRECIP               0
HEAVY RAIN                5     RAIN                       9
LIGHT RAIN               13     FREEZING RAIN              0
LT FREEZING RAIN          0     HEAVY SNOW                 0
SNOW                      0     LIGHT SNOW                 0
SLEET                     0     FOG                        9
FOG W/VIS <= 1/4 MILE     0     HAZE                       3

-  INDICATES NEGATIVE NUMBERS.
R  INDICATES RECORD WAS SET OR TIED.
MM INDICATES DATA IS MISSING.
T  INDICATES TRACE AMOUNT.

$$




U.S. Dept. of Commerce
NOAA National Weather Service
1325 East West Highway
Silver Spring, MD 20910
E-mail: w-nws.webmaster@noaa.gov
Page last modified: May 16, 2007
NATIONAL WEATHER SERVICE: for Safety, for Work, for Fun - FOR LIFE