092
CXUS56 KPDT 011642
CLMPDT

CLIMATE REPORT
NATIONAL WEATHER SERVICE PENDLETON OREGON
937 AM PDT SAT NOV 01 2014

....................................

...THE PENDLETON OR CLIMATE SUMMARY FOR THE MONTH OF OCTOBER 2014...

CLIMATE NORMAL PERIOD 1981 TO 2010
CLIMATE RECORD PERIOD 1934 TO 2014

WEATHER         OBSERVED          NORMAL  DEPART  LAST YEAR`S
                 VALUE   DATE(S)  VALUE   FROM    VALUE  DATE(S)
                                          NORMAL

................................................................

TEMPERATURE (F)
RECORD
 HIGH              92  10/ 5/1980
 LOW               11  10/30/1935
HIGHEST            86  10/ 6       80         6            73  10/ 5
LOWEST             37  10/27       26        11            29  10/29
AVG. MAXIMUM     70.2            63.7       6.5          61.7
AVG. MINUMUM     45.3            40.1       5.2          36.3
MEAN             57.7            51.9       5.8          49.0
DAYS MAX >= 90      0               0         0             0
DAYS MAX <= 32      0               0         0             0
DAYS MIN <= 32      0               4        -4             4
DAYS MIN <= 0       0               0         0             4


PRECIPITATION (INCHES)
RECORD
 MAXIMUM          2.79   1947
 MINIMUM             T   1987
TOTALS            0.60            1.01     -0.41          0.32
DAILY AVG.        0.02            0.03     -0.01          0.01
DAYS >=  0.01        9               7         2             4
DAYS >=  0.10        2               3        -1             2
DAYS >=  0.50        0               0         0             0
DAYS >=  1.00        0               0         0             0
GREATEST
 24 HR. TOTAL     0.18  10/20



SNOWFALL (INCHES)
RECORD
 MAXIMUM           3.2   1973
 MINIMUM           0.0   2011
TOTALS             0.0             0.1      -0.1             T
SINCE 7/1          0.0             0.1      -0.1           0.0
DAYS >=  TRACE                       0         0             1
DAYS >=  1.0         0               0         0             0
GREATEST
 24 HR. TOTAL      0.0  10/31


DEGREE DAYS
HEATING TOTAL      228             407      -179           491
 SINCE 7/1         294             534      -240           597
COOLING TOTAL       12               0        12             0
 SINCE 1/1         839             633       206           831

.............................................................

WIND (MPH)
AVERAGE WIND SPEED                     8.3
RESULTANT WIND SPEED/DIRECTION         5/183
HIGHEST WIND SPEED/DIRECTION          41/260      DATE          10/11
HIGHEST GUST SPEED/DIRECTION        51.8/250      DATE          10/25


WEATHER CONDITIONS. NUMBER OF DAYS WITH
THUNDERSTORM               0    MIXED PRECIP                        0
HEAVY RAIN                 1    RAIN                                0
LIGHT RAIN                13    FREEZING RAIN                       0
LT FREEZING RAIN           0    HAIL                                0
HEAVY SNOW                 0    SNOW                                0
LIGHT SNOW                 0    SLEET                               0
FOG                       11    FOG W/VIS <=1/4 MILE                1
HAZE                       9

-  INDICATES NEGATIVE NUMBERS.
R  INDICATES RECORD WAS SET OR TIED.
MM INDICATES DATA IS MISSING.
T  INDICATES TRACE AMOUNT.

$$








U.S. Dept. of Commerce
NOAA National Weather Service
1325 East West Highway
Silver Spring, MD 20910
E-mail: w-nws.webmaster@noaa.gov
Page last modified: May 16, 2007
NATIONAL WEATHER SERVICE: for Safety, for Work, for Fun - FOR LIFE