666
CXUS56 KPDT 011555
CLMPDT

CLIMATE REPORT
NATIONAL WEATHER SERVICE PENDLETON OREGON
846 AM PDT WED OCT 01 2014

....................................

...THE PENDLETON OR CLIMATE SUMMARY FOR THE MONTH OF SEPTEMBER 2014...

CLIMATE NORMAL PERIOD 1981 TO 2010
CLIMATE RECORD PERIOD 1934 TO 2014

WEATHER         OBSERVED          NORMAL  DEPART  LAST YEAR`S
                 VALUE   DATE(S)  VALUE   FROM    VALUE  DATE(S)
                                          NORMAL

................................................................

TEMPERATURE (F)
RECORD
 HIGH             102   9/ 6/1955
 LOW               30   9/25/1970
HIGHEST            89   9/21       92        -3            99   9/15
LOWEST             37   9/12       38        -1            42   9/19
AVG. MAXIMUM     79.5            77.4       2.1          77.9
AVG. MINUMUM     50.2            49.4       0.8          52.4
MEAN             64.9            63.4       1.5          65.2
DAYS MAX >= 90      0               2        -2             8
DAYS MAX <= 32      0               0         0             0
DAYS MIN <= 32      0               0         0             0
DAYS MIN <= 0       0               0         0             0


PRECIPITATION (INCHES)
RECORD
 MAXIMUM          2.34   1941
 MINIMUM          0.00   1975
TOTALS            0.22            0.57     -0.35          2.20
DAILY AVG.        0.01            0.02     -0.01          0.07
DAYS >=  0.01        2               4        -2            14
DAYS >=  0.10        1               2        -1             7
DAYS >=  0.50        0               0         0             1
DAYS >=  1.00        0               0         0             0
GREATEST
 24 HR. TOTAL     0.21   9/22



SNOWFALL (INCHES)
RECORD
 MAXIMUM           0.0   2013
 MINIMUM           0.0   2013
TOTALS             0.0             0.0       0.0           0.0
SINCE 7/1          0.0             0.0       0.0           0.0
DAYS >=  TRACE                       0         0
DAYS >=  1.0         0               0         0             0
GREATEST
 24 HR. TOTAL      0.0   9/30


DEGREE DAYS
HEATING TOTAL       63             112       -49           106
 SINCE 7/1          66             127       -61           106
COOLING TOTAL       66              64         2           121
 SINCE 1/1         827             633       194           831

.............................................................

WIND (MPH)
AVERAGE WIND SPEED                     8.7
RESULTANT WIND SPEED/DIRECTION         5/167
HIGHEST WIND SPEED/DIRECTION          39/250      DATE          09/02
HIGHEST GUST SPEED/DIRECTION          50/260      DATE          09/02


WEATHER CONDITIONS. NUMBER OF DAYS WITH
THUNDERSTORM               1    MIXED PRECIP                       0
HEAVY RAIN                 0    RAIN                               0
LIGHT RAIN                 6    FREEZING RAIN                      0
LT FREEZING RAIN           0    HAIL                               0
HEAVY SNOW                 0    SNOW                               0
LIGHT SNOW                 0    SLEET                              0
FOG                        0    FOG W/VIS <=1/4 MILE               0
HAZE                       7

-  INDICATES NEGATIVE NUMBERS.
R  INDICATES RECORD WAS SET OR TIED.
MM INDICATES DATA IS MISSING.
T  INDICATES TRACE AMOUNT.

$$







U.S. Dept. of Commerce
NOAA National Weather Service
1325 East West Highway
Silver Spring, MD 20910
E-mail: w-nws.webmaster@noaa.gov
Page last modified: May 16, 2007
NATIONAL WEATHER SERVICE: for Safety, for Work, for Fun - FOR LIFE