779
CXUS56 KPDT 011504
CLMPDT

CLIMATE REPORT
NATIONAL WEATHER SERVICE PENDLETON OREGON
702 AM PST MON DEC 01 2014

....................................

...THE PENDLETON OR CLIMATE SUMMARY FOR THE MONTH OF NOVEMBER 2014...

CLIMATE NORMAL PERIOD 1981 TO 2010
CLIMATE RECORD PERIOD 1934 TO 2014

WEATHER         OBSERVED          NORMAL  DEPART  LAST YEAR`S
                 VALUE   DATE(S)  VALUE   FROM    VALUE  DATE(S)
                                          NORMAL

................................................................

TEMPERATURE (F)
RECORD
 HIGH              80  11/12/1999
 LOW              -12  11/23/1985
HIGHEST            70  11/ 5       66         4            64  11/ 1
LOWEST              2  11/16       20       -18            11  11/22
AVG. MAXIMUM     45.1            49.2      -4.1          47.5
AVG. MINUMUM     28.7            33.4      -4.7          29.7
MEAN             36.9            41.3      -4.4          38.6
DAYS MAX >= 90      0               0         0             0
DAYS MAX <= 32     10               2         8             0
DAYS MIN <= 32     15              12         3            12
DAYS MIN <= 0       0               0         0            12


PRECIPITATION (INCHES)
RECORD
 MAXIMUM          3.76   1973
 MINIMUM          0.04   1939
TOTALS            1.30            1.52     -0.22          0.67
DAILY AVG.        0.04            0.05     -0.01          0.02
DAYS >=  0.01       10              12        -2             9
DAYS >=  0.10        6               5         1             3
DAYS >=  0.50        0               0         0             0
DAYS >=  1.00        0               0         0             0
GREATEST
 24 HR. TOTAL     0.30  11/ 1



SNOWFALL (INCHES)
RECORD
 MAXIMUM          14.9   1985
 MINIMUM           0.0   2013
TOTALS             4.6             1.4       3.2           0.0
SINCE 7/1          4.6             1.5       3.1           0.0
DAYS >=  TRACE       3               1         1
DAYS >=  1.0         1               0         0             0
GREATEST
 24 HR. TOTAL      3.7  11/13


DEGREE DAYS
HEATING TOTAL      836             710       126           786
 SINCE 7/1        1130            1244      -114          1383
COOLING TOTAL        0               0         0             0
 SINCE 1/1         839             633       206           831

.............................................................

WIND (MPH)
AVERAGE WIND SPEED                     8.6
RESULTANT WIND SPEED/DIRECTION         6/197
HIGHEST WIND SPEED/DIRECTION          43/270      DATE          11/09
HIGHEST GUST SPEED/DIRECTION          50/260      DATE          11/09


WEATHER CONDITIONS. NUMBER OF DAYS WITH
THUNDERSTORM               0    MIXED PRECIP                           0
HEAVY RAIN                 0    RAIN                                   2
LIGHT RAIN                14    FREEZING RAIN                          0
LT FREEZING RAIN           1    HAIL                                   0
HEAVY SNOW                 0    SNOW                                   2
LIGHT SNOW                 2    SLEET                                  0
FOG                       15    FOG W/VIS <=1/4 MILE                   6
HAZE                      13

-  INDICATES NEGATIVE NUMBERS.
R  INDICATES RECORD WAS SET OR TIED.
MM INDICATES DATA IS MISSING.
T  INDICATES TRACE AMOUNT.

$$







U.S. Dept. of Commerce
NOAA National Weather Service
1325 East West Highway
Silver Spring, MD 20910
E-mail: w-nws.webmaster@noaa.gov
Page last modified: May 16, 2007
NATIONAL WEATHER SERVICE: for Safety, for Work, for Fun - FOR LIFE