579
CXUS56 KPDT 011545
CLMPDT

CLIMATE REPORT
NATIONAL WEATHER SERVICE PENDLETON OREGON
834 AM PDT TUE APR 01 2014

....................................

...THE PENDLETON OR CLIMATE SUMMARY FOR THE MONTH OF MARCH 2014...

CLIMATE NORMAL PERIOD 1981 TO 2010
CLIMATE RECORD PERIOD 1934 TO 2014

WEATHER         OBSERVED          NORMAL  DEPART  LAST YEAR`S
                 VALUE   DATE(S)  VALUE   FROM    VALUE  DATE(S)
                                          NORMAL

................................................................

TEMPERATURE (F)
RECORD
 HIGH              80   3/29/2004
 LOW                1   3/ 1/1993
HIGHEST            69   3/15       68         1            70   3/30
LOWEST             22   3/ 2       25        -3            22   3/24
AVG. MAXIMUM     57.1            55.2       1.9          56.8
AVG. MINUMUM     33.6            34.9      -1.3          34.5
MEAN             45.4            45.0       0.4          45.6
DAYS MAX >= 90      0               0         0             0
DAYS MAX <= 32      1               0         1             0
DAYS MIN <= 32     11              10         1            13
DAYS MIN <= 0       0               0         0            13


PRECIPITATION (INCHES)
RECORD
 MAXIMUM          2.82   1983
 MINIMUM          0.24   1941
TOTALS            2.26            1.32      0.94          0.53
DAILY AVG.        0.07            0.04      0.03          0.02
DAYS >=  0.01       14              12         2             8
DAYS >=  0.10        8               4         4             2
DAYS >=  0.50        1               0         1             0
DAYS >=  1.00        0               0         0             0
GREATEST
 24 HR. TOTAL     0.61   3/28



SNOWFALL (INCHES)
RECORD
 MAXIMUM           4.9   1971
 MINIMUM           0.0   1992
TOTALS             1.0             0.7       0.3           0.1
SINCE 7/1         21.7            15.2       6.5           2.0
DAYS >=  TRACE       2               1         1             2
DAYS >=  1.0         0               0         0             0
GREATEST
 24 HR. TOTAL      0.9   3/ 1


DEGREE DAYS
HEATING TOTAL      601             617       -16           593
 SINCE 7/1        4866            4510       356          4326
COOLING TOTAL        0               0         0             0
 SINCE 1/1           0               0         0             0

.............................................................

WIND (MPH)
AVERAGE WIND SPEED                     9.4
RESULTANT WIND SPEED/DIRECTION         7/190
HIGHEST WIND SPEED/DIRECTION          44/270      DATE          03/17
HIGHEST GUST SPEED/DIRECTION          52/270      DATE          03/05


WEATHER CONDITIONS. NUMBER OF DAYS WITH
THUNDERSTORM               0    MIXED PRECIP                           0
HEAVY RAIN                 2    RAIN                                   5
LIGHT RAIN                15    FREEZING RAIN                          0
LT FREEZING RAIN           1    HAIL                                   0
HEAVY SNOW                 0    SNOW                                   0
LIGHT SNOW                 2    SLEET                                  0
FOG                       11    FOG W/VIS <=1/4 MILE                   0
HAZE                       2

-  INDICATES NEGATIVE NUMBERS.
R  INDICATES RECORD WAS SET OR TIED.
MM INDICATES DATA IS MISSING.
T  INDICATES TRACE AMOUNT.

$$







U.S. Dept. of Commerce
NOAA National Weather Service
1325 East West Highway
Silver Spring, MD 20910
E-mail: w-nws.webmaster@noaa.gov
Page last modified: May 16, 2007
NATIONAL WEATHER SERVICE: for Safety, for Work, for Fun - FOR LIFE