920
CXUS52 KMFL 011705
CLMPBI

CLIMATE REPORT
NATIONAL WEATHER SERVICE MIAMI, FL
101 PM EDT WED OCT 1 2014

...................................

...THE WEST PALM BEACH CLIMATE SUMMARY FOR THE MONTH OF SEPTEMBER 2014...

CLIMATE NORMAL PERIOD 1981 TO 2010
CLIMATE RECORD PERIOD 1894 TO 2014

WEATHER         OBSERVED          NORMAL  DEPART  LAST YEAR`S
                 VALUE   DATE(S)  VALUE   FROM    VALUE
                                          NORMAL
.............................................................
TEMPERATURE (F)
RECORD
 HIGH              97   09/12/1911
 LOW                    09/02/2013
HIGHEST            91   09/30                         92
                        09/05
LOWEST             73   09/24                         72
                        09/22
                        09/19
AVG. MAXIMUM     88.2              88.3    -0.1     88.3
AVG. MINIMUM     75.4              75.2     0.2     74.8
MEAN             81.8              81.8     0.0     81.5
DAYS MAX >= 90      3                                 10
DAYS MAX <= 32      0                                  0
DAYS MIN <= 32      0                                  0
DAYS MIN <= 0       0                                  0

PRECIPITATION (INCHES)
RECORD
 MAXIMUM        29.40   2004
 MINIMUM         1.77   1988
TOTALS           9.14              8.35    0.79     9.10
DAILY AVG.       0.30              0.28    0.02     0.30
DAYS >= .01        23                                 16
DAYS >= .10        16                                 11
DAYS >= .50         6                                  8
DAYS >= 1.00        2                                  3
GREATEST
 24 HR. TOTAL    2.40   09/06 TO 09/07              2.67

DEGREE_DAYS
HEATING TOTAL       0                 0       0        0
 SINCE 7/1          0                 0       0        0
COOLING TOTAL     512               502      10      502
 SINCE 1/1       3520              3208     312     3373
..............................................................

WIND (MPH)
AVERAGE WIND SPEED              6.6
HIGHEST WIND SPEED/DIRECTION    29/150    DATE  09/14
HIGHEST GUST SPEED/DIRECTION    39/150    DATE  09/14

SKY COVER
POSSIBLE SUNSHINE (PERCENT)   MM
AVERAGE SKY COVER           0.60
NUMBER OF DAYS FAIR            0
NUMBER OF DAYS PC             27
NUMBER OF DAYS CLOUDY          3

AVERAGE RH (PERCENT)     79

WEATHER CONDITIONS. NUMBER OF DAYS WITH
THUNDERSTORM              0     MIXED PRECIP               0
HEAVY RAIN               14     RAIN                      12
LIGHT RAIN               24     FREEZING RAIN              0
LT FREEZING RAIN          0     HAIL                       0
HEAVY SNOW                0     SNOW                       0
LIGHT SNOW                0     SLEET                      0
FOG                      13     FOG W/VIS <= 1/4 MILE      0
HAZE                      0

-  INDICATES NEGATIVE NUMBERS.
R  INDICATES RECORD WAS SET OR TIED.
MM INDICATES DATA IS MISSING.
T  INDICATES TRACE AMOUNT.

$$




U.S. Dept. of Commerce
NOAA National Weather Service
1325 East West Highway
Silver Spring, MD 20910
E-mail: w-nws.webmaster@noaa.gov
Page last modified: May 16, 2007
NATIONAL WEATHER SERVICE: for Safety, for Work, for Fun - FOR LIFE