853
CXUS52 KMFL 012212 CCA
CLMPBI

CLIMATE REPORT
NATIONAL WEATHER SERVICE MIAMI, FL
109 PM EST MON DEC 1 2014

...................................

...THE WEST PALM BEACH CLIMATE SUMMARY FOR THE MONTH OF NOVEMBER 2014...

CLIMATE NORMAL PERIOD 1981 TO 2010
CLIMATE RECORD PERIOD 1888 TO 2014

WEATHER         OBSERVED          NORMAL  DEPART  LAST YEAR`S
                 VALUE   DATE(S)  VALUE   FROM    VALUE
                                          NORMAL
.............................................................
TEMPERATURE (F)
RECORD
 HIGH              92   11/03/1919
                        11/02/1919
 LOW               36   11/26/1950
                        11/25/1917
                        11/28/1903
HIGHEST            89   11/17                         89
LOWEST             49   11/02                         47
AVG. MAXIMUM     78.9              80.1    -1.2     82.7
AVG. MINIMUM     63.1              65.5    -2.4     70.0
MEAN             71.0              72.8    -1.8     76.4
DAYS MAX >= 90      0                                  0
DAYS MAX <= 32      0                                  0
DAYS MIN <= 32      0                                  0
DAYS MIN <= 0       0                                  0

PRECIPITATION (INCHES)
RECORD
 MAXIMUM        14.63   1982
 MINIMUM         0.10   1892
TOTALS           1.94              4.75   -2.81     2.78
DAILY AVG.       0.06              0.16   -0.10     0.09
DAYS >= .01        12                                 11
DAYS >= .10         7                                  7
DAYS >= .50         0                                  4
DAYS >= 1.00        0                                  0
GREATEST
 24 HR. TOTAL    0.77   11/09 TO 11/10              0.58

DEGREE_DAYS
HEATING TOTAL      17                11       6        4
 SINCE 7/1         17                12       5        4
COOLING TOTAL     204               245     -41      354
 SINCE 1/1       4140              3866     274     4201
..............................................................

WIND (MPH)
AVERAGE WIND SPEED              11.0
HIGHEST WIND SPEED/DIRECTION    31/090    DATE  11/22
HIGHEST GUST SPEED/DIRECTION    38/090    DATE  11/22

SKY COVER
POSSIBLE SUNSHINE (PERCENT)   MM
AVERAGE SKY COVER           0.50
NUMBER OF DAYS FAIR            9
NUMBER OF DAYS PC             15
NUMBER OF DAYS CLOUDY          6

AVERAGE RH (PERCENT)     71

WEATHER CONDITIONS. NUMBER OF DAYS WITH
THUNDERSTORM              1     MIXED PRECIP               0
HEAVY RAIN                2     RAIN                       4
LIGHT RAIN               12     FREEZING RAIN              0
LT FREEZING RAIN          0     HAIL                       0
HEAVY SNOW                0     SNOW                       0
LIGHT SNOW                0     SLEET                      0
FOG                       5     FOG W/VIS <= 1/4 MILE      0
HAZE                      1

-  INDICATES NEGATIVE NUMBERS.
R  INDICATES RECORD WAS SET OR TIED.
MM INDICATES DATA IS MISSING.
T  INDICATES TRACE AMOUNT.

$$




U.S. Dept. of Commerce
NOAA National Weather Service
1325 East West Highway
Silver Spring, MD 20910
E-mail: w-nws.webmaster@noaa.gov
Page last modified: May 16, 2007
NATIONAL WEATHER SERVICE: for Safety, for Work, for Fun - FOR LIFE