518
CXUS52 KMFL 011519
CLMPBI

CLIMATE REPORT
NATIONAL WEATHER SERVICE MIAMI, FL
1108 AM EDT TUE APR 1 2014

...................................

...THE WEST PALM BEACH CLIMATE SUMMARY FOR THE MONTH OF MARCH 2014...

CLIMATE NORMAL PERIOD 1981 TO 2010
CLIMATE RECORD PERIOD 1894 TO 2014

WEATHER         OBSERVED          NORMAL  DEPART  LAST YEAR`S
                 VALUE   DATE(S)  VALUE   FROM    VALUE
                                          NORMAL
.............................................................
TEMPERATURE (F)
RECORD
 HIGH              95   03/31/2011
                        03/26/1928
                        05/15/1995
 LOW               26   03/02/1920
HIGHEST            89   03/23                         90
LOWEST             51   03/08                         38
AVG. MAXIMUM     79.8              78.7     1.1     74.7
AVG. MINIMUM     62.4              62.2     0.2     55.4
MEAN             71.1              70.5     0.6     65.0
DAYS MAX >= 90      0                                  1
DAYS MAX <= 32      0                                  0
DAYS MIN <= 32      0                                  0
DAYS MIN <= 0       0                                  0

PRECIPITATION (INCHES)
RECORD
 MAXIMUM        16.78   1982
 MINIMUM         0.00   1922
TOTALS           2.40              4.59   -2.19     0.97
DAILY AVG.       0.08              0.15   -0.07     0.03
DAYS >= .01         8                                  3
DAYS >= .10         6                                  2
DAYS >= .50         2                                  1
DAYS >= 1.00        0                                  0
GREATEST
 24 HR. TOTAL    0.69   03/29 TO 03/29

SNOWFALL (INCHES)
RECORDS
 TOTAL            0.0   5
                        0
                        -26215
TOTALS            0.0               0.0     0.0      0.0
SINCE 7/1         0.0               0.0     0.0      0.0

DEGREE_DAYS
HEATING TOTAL       7                24     -17       81
 SINCE 7/1        122               229    -107      164
COOLING TOTAL     202               193       9       90
 SINCE 1/1        548               428     120      471
..............................................................

WIND (MPH)
AVERAGE WIND SPEED              10.0
HIGHEST WIND SPEED/DIRECTION    35/270    DATE  03/18
HIGHEST GUST SPEED/DIRECTION    46/270    DATE  03/18

SKY COVER
AVERAGE SKY COVER           0.50

AVERAGE RH (PERCENT)     69

WEATHER CONDITIONS. NUMBER OF DAYS WITH
THUNDERSTORM              2     MIXED PRECIP               0
HEAVY RAIN                5     RAIN                       2
LIGHT RAIN                7     FREEZING RAIN              0
LT FREEZING RAIN          0     HAIL                       0
HEAVY SNOW                0     SNOW                       0
LIGHT SNOW                0     SLEET                      0
FOG                       7     FOG W/VIS <= 1/4 MILE      0
HAZE                      1

-  INDICATES NEGATIVE NUMBERS.
R  INDICATES RECORD WAS SET OR TIED.
MM INDICATES DATA IS MISSING.
T  INDICATES TRACE AMOUNT.

$$




U.S. Dept. of Commerce
NOAA National Weather Service
1325 East West Highway
Silver Spring, MD 20910
E-mail: w-nws.webmaster@noaa.gov
Page last modified: May 16, 2007
NATIONAL WEATHER SERVICE: for Safety, for Work, for Fun - FOR LIFE