082
CXUS52 KMFL 011500
CLMPBI

CLIMATE REPORT
NATIONAL WEATHER SERVICE MIAMI, FL
1051 AM EDT FRI AUG 1 2014

...................................

...THE WEST PALM BEACH CLIMATE SUMMARY FOR THE MONTH OF JULY 2014...

CLIMATE NORMAL PERIOD 1981 TO 2010
CLIMATE RECORD PERIOD 1894 TO 2014

WEATHER         OBSERVED          NORMAL  DEPART  LAST YEAR`S
                 VALUE   DATE(S)  VALUE   FROM    VALUE
                                          NORMAL
.............................................................
TEMPERATURE (F)
RECORD
 HIGH             101   07/21/1942
 LOW               66   07/03/1921
HIGHEST            95   07/03                         94
LOWEST             72   07/09                         74
AVG. MAXIMUM     89.9              89.9     0.0     89.2
AVG. MINIMUM     75.9              75.5     0.4     77.5
MEAN             82.9              82.7     0.2     83.3
DAYS MAX >= 90     19                                 15
DAYS MAX <= 32      0                                  0
DAYS MIN <= 32      0                                  0
DAYS MIN <= 0       0                                  0

PRECIPITATION (INCHES)
RECORD
 MAXIMUM        23.28   1933
 MINIMUM         0.51   1892
TOTALS           7.73              5.76    1.97     5.84
DAILY AVG.       0.25              0.19    0.06     0.19
DAYS >= .01        23                                 19
DAYS >= .10        16                                 12
DAYS >= .50         6                                  5
DAYS >= 1.00        2                                  2
GREATEST
 24 HR. TOTAL    1.07   07/01 TO 07/01              1.98

DEGREE_DAYS
HEATING TOTAL       0                 0       0        0
 SINCE 7/1          0                 0       0        0
COOLING TOTAL     564               549      15      576
 SINCE 1/1       2404              2148     256     2250
..............................................................

WIND (MPH)
AVERAGE WIND SPEED              6.5
HIGHEST WIND SPEED/DIRECTION    35/230    DATE  07/17
HIGHEST GUST SPEED/DIRECTION    46/240    DATE  07/17

SKY COVER
AVERAGE SKY COVER           0.60

AVERAGE RH (PERCENT)     76

WEATHER CONDITIONS. NUMBER OF DAYS WITH
THUNDERSTORM             27     MIXED PRECIP               0
HEAVY RAIN               14     RAIN                      12
LIGHT RAIN               22     FREEZING RAIN              0
LT FREEZING RAIN          0     HAIL                       0
HEAVY SNOW                0     SNOW                       0
LIGHT SNOW                0     SLEET                      0
FOG                      14     FOG W/VIS <= 1/4 MILE      1
HAZE                      4

-  INDICATES NEGATIVE NUMBERS.
R  INDICATES RECORD WAS SET OR TIED.
MM INDICATES DATA IS MISSING.
T  INDICATES TRACE AMOUNT.

$$




U.S. Dept. of Commerce
NOAA National Weather Service
1325 East West Highway
Silver Spring, MD 20910
E-mail: w-nws.webmaster@noaa.gov
Page last modified: May 16, 2007
NATIONAL WEATHER SERVICE: for Safety, for Work, for Fun - FOR LIFE