621
CXUS54 KLZK 011557
CLMPBF


CLIMATE REPORT
NATIONAL WEATHER SERVICE LITTLE ROCK AR
1053 AM CDT SAT NOV 1 2014

...................................

...THE PINE BLUFF CLIMATE SUMMARY FOR THE MONTH OF OCTOBER 2014...

CLIMATE NORMAL PERIOD 1981 TO 2010
CLIMATE RECORD PERIOD 1883 TO 2014

WEATHER         OBSERVED          NORMAL  DEPART  LAST YEAR`S
                 VALUE   DATE(S)  VALUE   FROM    VALUE  DATE(S)
                                          NORMAL
................................................................
TEMPERATURE (F)
RECORD
 HIGH             100   10/09/1928
 LOW               25   10/30/1917
HIGHEST            90   10/02        76      14       87  10/05
                        10/01                             10/04
LOWEST             41   10/31        52     -11       39  10/26
AVG. MAXIMUM     76.6              75.1     1.5     73.7
AVG. MINIMUM     53.5              51.6     1.9     53.8
MEAN             65.1              63.4     1.7     63.8
DAYS MAX >= 90      2               0.3     1.7        0
DAYS MAX <= 32      0               0.0     0.0        0
DAYS MIN <= 32      0               0.2    -0.2        0
DAYS MIN <= 0       0               0.0     0.0        0

PRECIPITATION (INCHES)
RECORD
 MAXIMUM        14.34   2009
 MINIMUM         0.00   1924
TOTALS           6.36              5.00    1.36     3.94
DAILY AVG.       0.21              0.16    0.05     0.13
DAYS >= .01         9               8.2     0.8       12
DAYS >= .10         8                                  6
DAYS >= .50         6                                  4
DAYS >= 1.00        2               1.7     0.3        2
GREATEST
 24 HR. TOTAL    1.74   10/13 TO 10/13

SNOWFALL (INCHES)
RECORDS
 TOTAL              T   1993
                        1917
 24 HR TOTAL        T   10/30/1993 TO 10/30/1993
                        10/30/1917 TO 10/30/1917
TOTALS            0.0               0.0     0.0      0.0
 LIQUID EQUIV    0.00              0.00    0.00     0.00
SINCE 7/1         0.0               0.0     0.0      0.0
 LIQUID 7/1      0.00              0.00    0.00     0.00
SNOWDEPTH AVG.      0
DAYS >= TRACE       0               0.0     0.0        0
DAYS >= 1.0         0                                  0
GREATEST
 SNOW DEPTH         0   MM
 24 HR TOTAL      0.0

DEGREE_DAYS
HEATING TOTAL      81               126     -45      119
 SINCE 7/1         85               137     -52      119
COOLING TOTAL      92                75      17       90
 SINCE 1/1       1898              2119    -221     2142

FREEZE DATES
RECORD
 EARLIEST     10/10/2000
 LATEST       04/25/1910
EARLIEST                        11/12
LATEST                          03/16
..................................................

WIND (MPH)
AVERAGE WIND SPEED              6.5
HIGHEST WIND SPEED/DIRECTION    35/270    DATE  10/02
HIGHEST GUST SPEED/DIRECTION    45/270    DATE  10/02

SKY COVER
POSSIBLE SUNSHINE (PERCENT)   MM
AVERAGE SKY COVER           0.20
NUMBER OF DAYS FAIR           22
NUMBER OF DAYS PC              5
NUMBER OF DAYS CLOUDY          4

AVERAGE RH (PERCENT)     71

WEATHER CONDITIONS. NUMBER OF DAYS WITH
THUNDERSTORM              0     MIXED PRECIP               0
HEAVY RAIN                7     RAIN                       6
LIGHT RAIN                9     FREEZING RAIN              0
LT FREEZING RAIN          0     HAIL                       0
HEAVY SNOW                0     SNOW                       0
LIGHT SNOW                0     SLEET                      0
FOG                      16     FOG W/VIS <= 1/4 MILE      5
HAZE                      5

-  INDICATES NEGATIVE NUMBERS.
R  INDICATES RECORD WAS SET OR TIED.
MM INDICATES DATA IS MISSING.
T  INDICATES TRACE AMOUNT.

&&

...DATA FOR PINE BLUFF FOR OCTOBER 2014...

.SUMMARY...
OCTOBER TEMPERATURES WERE A LITTLE OVER 1.5 DEGREES ABOVE
AVERAGE...AND WERE THE WARMEST IN SEVERAL YEARS. THE WARMEST PERIODS
WERE FROM THE 6TH THROUGH 10TH...AND AGAIN FROM THE 25TH THROUGH
29TH...WHERE AVERAGE READINGS WERE...AT TIMES...NEAR 10 DEGREES
ABOVE NORMAL. COOL PERIODS THIS MONTH WERE NOT PROLONGED...BUT WERE
INSTEAD SCATTERED OUT DURING THE MONTH.

.MONTHLY TEMPERATURES...
THE AVERAGE HIGH TEMPERATURE WAS THE WARMEST SINCE 2010. THE AVERAGE
LOW TEMPERATURE WAS THE COOLEST SINCE 2012. THE AVERAGE MONTHLY
TEMPERATURE WAS THE WARMEST SINCE 2007.

.DAILY AVERAGE TEMPERATURES...

ABOVE NORMAL ON 16 DAYS...NORMAL ON ONE DAY...AND BELOW NORMAL ON
14 DAYS.

.NUMBER OF DAYS WITH TEMPERATURES...

AT OR ABOVE  90....2...MOST SINCE 2010
AT OR BELOW  40....0...LEAST SINCE 2007

.DAILY TEMPERATURE RECORDS TIED OR BROKEN DURING THE MONTH...

NONE.

.RAINFALL...

RAINFALL WAS ABOVE THE 30-YEAR AVERAGE FOR THE FIRST TIME SINCE
2009. IT WAS ALSO THE WETTEST OCTOBER SINCE 2009.

.DAILY RAINFALL RECORDS TIED OR BROKEN DURING THE MONTH...

NONE.

$$

57




U.S. Dept. of Commerce
NOAA National Weather Service
1325 East West Highway
Silver Spring, MD 20910
E-mail: w-nws.webmaster@noaa.gov
Page last modified: May 16, 2007
NATIONAL WEATHER SERVICE: for Safety, for Work, for Fun - FOR LIFE