464
CXUS54 KLZK 011018
CLMPBF


CLIMATE REPORT
NATIONAL WEATHER SERVICE LITTLE ROCK AR
514 AM CDT TUE JUL 1 2014

...................................

...THE PINE BLUFF CLIMATE SUMMARY FOR THE MONTH OF JUNE 2014...

CLIMATE NORMAL PERIOD 1981 TO 2010
CLIMATE RECORD PERIOD 1883 TO 2014

WEATHER         OBSERVED          NORMAL  DEPART  LAST YEAR`S
                 VALUE   DATE(S)  VALUE   FROM    VALUE  DATE(S)
                                          NORMAL
................................................................
TEMPERATURE (F)
RECORD
 HIGH             107   06/20/1936
                        06/20/1918
 LOW               49   06/02/1984
                        06/03/1956
                        06/12/1903
HIGHEST            93   06/21        89       4       96  06/28
LOWEST             62   06/14        69      -7       59  06/08
AVG. MAXIMUM     87.5              89.1    -1.6     88.4
AVG. MINIMUM     69.9              69.0     0.9     69.2
MEAN             78.7              79.1    -0.4     78.8
DAYS MAX >= 90     12              15.2    -3.2       16
DAYS MAX <= 32      0               0.0     0.0        0
DAYS MIN <= 32      0               0.0     0.0        0
DAYS MIN <= 0       0               0.0     0.0        0

PRECIPITATION (INCHES)
RECORD
 MAXIMUM        10.18   1927
 MINIMUM         0.05   1930
TOTALS           3.35              3.58   -0.23     1.98
DAILY AVG.       0.11              0.12   -0.01     0.07
DAYS >= .01         9               8.9     0.1        5
DAYS >= .10         4                                  3
DAYS >= .50         2                                  2
DAYS >= 1.00        2               0.8     1.2        0
GREATEST
 24 HR. TOTAL    1.62   06/08 TO 06/09

SNOWFALL (INCHES)
TOTALS            0.0               0.0     0.0      0.0
 LIQUID EQUIV    0.00              0.00    0.00     0.00
SINCE 7/1         3.7               3.1     0.6      2.1
 LIQUID 7/1      0.37              0.30    0.07     0.21
SNOWDEPTH AVG.      0
DAYS >= TRACE       0               0.0     0.0        0
DAYS >= 1.0         0                                  0
GREATEST
 SNOW DEPTH         0   MM
 24 HR TOTAL      0.0

DEGREE_DAYS
HEATING TOTAL       0                 0       0        0
 SINCE 7/1       3453              2881     572     2957
COOLING TOTAL     418               422      -4      421
 SINCE 1/1        681               729     -48      688

FREEZE DATES
RECORD
 EARLIEST     10/10/2000
 LATEST       04/25/1910
EARLIEST      11/13             11/12
LATEST        03/26             03/16
.................................................

WIND (MPH)
AVERAGE WIND SPEED              6.5
HIGHEST WIND SPEED/DIRECTION    30/270    DATE  06/09
HIGHEST GUST SPEED/DIRECTION    41/320    DATE  06/08

SKY COVER
POSSIBLE SUNSHINE (PERCENT)   MM
AVERAGE SKY COVER           0.30
NUMBER OF DAYS FAIR           20
NUMBER OF DAYS PC             10
NUMBER OF DAYS CLOUDY          0

AVERAGE RH (PERCENT)     75

WEATHER CONDITIONS. NUMBER OF DAYS WITH
THUNDERSTORM              0     MIXED PRECIP               0
HEAVY RAIN                5     RAIN                       4
LIGHT RAIN                8     FREEZING RAIN              0
LT FREEZING RAIN          0     HAIL                       0
HEAVY SNOW                0     SNOW                       0
LIGHT SNOW                0     SLEET                      0
FOG                      13     FOG W/VIS <= 1/4 MILE      0
HAZE                      6

-  INDICATES NEGATIVE NUMBERS.
R  INDICATES RECORD WAS SET OR TIED.
MM INDICATES DATA IS MISSING.
T  INDICATES TRACE AMOUNT.

&&

...DATA FOR PINE BLUFF FOR JUNE 2014...

.SUMMARY...
FOR THE SECOND JUNE IN A ROW...THERE WERE NO DAYS WITH TEMPERATURES
AT OR ABOVE 100 DEGREES. HIGHS WERE THE COLDEST IN A DECADE...WHILE
LOWS WERE THE WARMEST IN THREE YEARS. FOR THE FIRST TIME SINCE 2008...
THERE WERE NO TEMPERATURES GREATER THAN 92 DEGREES.

EVEN THOUGH RAINFALL WAS BELOW AVERAGE...IT WAS STILL THE WETTEST
JUNE IN EIGHT YEARS.

.MONTHLY TEMPERATURES...
THE AVERAGE HIGH TEMPERATURE WAS THE COLDEST SINCE 2004.

THE AVERAGE LOW TEMPERATURE WAS WARMEST SINCE 2011.

THE AVERAGE MONTHLY TEMPERATURE WAS THE COLDEST SINCE 2006.

.DAILY AVERAGE TEMPERATURES...

ABOVE NORMAL ON 16 DAYS...NORMAL ON TWO DAYS...AND BELOW NORMAL ON
12 DAYS.

.NUMBER OF DAYS WITH TEMPERATURES...

HIGHS AT OR ABOVE 90 DEGREES...12...FEWEST SINCE 2004
HIGHS AT OR BELOW 80 DEGREES....3...FEWEST SINCE 2012
LOWS AT OR BELOW 70 DEGREES....17...FEWEST SINCE 2011

.DAILY TEMPERATURE RECORDS TIED OR BROKEN DURING THE MONTH...

NONE

.RAINFALL...

IT WAS THE WETTEST JUNE SINCE 2006...BUT RAINFALL WAS BELOW AVERAGE.

.DAILY RAINFALL RECORDS TIED OR BROKEN DURING THE MONTH...

NONE.

$$

57




U.S. Dept. of Commerce
NOAA National Weather Service
1325 East West Highway
Silver Spring, MD 20910
E-mail: w-nws.webmaster@noaa.gov
Page last modified: May 16, 2007
NATIONAL WEATHER SERVICE: for Safety, for Work, for Fun - FOR LIFE