467
CXUS53 KDDC 011311
CLMP28


CLIMATE REPORT
NATIONAL WEATHER SERVICE DODGE CITY KS
811 AM CDT MON SEP 1 2014

...................................

...THE MEDICINE LODGE KS CLIMATE SUMMARY FOR THE MONTH OF AUGUST 2014...

CLIMATE NORMAL PERIOD 1981 TO 2010
CLIMATE RECORD PERIOD 1893 TO 2014

WEATHER         OBSERVED          NORMAL  DEPART  LAST YEAR`S
                 VALUE   DATE(S)  VALUE   FROM    VALUE  DATE(S)
                                          NORMAL
................................................................
TEMPERATURE (F)
RECORD
 HIGH             118   08/12/1936
 LOW               40   08/27/1906
HIGHEST           103   08/24        MM      MM      103  08/31
                        08/22                             08/30
LOWEST             59   08/12        MM      MM       60  08/10
                        08/01
AVG. MAXIMUM     94.2              92.7     1.5     89.9
AVG. MINIMUM     68.0              67.9     0.1     67.2
MEAN             81.1              80.3     0.8     78.5
DAYS MAX >= 90     24              20.0     4.0       17
DAYS MAX <= 32      0               0.0     0.0        0
DAYS MIN <= 32      0               0.0     0.0        0
DAYS MIN <= 0       0               0.0     0.0        0

PRECIPITATION (INCHES)
RECORD
 MAXIMUM           MM   MM
 MINIMUM           MM   MM
TOTALS           2.01              3.12   -1.11     6.29
DAYS >= .01         7               7.9    -0.9       10
DAYS >= .10         5               5.2    -0.2        9
DAYS >= .50         1               1.9    -0.9        2
DAYS >= 1.00        0               0.8    -0.8        2
GREATEST
 24 HR. TOTAL    0.81   08/28 TO 08/29           08/08 TO 08/08
                                                          08/07 TO 08/08
                                                          08/08 TO 08/08

DEGREE_DAYS
HEATING TOTAL       0                 0       0        0
 SINCE 7/1          5                 0       5        0
COOLING TOTAL     504               474      30      427
 SINCE 1/1       1484              1511     -27     1449
.........................................................

WIND (MPH)
AVERAGE WIND SPEED              7.7
HIGHEST WIND SPEED/DIRECTION    30/190    DATE  08/31
HIGHEST GUST SPEED/DIRECTION    44/190    DATE  08/31



-  INDICATES NEGATIVE NUMBERS.
R  INDICATES RECORD WAS SET OR TIED.
MM INDICATES DATA IS MISSING.
T  INDICATES TRACE AMOUNT.

$$




U.S. Dept. of Commerce
NOAA National Weather Service
1325 East West Highway
Silver Spring, MD 20910
E-mail: w-nws.webmaster@noaa.gov
Page last modified: May 16, 2007
NATIONAL WEATHER SERVICE: for Safety, for Work, for Fun - FOR LIFE