446
CXUS53 KDDC 031531
CLMP28


CLIMATE REPORT
NATIONAL WEATHER SERVICE DODGE CITY KS
924 AM CST MON NOV 3 2014

...................................

...THE MEDICINE LODGE KS CLIMATE SUMMARY FOR THE MONTH OF OCTOBER 2014...

CLIMATE NORMAL PERIOD 1981 TO 2010
CLIMATE RECORD PERIOD 1893 TO 2014

WEATHER         OBSERVED          NORMAL  DEPART  LAST YEAR`S
                 VALUE   DATE(S)  VALUE   FROM    VALUE  DATE(S)
                                          NORMAL
................................................................
TEMPERATURE (F)
RECORD
 HIGH             100   10/09/1921
 LOW                9   10/30/1917
HIGHEST            92   10/26        MM      MM       90  10/04
                        10/07
LOWEST             34   10/31        MM      MM       29  10/27
                        10/04                             10/19
AVG. MAXIMUM     76.4              71.2     5.2     70.5
AVG. MINIMUM     47.2              46.1     1.1     44.1
MEAN             61.8              58.6     3.2     57.3
DAYS MAX >= 90      3               1.1     1.9        1
DAYS MAX <= 32      0               0.0     0.0        0
DAYS MIN <= 32      0               1.9    -1.9        3
DAYS MIN <= 0       0               0.0     0.0        0

PRECIPITATION (INCHES)
RECORD
 MAXIMUM         8.51   1941
 MINIMUM         0.00   2001
                        1978
                        1952
                        1950
TOTALS           0.70              2.84   -2.14     1.83
DAYS >= .01         6               7.5    -1.5        7
DAYS >= .10         2               4.0    -2.0        5
DAYS >= .50         0               1.7    -1.7        1
DAYS >= 1.00        0               0.7    -0.7        0
GREATEST
 24 HR. TOTAL    0.55   10/12 TO 10/13           10/29 TO 10/29

DEGREE_DAYS
HEATING TOTAL     155               235     -80      277
 SINCE 7/1        179               269     -90      287
COOLING TOTAL      65                38      27       45
 SINCE 1/1       1802              1769      33     1786
..................................................

WIND (MPH)
AVERAGE WIND SPEED              8.2
HIGHEST WIND SPEED/DIRECTION    35/360    DATE  10/13
HIGHEST GUST SPEED/DIRECTION    48/020    DATE  10/13



-  INDICATES NEGATIVE NUMBERS.
R  INDICATES RECORD WAS SET OR TIED.
MM INDICATES DATA IS MISSING.
T  INDICATES TRACE AMOUNT.

$$





U.S. Dept. of Commerce
NOAA National Weather Service
1325 East West Highway
Silver Spring, MD 20910
E-mail: w-nws.webmaster@noaa.gov
Page last modified: May 16, 2007
NATIONAL WEATHER SERVICE: for Safety, for Work, for Fun - FOR LIFE