217
CXUS53 KDDC 021337
CLMP28


CLIMATE REPORT
NATIONAL WEATHER SERVICE DODGE CITY KS
832 AM CDT THU OCT 2 2014

...................................

...THE MEDICINE LODGE KS CLIMATE SUMMARY FOR THE MONTH OF SEPTEMBER 2014...

CLIMATE NORMAL PERIOD 1981 TO 2010
CLIMATE RECORD PERIOD 1893 TO 2014

WEATHER         OBSERVED          NORMAL  DEPART  LAST YEAR`S
                 VALUE   DATE(S)  VALUE   FROM    VALUE  DATE(S)
                                          NORMAL
................................................................
TEMPERATURE (F)
RECORD
 HIGH             113   09/29/1984
 LOW               29   09/21/1983
HIGHEST            99   09/09        MM      MM      101  09/07
LOWEST             46   09/13        MM      MM       43  09/29
AVG. MAXIMUM     85.2              83.8     1.4     87.8
AVG. MINIMUM     60.0              58.6     1.4     60.5
MEAN             72.6              71.2     1.4     74.2
DAYS MAX >= 90      8               7.6     0.4       15
DAYS MAX <= 32      0               0.0     0.0        0
DAYS MIN <= 32      0               0.0     0.0        0
DAYS MIN <= 0       0               0.0     0.0        0

PRECIPITATION (INCHES)
RECORD
 MAXIMUM        13.36   1923
 MINIMUM         0.00   1939
TOTALS           0.85              2.10   -1.25     1.09
DAYS >= .01         5               5.8    -0.8        4
DAYS >= .10         3               3.6    -0.6        2
DAYS >= .50         0               1.3    -1.3        1
DAYS >= 1.00        0               0.5    -0.5        0
GREATEST
 24 HR. TOTAL    0.36   09/02 TO 09/02           09/28 TO 09/28

DEGREE_DAYS
HEATING TOTAL      19                34     -15       10
 SINCE 7/1         24                34     -10       10
COOLING TOTAL     253               220      33      292
 SINCE 1/1       1737              1731       6     1741
.................................................

WIND (MPH)
AVERAGE WIND SPEED              9.8
HIGHEST WIND SPEED/DIRECTION    32/190    DATE  09/09
HIGHEST GUST SPEED/DIRECTION    42/180    DATE  09/09



-  INDICATES NEGATIVE NUMBERS.
R  INDICATES RECORD WAS SET OR TIED.
MM INDICATES DATA IS MISSING.
T  INDICATES TRACE AMOUNT.

$$





U.S. Dept. of Commerce
NOAA National Weather Service
1325 East West Highway
Silver Spring, MD 20910
E-mail: w-nws.webmaster@noaa.gov
Page last modified: May 16, 2007
NATIONAL WEATHER SERVICE: for Safety, for Work, for Fun - FOR LIFE