163
CXUS53 KDDC 011321
CLMP28


CLIMATE REPORT
NATIONAL WEATHER SERVICE DODGE CITY KS
821 AM CDT TUE JUL 1 2014

...................................

...THE MEDICINE LODGE KS CLIMATE SUMMARY FOR THE MONTH OF JUNE 2014...

CLIMATE NORMAL PERIOD 1981 TO 2010
CLIMATE RECORD PERIOD 1893 TO 2014

WEATHER         OBSERVED          NORMAL  DEPART  LAST YEAR`S
                 VALUE   DATE(S)  VALUE   FROM    VALUE  DATE(S)
                                          NORMAL
................................................................
TEMPERATURE (F)
RECORD
 HIGH             113   06/25/1911
 LOW               39   06/13/1903
HIGHEST            97   06/04        MM      MM      109  06/27
LOWEST             53   06/13        MM      MM       48  06/02
AVG. MAXIMUM     87.1              88.7    -1.6     91.7
AVG. MINIMUM     65.3              64.6     0.7     64.5
MEAN             76.2              76.6    -0.4     78.1
DAYS MAX >= 90     15              13.4     1.6       19
DAYS MAX <= 32      0               0.0     0.0        0
DAYS MIN <= 32      0               0.0     0.0        0
DAYS MIN <= 0       0               0.0     0.0        0

PRECIPITATION (INCHES)
RECORD
 MAXIMUM           MM   MM
 MINIMUM           MM   MM
TOTALS           7.89              4.11    3.78     2.22
DAYS >= .01        17               9.4     7.6        8
DAYS >= .10        12               6.2     5.8        4
DAYS >= .50         7               3.6     3.4        3
DAYS >= 1.00        3               1.3     1.7        0
GREATEST
 24 HR. TOTAL    1.39   06/06 TO 06/07           06/16 TO 06/17
                                                          06/30 TO 06/30
                                                          06/30 TO 06/30

DEGREE_DAYS
HEATING TOTAL       0                 3      -3        4
 SINCE 7/1       5023              4458     565     4523
COOLING TOTAL     342               353     -11      404
 SINCE 1/1        611               509     102      547
.................................................

WIND (MPH)
AVERAGE WIND SPEED              10.9
HIGHEST WIND SPEED/DIRECTION    51/350    DATE  06/11
HIGHEST GUST SPEED/DIRECTION    63/360    DATE  06/11



-  INDICATES NEGATIVE NUMBERS.
R  INDICATES RECORD WAS SET OR TIED.
MM INDICATES DATA IS MISSING.
T  INDICATES TRACE AMOUNT.

$$




U.S. Dept. of Commerce
NOAA National Weather Service
1325 East West Highway
Silver Spring, MD 20910
E-mail: w-nws.webmaster@noaa.gov
Page last modified: May 16, 2007
NATIONAL WEATHER SERVICE: for Safety, for Work, for Fun - FOR LIFE