572
CXUS53 KDDC 011753
CLMP28


CLIMATE REPORT
NATIONAL WEATHER SERVICE DODGE CITY KS
1152 AM CST MON DEC 1 2014

...................................

...THE MEDICINE LODGE KS CLIMATE SUMMARY FOR THE MONTH OF NOVEMBER 2014...

CLIMATE NORMAL PERIOD 1981 TO 2010
CLIMATE RECORD PERIOD 1893 TO 2014

WEATHER         OBSERVED          NORMAL  DEPART  LAST YEAR`S
                 VALUE   DATE(S)  VALUE   FROM    VALUE  DATE(S)
                                          NORMAL
................................................................
TEMPERATURE (F)
RECORD
 HIGH              91   11/08/2006
 LOW                0   11/29/1976
HIGHEST            81   11/10        MM      MM       80  11/16
LOWEST              7   11/18        MM      MM       12  11/27
AVG. MAXIMUM     53.7              58.0    -4.3     55.3
AVG. MINIMUM     27.5              32.8    -5.3     30.7
MEAN             40.6              45.4    -4.8     43.0
DAYS MAX >= 90      0               0.0     0.0        0
DAYS MAX <= 32      3               0.2     2.8        2
DAYS MIN <= 32     21              14.8     6.2       17
DAYS MIN <= 0       0               0.0     0.0        0

PRECIPITATION (INCHES)
RECORD
 MAXIMUM           MM   MM
 MINIMUM           MM   MM
TOTALS           0.30              0.93   -0.63     0.67
DAYS >= .01         4               3.8     0.2        4
DAYS >= .10         1               1.7    -0.7        3
DAYS >= .50         0               0.5    -0.5        0
DAYS >= 1.00        0               0.1    -0.1        0
GREATEST
 24 HR. TOTAL    0.23   11/16 TO 11/16           11/05 TO 11/05
                                                          11/22 TO 11/22
                                                          11/22 TO 11/22

DEGREE_DAYS
HEATING TOTAL     726               589     137      651
 SINCE 7/1        905               858      47      938
COOLING TOTAL       0                 1      -1        0
 SINCE 1/1       1802              1770      32     1786
...................................................

WIND (MPH)
AVERAGE WIND SPEED              9.6
HIGHEST WIND SPEED/DIRECTION    44/010    DATE  11/10
HIGHEST GUST SPEED/DIRECTION    57/010    DATE  11/10



-  INDICATES NEGATIVE NUMBERS.
R  INDICATES RECORD WAS SET OR TIED.
MM INDICATES DATA IS MISSING.
T  INDICATES TRACE AMOUNT.

$$




U.S. Dept. of Commerce
NOAA National Weather Service
1325 East West Highway
Silver Spring, MD 20910
E-mail: w-nws.webmaster@noaa.gov
Page last modified: May 16, 2007
NATIONAL WEATHER SERVICE: for Safety, for Work, for Fun - FOR LIFE