886
CXUS53 KDDC 011434
CLMP28


CLIMATE REPORT
NATIONAL WEATHER SERVICE DODGE CITY KS
932 AM CDT FRI AUG 1 2014

...................................

...THE MEDICINE LODGE KS CLIMATE SUMMARY FOR THE MONTH OF JULY 2014...

CLIMATE NORMAL PERIOD 1981 TO 2010
CLIMATE RECORD PERIOD 1893 TO 2014

WEATHER         OBSERVED          NORMAL  DEPART  LAST YEAR`S
                 VALUE   DATE(S)  VALUE   FROM    VALUE  DATE(S)
                                          NORMAL
................................................................
TEMPERATURE (F)
RECORD
 HIGH             115   07/14/1954
                        07/18/1936
 LOW               47   07/13/1975
HIGHEST           104   07/26        MM      MM      106  07/09
LOWEST             57   07/31        MM      MM       52  07/02
                        07/15
AVG. MAXIMUM     87.8              94.6    -6.8     92.2
AVG. MINIMUM     65.2              69.5    -4.3     67.8
MEAN             76.5              82.1    -5.6     80.0
DAYS MAX >= 90     14              22.8    -8.8       18
DAYS MAX <= 32      0               0.0     0.0        0
DAYS MIN <= 32      0               0.0     0.0        0
DAYS MIN <= 0       0               0.0     0.0        0

PRECIPITATION (INCHES)
RECORD
 MAXIMUM         8.57   1924
 MINIMUM         0.00   1983
TOTALS           4.72              3.38    1.34     2.78
DAYS >= .01         8               6.3     1.7       11
DAYS >= .10         5               3.7     1.3        9
DAYS >= .50         2               1.6     0.4        1
DAYS >= 1.00        2               0.8     1.2        0
GREATEST
 24 HR. TOTAL    2.18   07/30 TO 07/30           07/20 TO 07/21

DEGREE_DAYS
HEATING TOTAL       5                 0       5        0
 SINCE 7/1          5                 0       5        0
COOLING TOTAL     369               528    -159      475
 SINCE 1/1        980              1037     -57     1022
..................................................

WIND (MPH)
AVERAGE WIND SPEED              7.7
HIGHEST WIND SPEED/DIRECTION    38/030    DATE  07/10
HIGHEST GUST SPEED/DIRECTION    51/040    DATE  07/10



-  INDICATES NEGATIVE NUMBERS.
R  INDICATES RECORD WAS SET OR TIED.
MM INDICATES DATA IS MISSING.
T  INDICATES TRACE AMOUNT.

$$





U.S. Dept. of Commerce
NOAA National Weather Service
1325 East West Highway
Silver Spring, MD 20910
E-mail: w-nws.webmaster@noaa.gov
Page last modified: May 16, 2007
NATIONAL WEATHER SERVICE: for Safety, for Work, for Fun - FOR LIFE