794
CXUS53 KDDC 011540
CLMP28


CLIMATE REPORT
NATIONAL WEATHER SERVICE DODGE CITY KS
1033 AM CDT TUE APR 1 2014

...................................

...THE MEDICINE LODGE KS CLIMATE SUMMARY FOR THE MONTH OF MARCH 2014...

CLIMATE NORMAL PERIOD 1981 TO 2010
CLIMATE RECORD PERIOD 1893 TO 2014

WEATHER         OBSERVED          NORMAL  DEPART  LAST YEAR`S
                 VALUE   DATE(S)  VALUE   FROM    VALUE  DATE(S)
                                          NORMAL
................................................................
TEMPERATURE (F)
RECORD
 HIGH              98   03/19/1907
 LOW               -7   03/03/2014
                        03/03/1960
                        01/01/2000
HIGHEST            79   03/10        MM      MM       84  03/15
LOWEST             -7R  03/03        MM      MM       13  03/02
AVG. MAXIMUM     56.2              59.3    -3.1     55.2
AVG. MINIMUM     26.6              34.2    -7.6     30.9
MEAN             41.4              46.7    -5.3     43.1
DAYS MAX >= 90      0               0.0     0.0        0
DAYS MAX <= 32      2               0.6     1.4        0
DAYS MIN <= 32     22              12.6     9.4       18
DAYS MIN <= 0       1               0.0     1.0        0

PRECIPITATION (INCHES)
RECORD
 MAXIMUM         9.24   1973
 MINIMUM         0.00   1936
                        1955
                        1966
TOTALS           0.49              2.26   -1.77     2.41
DAYS >= .01         3               7.3    -4.3        6
DAYS >= .10         2               4.3    -2.3        2
DAYS >= .50         0               2.0    -2.0        1
DAYS >= 1.00        0               0.8    -0.8        1
GREATEST
 24 HR. TOTAL    0.31   03/02 TO 03/02           03/09 TO 03/09

DEGREE_DAYS
HEATING TOTAL     724               568     156      676
 SINCE 7/1       4675              4097     578     3962
COOLING TOTAL       0                 2      -2        1
 SINCE 1/1          0                 2      -2        1
....................................................

WIND (MPH)
AVERAGE WIND SPEED              11.9
HIGHEST WIND SPEED/DIRECTION    44/010    DATE  03/15
HIGHEST GUST SPEED/DIRECTION    62/010    DATE  03/11



-  INDICATES NEGATIVE NUMBERS.
R  INDICATES RECORD WAS SET OR TIED.
MM INDICATES DATA IS MISSING.
T  INDICATES TRACE AMOUNT.

$$





U.S. Dept. of Commerce
NOAA National Weather Service
1325 East West Highway
Silver Spring, MD 20910
E-mail: w-nws.webmaster@noaa.gov
Page last modified: May 16, 2007
NATIONAL WEATHER SERVICE: for Safety, for Work, for Fun - FOR LIFE