522
CXAK59 PAOT 050042
CLMOTZ

CLIMATE REPORT
NATIONAL WEATHER SERVICE KOTZEBUE, AK
342 PM AKST TUE NOV 4 2014

...................................

...THE KOTZEBUE WSO AP CLIMATE SUMMARY FOR THE MONTH OF OCTOBER 2014...

CLIMATE NORMAL PERIOD 1981 TO 2010
CLIMATE RECORD PERIOD 1897 TO 2014

WEATHER         OBSERVED          NORMAL  DEPART  LAST YEAR`S
                 VALUE   DATE(S)  VALUE   FROM    VALUE  DATE(S)
                                          NORMAL
................................................................
TEMPERATURE (F)
RECORD
 HIGH              57   10/06/1904
 LOW              -19   10/31/1975
HIGHEST            45   10/01        41       4      43  10/17
LOWEST              6                 2       4      22  10/31
AVG. MAXIMUM       30.8              28.5     2.3    37.3
AVG. MINIMUM       22.5              20.1     2.4    31.7
MEAN               26.7              24.3     2.4    34.5
DAYS MAX >= 90      0                 0.0     0.0     0
DAYS MAX <= 32     20                18.5     1.5     3
DAYS MAX >= 80      0                 0.0     0.0     0
DAYS MAX >= 70      0                 0.0     0.0     0
DAYS MIN <= 32     29                26.1     2.9    14
DAYS MIN <= 0       0                 1.4    -1.4     0

PRECIPITATION (INCHES)
RECORD
 MAXIMUM            3.20   1993
 MINIMUM            0.00   1995
TOTALS              0.43              1.01   -0.58    1.61
DAILY AVG.          0.01              0.03   -0.02    0.05
DAYS >= .01         7                 9.3    -2.3    21
DAYS >= .10         1                 3.0    -2.0     6
DAYS >= .50         0                 0.1    -0.1     0
DAYS >= 1.0         0                 0.0     0.0     0
GREATEST
 24 HR TOTAL        0.23   10/25                      0.21  10/11

SNOWFALL (INCHES)
RECORDS
 TOTAL             19.4   2011
 24 HR TOTAL        7.9   10-25-2011
 SNOW DEPTH        69     10-31-1942
TOTALS              3.6               6.1    -2.5     0.5
SINCE 7/1           3.6               5.7    -2.1     0.9
SNOWDEPTH AVG.      1                 1       0       0
DAYS >= TRACE       9                11.5    -2.5     6
DAYS >= 1.0         1                 1.6    -0.6     0
DAYS >= 6.0         0                 0.0     0.0     0
GREATEST
 SNOW DEPTH         4   10/31                         0  10/26
 24 HR TOTAL      2.3   10/25                       0.3  10/10

DEGREE_DAYS
HEATING TOTAL    1180              1264     -84     938
 SINCE 7/1       2311              2682    -371    2294
COOLING TOTAL       0                 0       0       0
 SINCE 1/1         19                 0      19      13
................................................................

WIND (MPH)
AVERAGE WIND SPEED               10.8
HIGHEST WIND SPEED/DIRECTION     41/100    DATE   10/26
HIGHEST GUST SPEED/DIRECTION     48/100    DATE   10/26

SKY COVER
POSSIBLE SUNSHINE (PERCENT)   MM
AVERAGE SKY COVER             MM
NUMBER OF DAYS FAIR           MM
NUMBER OF DAYS PC             MM
NUMBER OF DAYS CLOUDY         MM

AVERAGE RH (PERCENT)     MM

WEATHER CONDITIONS. NUMBER OF DAYS WITH
THUNDERSTORM              0     ICE PELLETS                 0
RAIN                      1     GLAZE                       0
DRIZZLE                   0     HAIL                        0
SNOW                      9     HAZE                        0
FOG                       9     FOG W/VIS <= 1/4 MILE       0
BLOWING SNOW              0


-  INDICATES NEGATIVE NUMBERS.
R  INDICATES RECORD WAS SET OR TIED.
MM INDICATES DATA IS MISSING.
T  INDICATES TRACE AMOUNT.

&&
...DRIER THAN NORMAL IN KOTZEBUE...

OVERALL...OCTOBER 2014 WAS SLIGHTLY WARMER BUT DRIER THAN NORMAL IN KOTZEBUE. THE
WEATHER WAS PRIMARILY DRIVEN BY HIGH PRESSURE OVER THE CHUKOTSK PENINSULA ALONG
WITH A STRONG LOW PRESSURE SYSTEM IN THE GULF OF ALASKA DURING THE FIRST PART OF
THE MONTH. THE SECOND PART OF THE MONTH WAS DRIVEN BY HIGH PRESSURE IN THE HIGH
ARCTIC AND LOW PRESSURE IN THE GULF OF ALASKA.

TEMPERATURES...NO RECORDS WERE SET DURING THE MONTH IN KOTZEBUE. THE MONTH WAS JUST
SLIGHTLY ABOVE NORMAL IN AVERAGE MAXIMUM...MINIMUM...AND AVERAGE TEMPERATURE. THE
AVERAGE MINIMUM TEMPERATURE WAS THE 25TH WARMEST ON RECORD IN STATION HISTORY.


PRECIPITATION...NO RECORDS SET DURING THE MONTH IN KOTZEBUE. THE VILLAGE ONLY
RECEIVED FORTY THREE PERCENT OF THE NORMAL AVERAGE PRECIPITATION. THE AREA SAW
FRONTAL PASSAGE ON THE 2ND OF THE MONTH...THEN A COUPLE IN THE MIDDLE OF THE THIRD
WEEK INTO THE FIRST PART OF THE LAST WEEK OF THE MONTH. THE SERIES OF FRONTS TOWARD
THE END OF THE MONTH PROVIDED MOST OF THE PRECIPITATION FOR THE MONTH. A SHORT WAVE
ON THE 9TH AND A COUPLE OF THE 12TH AND 13TH PROVIDED LIGHT AMOUNTS OF
PRECIPITATION. THIS RANKED AS THE 25TH DRIEST MONTH IN STATION HISTORY.

$$

KELLY NOV 14






U.S. Dept. of Commerce
NOAA National Weather Service
1325 East West Highway
Silver Spring, MD 20910
E-mail: w-nws.webmaster@noaa.gov
Page last modified: May 16, 2007
NATIONAL WEATHER SERVICE: for Safety, for Work, for Fun - FOR LIFE