207
CXUS51 KBOX 011959 CCB
CLMORH

CLIMATE REPORT
NATIONAL WEATHER SERVICE TAUNTON MA
349 PM EDT WED OCT 1 2014

...................................

...THE WORCESTER MA CLIMATE SUMMARY FOR THE MONTH OF SEPTEMBER 2014...

CLIMATE NORMAL PERIOD 1981 TO 2010
CLIMATE RECORD PERIOD 1892 TO 2014

WEATHER         OBSERVED          NORMAL  DEPART
                 VALUE   DATE(S)  VALUE   FROM
                                          NORMAL
................................................
TEMPERATURE (F)
RECORD
 HIGH              99   09/02/1953
 LOW               27   09/28/1947
HIGHEST            86   09/06
LOWEST             40   09/23
                        09/20
AVG. MAXIMUM     70.1              69.6     0.5
AVG. MINIMUM     53.2              52.9     0.3
MEAN             61.7              61.2     0.5
DAYS MAX >= 90      0               0.1    -0.1
DAYS MAX <= 32      0               0.0     0.0
DAYS MIN <= 32      0               0.0     0.0
DAYS MIN <= 0       0               0.0     0.0

PRECIPITATION (INCHES)
RECORD
 MAXIMUM        13.13   1974
 MINIMUM         0.21   1914
TOTALS           2.72              3.93   -1.21
DAYS >= .01         6               9.9    -3.9
DAYS >= .10         5               6.2    -1.2
DAYS >= .50         2               2.5    -0.5
DAYS >= 1.00        1               0.9     0.1
GREATEST
 24 HR. TOTAL    2.41   08/31 TO 09/01

SNOWFALL (INCHES)
RECORDS
 TOTAL             MM   MM
 SNOW DEPTH        MM   MM
TOTALS            0.0               0.0     0.0
SINCE 7/1         0.0               0.0     0.0
SNOWDEPTH AVG.      0
GREATEST
 SNOW DEPTH         0   MM
 24 HR TOTAL      0.0   09/30 TO 09/30

DEGREE_DAYS
HEATING TOTAL     153               154      -1
 SINCE 7/1        173               193     -20
COOLING TOTAL      61                42      19
 SINCE 1/1        423               468     -45
.................................................

WIND (MPH)
AVERAGE WIND SPEED                 8.1
RESULTANT WIND SPEED/DIRECTION   3/288
HIGHEST WIND SPEED/DIRECTION    30/280    DATE  09/02
HIGHEST GUST SPEED/DIRECTION    39/310    DATE  09/22

SKY COVER
POSSIBLE SUNSHINE (PERCENT)   MM
AVERAGE SKY COVER           0.30
NUMBER OF DAYS FAIR           18
NUMBER OF DAYS PC              8
NUMBER OF DAYS CLOUDY          4

AVERAGE RH (PERCENT)     73

WEATHER CONDITIONS. NUMBER OF DAYS WITH
THUNDERSTORM              0     MIXED PRECIP               0
HEAVY RAIN                2     RAIN                       3
LIGHT RAIN                7     FREEZING RAIN              0
LT FREEZING RAIN          0     HAIL                       0
HEAVY SNOW                0     SNOW                       0
LIGHT SNOW                0     SLEET                      0
FOG                      10     FOG W/VIS <= 1/4 MILE      4
HAZE                      2

-  INDICATES NEGATIVE NUMBERS.
R  INDICATES RECORD WAS SET OR TIED.
MM INDICATES DATA IS MISSING.
T  INDICATES TRACE AMOUNT.

$$

SIPPRELL




U.S. Dept. of Commerce
NOAA National Weather Service
1325 East West Highway
Silver Spring, MD 20910
E-mail: w-nws.webmaster@noaa.gov
Page last modified: May 16, 2007
NATIONAL WEATHER SERVICE: for Safety, for Work, for Fun - FOR LIFE