050
CXUS51 KBOX 011341
CLMORH


CLIMATE REPORT
NATIONAL WEATHER SERVICE TAUNTON MA
804 AM EST MON DEC 1 2014

...................................

...THE WORCESTER MA CLIMATE SUMMARY FOR THE MONTH OF NOVEMBER 2014...

CLIMATE NORMAL PERIOD 1981 TO 2010
CLIMATE RECORD PERIOD 1892 TO 2014

WEATHER         OBSERVED          NORMAL  DEPART
                 VALUE   DATE(S)  VALUE   FROM
                                          NORMAL
................................................
TEMPERATURE (F)
RECORD
 HIGH              79   11/02/1950
 LOW                3   11/26/1938
HIGHEST            63   11/12
LOWEST             14   11/29
AVG. MAXIMUM     45.3              47.6    -2.3
AVG. MINIMUM     30.0              33.0    -3.0
MEAN             37.7              40.3    -2.6
DAYS MAX >= 90      0               0.0     0.0
DAYS MAX <= 32      5               1.7     3.3
DAYS MIN <= 32     17              14.3     2.7
DAYS MIN <= 0       0               0.0     0.0

PRECIPITATION (INCHES)
RECORD
 MAXIMUM        10.40   1972
 MINIMUM         0.56   1922
TOTALS           4.56              4.28    0.28
DAYS >= .01         8              11.6    -3.6
DAYS >= .10         6               6.9    -0.9
DAYS >= .50         3               2.9     0.1
DAYS >= 1.00        2               1.1     0.9
GREATEST
 24 HR. TOTAL    1.44   11/26 TO 11/27

SNOWFALL (INCHES)
RECORDS
 TOTAL             MM   MM
 SNOW DEPTH        MM   MM
TOTALS            7.2               2.6     4.6
SINCE 7/1         7.2               2.8     4.4
SNOWDEPTH AVG.     MM
GREATEST
 SNOW DEPTH        MM
 24 HR TOTAL      5.3   11/26 TO 11/26

DEGREE_DAYS
HEATING TOTAL     812               741      71
 SINCE 7/1       1378              1402     -24
COOLING TOTAL       0                 0       0
 SINCE 1/1        426               471     -45
.................................................

WIND (MPH)
AVERAGE WIND SPEED              11.1
RESULTANT WIND SPEED/DIRECTION   7/268
HIGHEST WIND SPEED/DIRECTION    36/310    DATE  11/02
HIGHEST GUST SPEED/DIRECTION    48/300    DATE  11/02

SKY COVER
POSSIBLE SUNSHINE (PERCENT)   MM
AVERAGE SKY COVER           0.40
NUMBER OF DAYS FAIR           11
NUMBER OF DAYS PC             11
NUMBER OF DAYS CLOUDY          8

AVERAGE RH (PERCENT)     65

WEATHER CONDITIONS. NUMBER OF DAYS WITH
THUNDERSTORM              0     MIXED PRECIP               0
HEAVY RAIN                2     RAIN                       3
LIGHT RAIN                6     FREEZING RAIN              2
LT FREEZING RAIN          1     HAIL                       0
HEAVY SNOW                1     SNOW                       1
LIGHT SNOW                6     SLEET                      0
FOG                      12     FOG W/VIS <= 1/4 MILE      6
HAZE                      0

-  INDICATES NEGATIVE NUMBERS.
R  INDICATES RECORD WAS SET OR TIED.
MM INDICATES DATA IS MISSING.
T  INDICATES TRACE AMOUNT.

$$

SIPPRELL





U.S. Dept. of Commerce
NOAA National Weather Service
1325 East West Highway
Silver Spring, MD 20910
E-mail: w-nws.webmaster@noaa.gov
Page last modified: May 16, 2007
NATIONAL WEATHER SERVICE: for Safety, for Work, for Fun - FOR LIFE