339
CXUS51 KAKQ 012147
CLMORF


CLIMATE REPORT
NATIONAL WEATHER SERVICE WAKEFIELD, VA
443 PM EST THU JAN 1 2015

...................................

...THE NORFOLK VA CLIMATE SUMMARY FOR THE YEAR OF 2014...

CLIMATE NORMAL PERIOD 1981 TO 2010
CLIMATE RECORD PERIOD 1871 TO 2014

WEATHER         OBSERVED          NORMAL  DEPART  LAST YEAR`S
                 VALUE   DATE(S)  VALUE   FROM    VALUE  DATE(S)
                                          NORMAL
................................................................
TEMPERATURE (F)
RECORD
 HIGH             105   07/25/2010
                        07/24/2010
                        08/07/1918
 LOW               -3   01/21/1985
HIGHEST            99   09/02        MM      MM       94  07/19
LOWEST              6   01/30        MM      MM       23  01/26
                                                          01/23
                                                          01/25
AVG. MAXIMUM     67.9              68.3    -0.4     68.5
AVG. MINIMUM     51.6              52.1    -0.5     52.7
MEAN             59.8              60.2    -0.4     60.5
DAYS MAX >= 90     25              27.0    -2.0       32
DAYS MAX <= 32      7               3.5     3.5        1
DAYS MIN <= 32     57              42.4    14.6       43
DAYS MIN <= 0       0               0.0     0.0        0

PRECIPITATION (INCHES)
RECORD
 MAXIMUM           MM   MM
 MINIMUM           MM   MM
TOTALS          50.30             46.53    3.77    45.65
DAILY AVG.       0.14              0.13    0.01     0.13
DAYS >= .01       115             117.0    -2.0      121
DAYS >= .10        74              75.5    -1.5       77
DAYS >= .50        30              30.1    -0.1       30
DAYS >= 1.00       14              11.8     2.2       13
GREATEST
 24 HR. TOTAL    4.75
 STORM TOTAL       MM
 (MM/DD(HH))

SNOWFALL (INCHES)
RECORDS
 TOTAL             MM   MM
 24 HR TOTAL       MM
 SNOW DEPTH        MM   MM
TOTALS           15.5               5.8     9.7      1.8
 LIQUID EQUIV    1.55                MM      MM     0.18
SINCE 7/1         0.0               1.2    -1.2      0.0
 LIQUID 7/1      0.00                MM      MM     0.00
SNOWDEPTH AVG.      0                MM      MM        0
DAYS >= TRACE      15               4.0    11.0        8
DAYS >= 1.0         6               1.4     4.6        1
GREATEST
 SNOW DEPTH         8   01/29                          1  01/27
                                                          01/26
 24 HR TOTAL      5.6   MM                       01/25 TO 01/25
                                                          01/25 TO 01/25
                                                          01/25 TO 01/25
 STORM TOTAL       MM
 (MM/DD(HH))

DEGREE_DAYS
HEATING TOTAL    3500              3376     124     3268
 SINCE 7/1         MM              1179      MM       MM
COOLING TOTAL    1724              1630      94     1759
 SINCE 1/1       1724              1629      95     1759
......................................................



-  INDICATES NEGATIVE NUMBERS.
R  INDICATES RECORD WAS SET OR TIED.
MM INDICATES DATA IS MISSING.
T  INDICATES TRACE AMOUNT.

$$




U.S. Dept. of Commerce
NOAA National Weather Service
1325 East West Highway
Silver Spring, MD 20910
E-mail: w-nws.webmaster@noaa.gov
Page last modified: May 16, 2007
NATIONAL WEATHER SERVICE: for Safety, for Work, for Fun - FOR LIFE