249
CXUS56 KOTX 011025
CLMOMK


CLIMATE REPORT
NATIONAL WEATHER SERVICE SPOKANE, WA
323 AM PDT TUE JUL 1 2014

...................................

...THE OMAK WA AIRPORT CLIMATE SUMMARY FOR THE MONTH OF JUNE 2014...

CLIMATE NORMAL PERIOD 1981 TO 2010
CLIMATE RECORD PERIOD 9999 TO 9999

WEATHER         OBSERVED          NORMAL  DEPART  LAST YEAR`S
                 VALUE   DATE(S)  VALUE   FROM    VALUE  DATE(S)
                                          NORMAL
................................................................
TEMPERATURE (F)
RECORD
 HIGH             103   06/30/2008
 LOW               30   06/01/1976
HIGHEST            93   06/23        MM      MM       93  06/30
LOWEST             43   06/22        MM      MM       41  06/03
                        06/04
AVG. MAXIMUM     80.8              79.6     1.2     77.8
AVG. MINIMUM     50.6              51.4    -0.8     51.7
MEAN             65.7              65.5     0.2     64.7
DAYS MAX >= 90      1               3.5    -2.5        1
DAYS MAX <= 32      0               0.0     0.0        0
DAYS MIN <= 32      0               0.0     0.0        0
DAYS MIN <= 0       0               0.0     0.0        0

PRECIPITATION (INCHES)
RECORD
 MAXIMUM         4.55   1936
 MINIMUM            T   1932
TOTALS           0.58              1.23   -0.65     1.75
DAILY AVG.       0.02              0.04   -0.02     0.06
DAYS >= .01         9                MM      MM        8
DAYS >= .10         3                MM      MM        3
DAYS >= .50         0                MM      MM        2
DAYS >= 1.00        0                MM      MM        0
GREATEST
 24 HR. TOTAL    0.22   06/12 TO 06/13           06/23 TO 06/24
                                                          06/24 TO 06/24
                                                          06/24 TO 06/24

SNOWFALL (INCHES)
RECORDS
 TOTAL              T   2000
TOTALS             MM                MM      MM       MM
SINCE 7/1          MM                MM      MM       MM
SNOWDEPTH AVG.     MM                MM      MM       MM
DAYS >= 1.0         0                MM      MM        0
GREATEST
 SNOW DEPTH        MM                                 MM  MM
 24 HR TOTAL       MM                                 MM

DEGREE_DAYS
HEATING TOTAL      38                69     -31       67
 SINCE 7/1       6418              6342      76     6084
COOLING TOTAL      65                84     -19       65
 SINCE 1/1         79               107     -28       88
.....................................................

WIND (MPH)
AVERAGE WIND SPEED              8.0
HIGHEST WIND SPEED/DIRECTION    30/020    DATE  06/03
HIGHEST GUST SPEED/DIRECTION    41/010    DATE  06/03

SKY COVER
POSSIBLE SUNSHINE (PERCENT)   MM
AVERAGE SKY COVER           0.20
NUMBER OF DAYS FAIR           23
NUMBER OF DAYS PC              5
NUMBER OF DAYS CLOUDY          2

AVERAGE RH (PERCENT)     46

WEATHER CONDITIONS. NUMBER OF DAYS WITH
THUNDERSTORM              0     MIXED PRECIP               0
HEAVY RAIN                1     RAIN                       3
LIGHT RAIN                9     FREEZING RAIN              0
LT FREEZING RAIN          0     HAIL                       0
HEAVY SNOW                0     SNOW                       0
LIGHT SNOW                0     SLEET                      0
FOG                       2     FOG W/VIS <= 1/4 MILE      0
HAZE                      0

-  INDICATES NEGATIVE NUMBERS.
R  INDICATES RECORD WAS SET OR TIED.
MM INDICATES DATA IS MISSING.
T  INDICATES TRACE AMOUNT.

$$




U.S. Dept. of Commerce
NOAA National Weather Service
1325 East West Highway
Silver Spring, MD 20910
E-mail: w-nws.webmaster@noaa.gov
Page last modified: May 16, 2007
NATIONAL WEATHER SERVICE: for Safety, for Work, for Fun - FOR LIFE