746
CXAK59 PAOM 011545
CLMOME

CLIMATE REPORT
NATIONAL WEATHER SERVICE NOME, AK
645 AM AKST MON DEC 1 2014

...................................

...THE NOME WSO AP CLIMATE SUMMARY FOR THE MONTH OF NOVEMBER 2014...

CLIMATE NORMAL PERIOD 1981 TO 2010
CLIMATE RECORD PERIOD 1906 TO 2014

WEATHER         OBSERVED          NORMAL  DEPART  LAST YEAR`S
                 VALUE   DATE(S)  VALUE   FROM    VALUE  DATE(S)
                                          NORMAL
................................................................
TEMPERATURE (F)
RECORD
 HIGH              50   11/01/1928
 LOW              -39   11/30/1948
HIGHEST            44   11/18        37       7      40  11/09
LOWEST              4               -10      14      -9  11/20
AVG. MAXIMUM       31.0              23.1     7.9    25.4
AVG. MINIMUM       21.4              10.7    10.7    12.2
MEAN               26.2              16.9     9.3    18.8
DAYS MAX >= 90      0                 0.0     0.0     0
DAYS MAX <= 32     17                24.1    -7.1    22
DAYS MAX >= 80      0                 0.0     0.0     0
DAYS MAX >= 70      0                 0.0     0.0     0
DAYS MIN <= 32     27                28.7    -1.7    29
DAYS MIN <= 0       0                 7.0    -7.0     6

PRECIPITATION (INCHES)
RECORD
 MAXIMUM            4.39   1979
 MINIMUM            0.02   2012
TOTALS              1.44              1.22    0.22    1.68
DAILY AVG.          0.05              0.04    0.01    0.06
DAYS >= .01        12                11.5     0.5    17
DAYS >= .10         7                 4.4     2.6     6
DAYS >= .50         0                 0.1    -0.1     0
DAYS >= 1.0         0                 0.0     0.0     0
GREATEST
 24 HR TOTAL        0.27   11/26                      0.44  11/12

SNOWFALL (INCHES)
RECORDS
 TOTAL             39.7   1915
 24 HR TOTAL       11.0   11-09-1913
 SNOW DEPTH        26     11-30-1948
TOTALS             12.7              12.1     0.6    13.0
SINCE 7/1          17.6              17.2     0.4    14.6
SNOWDEPTH AVG.      1                 3      -2       2
DAYS >= TRACE      10                17.7    -7.7    24
DAYS >= 1.0         6                 4.2     1.8     3
DAYS >= 6.0         0                 0.0    -0.0     0
GREATEST
 SNOW DEPTH        10   11/30                         7  11/30
 24 HR TOTAL      3.4   11/26                       3.4  11/23

DEGREE_DAYS
HEATING TOTAL    1155              1443    -288    1378
 SINCE 7/1       3545              4098    -553    3802
COOLING TOTAL       0                 0       0       0
 SINCE 1/1          3                 0       3       7
................................................................

WIND (MPH)
AVERAGE WIND SPEED               10.5
HIGHEST WIND SPEED/DIRECTION     36/050    DATE    11/1
HIGHEST GUST SPEED/DIRECTION     41/090    DATE    11/9

SKY COVER
POSSIBLE SUNSHINE (PERCENT)   MM
AVERAGE SKY COVER             MM
NUMBER OF DAYS FAIR           MM
NUMBER OF DAYS PC             MM
NUMBER OF DAYS CLOUDY         MM

AVERAGE RH (PERCENT)     MM

WEATHER CONDITIONS. NUMBER OF DAYS WITH
THUNDERSTORM              0     ICE PELLETS                 0
RAIN                      7     GLAZE                       2
DRIZZLE                   0     HAIL                        0
SNOW                      8     HAZE                        0
FOG                      13     FOG W/VIS <= 1/4 MILE       0
BLOWING SNOW              4


-  INDICATES NEGATIVE NUMBERS.
R  INDICATES RECORD WAS SET OR TIED.
MM INDICATES DATA IS MISSING.
T  INDICATES TRACE AMOUNT.

&&

$$

CKC DEC 14





U.S. Dept. of Commerce
NOAA National Weather Service
1325 East West Highway
Silver Spring, MD 20910
E-mail: w-nws.webmaster@noaa.gov
Page last modified: May 16, 2007
NATIONAL WEATHER SERVICE: for Safety, for Work, for Fun - FOR LIFE