001
CXUS53 KOAX 011509
CLMOMA

CLIMATE REPORT
NATIONAL WEATHER SERVICE OMAHA NEBRASKA
1009 AM CDT MON SEP 1 2014

...................................

...THE OMAHA EPPLEY, NEBRASKA CLIMATE SUMMARY FOR THE MONTH OF AUGUST 2014...

CLIMATE NORMAL PERIOD 1981 TO 2010
CLIMATE RECORD PERIOD 1871 TO 2014

WEATHER         OBSERVED          NORMAL  DEPART
                 VALUE   DATE(S)  VALUE   FROM
                                          NORMAL
................................................
TEMPERATURE (F)
HIGHEST            93   08/21
LOWEST             54   08/12
AVG. MAXIMUM     83.8              85.1    -1.3
AVG. MINIMUM     67.1              64.0     3.1
MEAN             75.4              74.6     0.8
DAYS MAX >= 90      7
DAYS MAX <= 32      0
DAYS MIN <= 32      0
DAYS MIN <= 0       0

PRECIPITATION (INCHES)
RECORD
 MAXIMUM        12.50   1903
 MINIMUM         0.18   1913
TOTALS           9.59              3.82    5.77
DAILY AVG.       0.31
DAYS >= .01        17
DAYS >= .10        13
DAYS >= .50         7
DAYS >= 1.00        4
GREATEST
 24 HR. TOTAL    3.06   08/27 TO 08/28

SNOWFALL (INCHES)
RECORDS
 TOTAL              T   2005
                        2004
                        2002
TOTALS            0.0               0.0
SINCE 7/1         0.0
DAYS >= 1.0         0
GREATEST
 SNOW DEPTH         0
 24 HR TOTAL      0.0

DEGREE DAYS
HEATING TOTAL       0                 7      -7
 SINCE 7/1          4                 8      -4
COOLING TOTAL     332               303      29
 SINCE 1/1       1023               980      43
.................................................

WIND (MPH)
AVERAGE WIND SPEED              7.8
HIGHEST WIND SPEED/DIRECTION    32/280    DATE  08/31
HIGHEST GUST SPEED/DIRECTION    41/280    DATE  08/31

SKY COVER
AVERAGE SKY COVER           0.60


WEATHER CONDITIONS. NUMBER OF DAYS WITH
THUNDERSTORM             14     MIXED PRECIP               0
HEAVY RAIN                7     RAIN                      11
LIGHT RAIN               23     FREEZING RAIN              0
LT FREEZING RAIN          0     HAIL                       0
HEAVY SNOW                0     SNOW                       0
LIGHT SNOW                0     SLEET                      0
FOG                      17     FOG W/VIS <= 1/4 MILE      0
HAZE                      3

-  INDICATES NEGATIVE NUMBERS.
R  INDICATES RECORD WAS SET OR TIED.
MM INDICATES DATA IS MISSING.
T  INDICATES TRACE AMOUNT.
>  INDICATES GREATHER THAN OR EQUAL TO.
<  INDICATES LESS THAN OR EQUAL TO.

&&

...OMAHA WEATHER SUMMARY FOR AUGUST 2014...

AUGUST 2014 WAS THE 4TH WETTEST.  COMPLETE SUMMARIES FORTHCOMING ON
TUESDAY SEPTEMBER 2ND.

$$




U.S. Dept. of Commerce
NOAA National Weather Service
1325 East West Highway
Silver Spring, MD 20910
E-mail: w-nws.webmaster@noaa.gov
Page last modified: May 16, 2007
NATIONAL WEATHER SERVICE: for Safety, for Work, for Fun - FOR LIFE