329
CXUS56 KSEW 011033
CLMOLM


CLIMATE REPORT
NATIONAL WEATHER SERVICE SEATTLE WA
333 AM PDT TUE JUL 1 2014

...................................

...THE OLYMPIA WA AIRPORT CLIMATE SUMMARY FOR THE MONTH OF JUNE 2014...

CLIMATE NORMAL PERIOD 1981 TO 2010
CLIMATE RECORD PERIOD 1948 TO 2014

WEATHER         OBSERVED          NORMAL  DEPART  LAST YEAR`S
                 VALUE   DATE(S)  VALUE   FROM    VALUE  DATE(S)
                                          NORMAL
................................................................
TEMPERATURE (F)
RECORD
 HIGH              98   06/18/1982
 LOW               30   06/03/1976
HIGHEST            80   06/25        MM      MM       92  06/30
LOWEST             39   06/21        MM      MM       38  06/10
AVG. MAXIMUM     71.8              70.6     1.2     72.2
AVG. MINIMUM     47.4              47.6    -0.2     50.0
MEAN             59.6              59.1     0.5     61.1
DAYS MAX >= 90      0               0.7    -0.7        1
DAYS MAX <= 32      0               0.0     0.0        0
DAYS MIN <= 32      0               0.0     0.0        0
DAYS MIN <= 0       0               0.0     0.0        0

PRECIPITATION (INCHES)
RECORD
 MAXIMUM         6.48   1946
 MINIMUM         0.04   1945
TOTALS           0.88              1.76   -0.88     1.86
DAILY AVG.       0.03              0.06   -0.03     0.06
DAYS >= .01         7               9.1    -2.1       10
DAYS >= .10         3               5.0    -2.0        7
DAYS >= .50         0               0.9    -0.9        1
DAYS >= 1.00        0               0.1    -0.1        0
GREATEST
 24 HR. TOTAL    0.39   06/26 TO 06/27

DEGREE_DAYS
HEATING TOTAL     155               188     -33
COOLING TOTAL       1                11     -10
.................................................................

WIND (MPH)
AVERAGE WIND SPEED              5.5
HIGHEST WIND SPEED/DIRECTION    24/220    DATE  06/13
HIGHEST GUST SPEED/DIRECTION    34/230    DATE  06/13

SKY COVER
POSSIBLE SUNSHINE (PERCENT)   MM
AVERAGE SKY COVER           0.50
NUMBER OF DAYS FAIR            8
NUMBER OF DAYS PC             15
NUMBER OF DAYS CLOUDY          7

AVERAGE RH (PERCENT)     70

WEATHER CONDITIONS. NUMBER OF DAYS WITH
THUNDERSTORM              0     MIXED PRECIP               0
HEAVY RAIN                0     RAIN                       1
LIGHT RAIN               10     FREEZING RAIN              0
LT FREEZING RAIN          0     HAIL                       0
HEAVY SNOW                0     SNOW                       0
LIGHT SNOW                0     SLEET                      0
FOG                      17     FOG W/VIS <= 1/4 MILE      5
HAZE                      0

-  INDICATES NEGATIVE NUMBERS.
R  INDICATES RECORD WAS SET OR TIED.
MM INDICATES DATA IS MISSING.
T  INDICATES TRACE AMOUNT.

$$




U.S. Dept. of Commerce
NOAA National Weather Service
1325 East West Highway
Silver Spring, MD 20910
E-mail: w-nws.webmaster@noaa.gov
Page last modified: May 16, 2007
NATIONAL WEATHER SERVICE: for Safety, for Work, for Fun - FOR LIFE