360
CXUS56 KSGX 011435
CLMOKB


CLIMATE REPORT
NATIONAL WEATHER SERVICE SAN DIEGO, CA
735 AM PDT WED OCT 1 2014

...................................

...THE OCEANSIDE AIRPORT CA CLIMATE SUMMARY FOR THE MONTH OF SEPTEMBER 2014...

CLIMATE NORMAL PERIOD 1981 TO 2010
CLIMATE RECORD PERIOD 1999 TO 2014

WEATHER         OBSERVED          NORMAL  DEPART  LAST YEAR`S
                 VALUE   DATE(S)  VALUE   FROM    VALUE  DATE(S)
                                          NORMAL
................................................................
TEMPERATURE (F)
RECORD
 HIGH             105   09/27/2010
 LOW               45   09/28/2005
HIGHEST           100   09/16        MM      MM       87  09/28
LOWEST             56   09/29        MM      MM       46  09/30
                                                          09/29
                                                          09/28
AVG. MAXIMUM     82.7              76.5     6.2     78.8
AVG. MINIMUM     63.6              59.1     4.5     57.9
MEAN             73.2              67.8     5.4     68.3
DAYS MAX >= 90      2               0.3     1.7        0
DAYS MAX <= 32      0               0.0     0.0        0
DAYS MAX >= 100     1                                  0
DAYS MIN <= 32      0               0.0     0.0        0

PRECIPITATION (INCHES)
RECORD
 MAXIMUM         0.79   2010
 MINIMUM           MM   MM
TOTALS           0.00              0.24   -0.24     0.00
DAILY AVG.       0.00              0.01   -0.01     0.00
DAYS >= .01         0                MM      MM        0
DAYS >= .10         0                MM      MM        0
DAYS >= .50         0                MM      MM        0
DAYS >= 1.00        0                MM      MM        0
DAYS >= 1.50        0                                  0
DAYS >= 2.00        0                                  0
GREATEST
 24 HR. TOTAL    0.00   09/30 TO 09/30           09/16 TO 09/17
                        09/29 TO 09/29                    09/30 TO 09/30
                        09/28 TO 09/28                    09/30 TO 09/30
 STORM TOTAL       MM                                 MM
 (MM/DD(HH))            MM                    09/17(00) TO 09/17(00)
                                                 09/30(00) TO 09/30(00)0
                                                 09/30(00) TO 09/30(00)0

SNOWFALL (INCHES)
TOTALS            0.0                MM      MM      0.0
SINCE 7/1         0.0                MM      MM      0.0
SNOWDEPTH AVG.      0

DEGREE_DAYS
HEATING TOTAL       0                10     -10        8
 SINCE 7/1          0                15     -15        8
COOLING TOTAL     254                94     160      114
 SINCE 1/1        761               394     367      515

FREEZE DATES
RECORD
 EARLIEST     MM
 LATEST       MM
EARLIEST                        MM
LATEST                          MM
.................................................

WIND (MPH)
AVERAGE WIND SPEED              4.3
RESULTANT WIND SPEED/DIRECTION   3/252
HIGHEST WIND SPEED/DIRECTION    18/300    DATE  09/29
HIGHEST GUST SPEED/DIRECTION    26/300    DATE  09/29

SKY COVER
POSSIBLE SUNSHINE (PERCENT)   MM
AVERAGE SKY COVER           0.30
NUMBER OF DAYS FAIR           18
NUMBER OF DAYS PC             12
NUMBER OF DAYS CLOUDY          0

AVERAGE RH (PERCENT)     68

WEATHER CONDITIONS. NUMBER OF DAYS WITH
THUNDERSTORM              0     MIXED PRECIP               0
HEAVY RAIN                0     RAIN                       0
LIGHT RAIN                0     FREEZING RAIN              0
LT FREEZING RAIN          0     HAIL                       0
HEAVY SNOW                0     SNOW                       0
LIGHT SNOW                0     SLEET                      0
FOG                       8     FOG W/VIS <= 1/4 MILE      2
HAZE                     12

-  INDICATES NEGATIVE NUMBERS.
R  INDICATES RECORD WAS SET OR TIED.
MM INDICATES DATA IS MISSING.
T  INDICATES TRACE AMOUNT.

$$




U.S. Dept. of Commerce
NOAA National Weather Service
1325 East West Highway
Silver Spring, MD 20910
E-mail: w-nws.webmaster@noaa.gov
Page last modified: May 16, 2007
NATIONAL WEATHER SERVICE: for Safety, for Work, for Fun - FOR LIFE