580
CXUS56 KSGX 011436
CLMOKB


CLIMATE REPORT
NATIONAL WEATHER SERVICE SAN DIEGO, CA
635 AM PST MON DEC 1 2014

...................................

...THE OCEANSIDE AIRPORT CA CLIMATE SUMMARY FOR THE MONTH OF NOVEMBER 2014...

CLIMATE NORMAL PERIOD 1981 TO 2010
CLIMATE RECORD PERIOD 1999 TO 2014

WEATHER         OBSERVED          NORMAL  DEPART  LAST YEAR`S
                 VALUE   DATE(S)  VALUE   FROM    VALUE  DATE(S)
                                          NORMAL
................................................................
TEMPERATURE (F)
RECORD
 HIGH              97   11/04/2010
 LOW               28   11/27/2010
HIGHEST            89   11/06        MM      MM       88  11/14
LOWEST             35   11/29        MM      MM       38  11/11
                                                          11/07
AVG. MAXIMUM     75.7              69.8     5.9     72.6
AVG. MINIMUM     45.9              43.9     2.0     44.9
MEAN             60.8              56.9     3.9     58.8
DAYS MAX >= 90      0               0.3    -0.3        0
DAYS MAX <= 32      0               0.0     0.0        0
DAYS MAX >= 100     0                                  0
DAYS MIN <= 32      0               0.3    -0.3        0

PRECIPITATION (INCHES)
RECORD
 MAXIMUM         2.70   2007
 MINIMUM           MM   MM
TOTALS           0.71              1.03   -0.32     0.80
DAILY AVG.       0.02              0.03   -0.01     0.03
DAYS >= .01         4                MM      MM        4
DAYS >= .10         2                MM      MM        2
DAYS >= .50         0                MM      MM        0
DAYS >= 1.00        0                MM      MM        0
DAYS >= 1.50        0                                  0
DAYS >= 2.00        0                                  0
GREATEST
 24 HR. TOTAL    0.41   11/01 TO 11/02           11/21 TO 11/22
                                                          11/29 TO 11/29
                                                          11/29 TO 11/29
 STORM TOTAL       MM                                 MM
 (MM/DD(HH))            MM                    11/22(00) TO 11/22(00)
                                                 11/29(00) TO 11/29(00)9
                                                 11/29(00) TO 11/29(00)9

SNOWFALL (INCHES)
TOTALS            0.0                MM      MM      0.0
SINCE 7/1         0.0                MM      MM      0.0
SNOWDEPTH AVG.      0

DEGREE_DAYS
HEATING TOTAL     127               248    -121      185
 SINCE 7/1        134               350    -216      299
COOLING TOTAL       7                 3       4        5
 SINCE 1/1        855               419     436      535

FREEZE DATES
RECORD
 EARLIEST     MM
 LATEST       MM
EARLIEST                        MM
LATEST                          MM
..........................................................

WIND (MPH)
AVERAGE WIND SPEED              3.6
RESULTANT WIND SPEED/DIRECTION   1/271
HIGHEST WIND SPEED/DIRECTION    21/210    DATE  11/01
HIGHEST GUST SPEED/DIRECTION    26/200    DATE  11/01

SKY COVER
POSSIBLE SUNSHINE (PERCENT)   MM
AVERAGE SKY COVER           0.20
NUMBER OF DAYS FAIR           21
NUMBER OF DAYS PC              8
NUMBER OF DAYS CLOUDY          1

AVERAGE RH (PERCENT)     59

WEATHER CONDITIONS. NUMBER OF DAYS WITH
THUNDERSTORM              0     MIXED PRECIP               0
HEAVY RAIN                0     RAIN                       2
LIGHT RAIN                3     FREEZING RAIN              0
LT FREEZING RAIN          0     HAIL                       0
HEAVY SNOW                0     SNOW                       0
LIGHT SNOW                0     SLEET                      0
FOG                      11     FOG W/VIS <= 1/4 MILE      2
HAZE                      4

-  INDICATES NEGATIVE NUMBERS.
R  INDICATES RECORD WAS SET OR TIED.
MM INDICATES DATA IS MISSING.
T  INDICATES TRACE AMOUNT.

$$




U.S. Dept. of Commerce
NOAA National Weather Service
1325 East West Highway
Silver Spring, MD 20910
E-mail: w-nws.webmaster@noaa.gov
Page last modified: May 16, 2007
NATIONAL WEATHER SERVICE: for Safety, for Work, for Fun - FOR LIFE