083
CXUS53 KEAX 010725
CLMOJC

CLIMATE REPORT
NATIONAL WEATHER SERVICE KANSAS CITY/PLEASANT HILL MO
218 AM CDT SAT NOV 1 2014

...................................

...THE JOHNSON COUNTY EXECUTIVE CLIMATE SUMMARY FOR THE MONTH OF OCTOBER 2014...

CLIMATE NORMAL PERIOD 1981 TO 2010
CLIMATE RECORD PERIOD 9999 TO 9999

WEATHER         OBSERVED          NORMAL  DEPART  LAST YEAR`S
                 VALUE   DATE(S)  VALUE   FROM    VALUE  DATE(S)
                                          NORMAL
................................................................
TEMPERATURE (F)
HIGHEST            85   10/26        84       1       86  10/04
LOWEST             32   10/31        31       1       29  10/27
                                                          10/25
AVG. MAXIMUM     68.6              66.9     1.7     65.9
AVG. MINIMUM     48.8              47.1     1.7     44.8
MEAN             58.7              57.0     1.7     55.3
DAYS MAX >= 90      0               0.1    -0.1        0
DAYS MAX <= 32      0               0.0     0.0        0
DAYS MIN <= 32      1               1.3    -0.3        3
DAYS MIN <= 0       0               0.0     0.0        0

PRECIPITATION (INCHES)
TOTALS           5.07              3.44    1.63     5.38
DAILY AVG.       0.16              0.11    0.05     0.17
DAYS >= .01        11               8.4     2.6       10
DAYS >= .10         6               5.7     0.3        7
DAYS >= .50         4               2.1     1.9        3
DAYS >= 1.00        3               0.9     2.1        2
GREATEST
 24 HR. TOTAL    1.87   10/01 TO 10/02

DEGREE_DAYS
HEATING TOTAL     206               276     -70      321
 SINCE 7/1        264               325     -61      348
COOLING TOTAL      19                28      -9       31
 SINCE 1/1       1237              1349    -112     1360
.................................................................

WIND (MPH)
AVERAGE WIND SPEED              8.4
HIGHEST WIND SPEED/DIRECTION    32/340    DATE  10/14
HIGHEST GUST SPEED/DIRECTION    45/350    DATE  10/14

SKY COVER
POSSIBLE SUNSHINE (PERCENT)   MM
AVERAGE SKY COVER           0.30
NUMBER OF DAYS FAIR           23
NUMBER OF DAYS PC              2
NUMBER OF DAYS CLOUDY          6

AVERAGE RH (PERCENT)     69

WEATHER CONDITIONS. NUMBER OF DAYS WITH
THUNDERSTORM              0     MIXED PRECIP               0
HEAVY RAIN                3     RAIN                       5
LIGHT RAIN               11     FREEZING RAIN              0
LT FREEZING RAIN          0     HAIL                       0
HEAVY SNOW                0     SNOW                       0
LIGHT SNOW                0     SLEET                      0
FOG                      15     FOG W/VIS <= 1/4 MILE      2
HAZE                      7

-  INDICATES NEGATIVE NUMBERS.
R  INDICATES RECORD WAS SET OR TIED.
MM INDICATES DATA IS MISSING.
T  INDICATES TRACE AMOUNT.

$$








U.S. Dept. of Commerce
NOAA National Weather Service
1325 East West Highway
Silver Spring, MD 20910
E-mail: w-nws.webmaster@noaa.gov
Page last modified: May 16, 2007
NATIONAL WEATHER SERVICE: for Safety, for Work, for Fun - FOR LIFE