406
CXUS53 KEAX 010640
CLMOJC

STLCLMWK4 000
TTAA00 KEAX 010636


CLIMATE REPORT
NATIONAL WEATHER SERVICE KANSAS CITY/PLEASANT HILL MO
1236 AM CST MON DEC 1 2014

...................................

...THE JOHNSON COUNTY EXECUTIVE CLIMATE SUMMARY FOR THE MONTH OF NOVEMBER 2014...

CLIMATE NORMAL PERIOD 1981 TO 2010
CLIMATE RECORD PERIOD 9999 TO 9999

WEATHER         OBSERVED          NORMAL  DEPART  LAST YEAR`S
                 VALUE   DATE(S)  VALUE   FROM    VALUE  DATE(S)
                                          NORMAL
................................................................
TEMPERATURE (F)
HIGHEST            70   11/10        73      -3       68  11/16
LOWEST             10R  11/18        18      -8       11  11/24
AVG. MAXIMUM     48.3              53.4    -5.1     50.5
AVG. MINIMUM     28.3              34.6    -6.3     31.6
MEAN             38.3              44.0    -5.7     41.0
DAYS MAX >= 90      0               0.0     0.0        0
DAYS MAX <= 32      6               0.8     5.2        4
DAYS MIN <= 32     19              11.6     7.4       14
DAYS MIN <= 0       0               0.0     0.0        0

PRECIPITATION (INCHES)
TOTALS           0.48              2.49   -2.01     1.31
DAILY AVG.       0.02              0.08   -0.06     0.04
DAYS >= .01         5               7.3    -2.3        7
DAYS >= .10         2               4.5    -2.5        4
DAYS >= .50         0               1.9    -1.9        1
DAYS >= 1.00        0               0.6    -0.6        0
GREATEST
 24 HR. TOTAL    0.23   11/23 TO 11/23

DEGREE_DAYS
HEATING TOTAL     794               630     164      712
 SINCE 7/1       1058               955     103     1060
COOLING TOTAL       0                 0       0        0
 SINCE 1/1       1237              1349    -112     1360
.................................................................

WIND (MPH)
AVERAGE WIND SPEED              10.3
HIGHEST WIND SPEED/DIRECTION    31/350    DATE  11/23
HIGHEST GUST SPEED/DIRECTION    40/340    DATE  11/23

SKY COVER
POSSIBLE SUNSHINE (PERCENT)   MM
AVERAGE SKY COVER           0.30
NUMBER OF DAYS FAIR           20
NUMBER OF DAYS PC              7
NUMBER OF DAYS CLOUDY          3

AVERAGE RH (PERCENT)     63

WEATHER CONDITIONS. NUMBER OF DAYS WITH
THUNDERSTORM              0     MIXED PRECIP               0
HEAVY RAIN                0     RAIN                       1
LIGHT RAIN                6     FREEZING RAIN              0
LT FREEZING RAIN          0     HAIL                       0
HEAVY SNOW                0     SNOW                       0
LIGHT SNOW                5     SLEET                      0
FOG                       7     FOG W/VIS <= 1/4 MILE      0
HAZE                      3

-  INDICATES NEGATIVE NUMBERS.
R  INDICATES RECORD WAS SET OR TIED.
MM INDICATES DATA IS MISSING.
T  INDICATES TRACE AMOUNT.

$$







U.S. Dept. of Commerce
NOAA National Weather Service
1325 East West Highway
Silver Spring, MD 20910
E-mail: w-nws.webmaster@noaa.gov
Page last modified: May 16, 2007
NATIONAL WEATHER SERVICE: for Safety, for Work, for Fun - FOR LIFE