007
CXUS53 KEAX 011013
CLMOJC

CLIMATE REPORT
NATIONAL WEATHER SERVICE KANSAS CITY/PLEASANT HILL MO
505 AM CDT WED OCT 1 2014

...................................

...THE JOHNSON COUNTY EXECUTIVE CLIMATE SUMMARY FOR THE MONTH OF SEPTEMBER 2014...

CLIMATE NORMAL PERIOD 1981 TO 2010
CLIMATE RECORD PERIOD 9999 TO 9999

WEATHER         OBSERVED          NORMAL  DEPART  LAST YEAR`S
                 VALUE   DATE(S)  VALUE   FROM    VALUE  DATE(S)
                                          NORMAL
................................................................
TEMPERATURE (F)
HIGHEST            91   09/04        92      -1       98  09/08
LOWEST             38R  09/13        42      -4       45  09/29
AVG. MAXIMUM     76.4              78.7    -2.3     81.7
AVG. MINIMUM     57.8              58.5    -0.7     60.4
MEAN             67.1              68.6    -1.5     71.0
DAYS MAX >= 90      2               3.1    -1.1        6
DAYS MAX <= 32      0               0.0     0.0        0
DAYS MIN <= 32      0               0.0     0.0        0
DAYS MIN <= 0       0               0.0     0.0        0

PRECIPITATION (INCHES)
TOTALS           2.70              4.51   -1.81     2.99
DAILY AVG.       0.09              0.15   -0.06     0.10
DAYS >= .01         9               8.1     0.9        7
DAYS >= .10         5               5.4    -0.4        6
DAYS >= .50         2               2.7    -0.7        3
DAYS >= 1.00        1               1.4    -0.4        0
GREATEST
 24 HR. TOTAL    1.76   08/31 TO 09/01

DEGREE_DAYS
HEATING TOTAL      57                48       9       27
 SINCE 7/1         58                49       9       27
COOLING TOTAL     129               156     -27      216
 SINCE 1/1       1218              1321    -103     1329
.................................................................

WIND (MPH)
AVERAGE WIND SPEED              7.5
HIGHEST WIND SPEED/DIRECTION    30/200    DATE  09/10
HIGHEST GUST SPEED/DIRECTION    41/200    DATE  09/10

SKY COVER
POSSIBLE SUNSHINE (PERCENT)   MM
AVERAGE SKY COVER           0.40
NUMBER OF DAYS FAIR           16
NUMBER OF DAYS PC              8
NUMBER OF DAYS CLOUDY          6

AVERAGE RH (PERCENT)     76

WEATHER CONDITIONS. NUMBER OF DAYS WITH
THUNDERSTORM              0     MIXED PRECIP               0
HEAVY RAIN                4     RAIN                       4
LIGHT RAIN               10     FREEZING RAIN              0
LT FREEZING RAIN          0     HAIL                       0
HEAVY SNOW                0     SNOW                       0
LIGHT SNOW                0     SLEET                      0
FOG                      18     FOG W/VIS <= 1/4 MILE      2
HAZE                      5

-  INDICATES NEGATIVE NUMBERS.
R  INDICATES RECORD WAS SET OR TIED.
MM INDICATES DATA IS MISSING.
T  INDICATES TRACE AMOUNT.

$$







U.S. Dept. of Commerce
NOAA National Weather Service
1325 East West Highway
Silver Spring, MD 20910
E-mail: w-nws.webmaster@noaa.gov
Page last modified: May 16, 2007
NATIONAL WEATHER SERVICE: for Safety, for Work, for Fun - FOR LIFE