448
CXUS52 KCAE 020121
CLMOGB


CLIMATE REPORT
NATIONAL WEATHER SERVICE COLUMBIA SC
811 PM EST THU JAN 1 2015

...................................

...THE ORANGEBURG AIRPORT SC CLIMATE SUMMARY FOR THE MONTH OF DECEMBER 2014...

CLIMATE NORMAL PERIOD 1981 TO 2010
CLIMATE RECORD PERIOD 9999 TO 9999

WEATHER         OBSERVED          NORMAL  DEPART
                 VALUE   DATE(S)  VALUE   FROM
                                          NORMAL
................................................
TEMPERATURE (F)
HIGHEST            74   12/02        MM      MM
LOWEST             28   12/12        MM      MM
AVG. MAXIMUM     61.5              58.7     2.8
AVG. MINIMUM     40.6              37.0     3.6
MEAN             51.1              47.9     3.2
DAYS MAX >= 90      0               0.0     0.0
DAYS MAX <= 32      0               0.1    -0.1
DAYS MIN <= 32      5              10.5    -5.5
DAYS MIN <= 0       0               0.0     0.0

PRECIPITATION (INCHES)
TOTALS           3.43              3.32    0.11
DAYS >= .01        10                MM      MM
DAYS >= .10         7                MM      MM
DAYS >= .50         2                MM      MM
DAYS >= 1.00        1                MM      MM
GREATEST
 24 HR. TOTAL    2.09   12/23 TO 12/24

SNOWFALL (INCHES)
DAYS >= TRACE       0

DEGREE_DAYS
HEATING TOTAL     425               535    -110
 SINCE 7/1        897               904      -7
COOLING TOTAL       0                 4      -4
 SINCE 1/1       2250              2106     144
.................................................

WIND (MPH)
AVERAGE WIND SPEED              4.7
RESULTANT WIND SPEED/DIRECTION   1/022
HIGHEST WIND SPEED/DIRECTION    25/200    DATE  12/24
HIGHEST GUST SPEED/DIRECTION    34/020    DATE  12/07

SKY COVER
POSSIBLE SUNSHINE (PERCENT)   MM
AVERAGE SKY COVER           0.50
NUMBER OF DAYS FAIR           15
NUMBER OF DAYS PC              4
NUMBER OF DAYS CLOUDY         12

AVERAGE RH (PERCENT)     73

WEATHER CONDITIONS. NUMBER OF DAYS WITH
THUNDERSTORM              1     MIXED PRECIP               0
HEAVY RAIN                5     RAIN                       5
LIGHT RAIN               10     FREEZING RAIN              0
LT FREEZING RAIN          0     HAIL                       0
HEAVY SNOW                0     SNOW                       0
LIGHT SNOW                0     SLEET                      0
FOG                      22     FOG W/VIS <= 1/4 MILE      4
HAZE                     10

-  INDICATES NEGATIVE NUMBERS.
R  INDICATES RECORD WAS SET OR TIED.
MM INDICATES DATA IS MISSING.
T  INDICATES TRACE AMOUNT.

$$





U.S. Dept. of Commerce
NOAA National Weather Service
1325 East West Highway
Silver Spring, MD 20910
E-mail: w-nws.webmaster@noaa.gov
Page last modified: May 16, 2007
NATIONAL WEATHER SERVICE: for Safety, for Work, for Fun - FOR LIFE