487
CXUS53 KOAX 011514
CLMOFK

CLIMATE REPORT
NATIONAL WEATHER SERVICE OMAHA NEBRASKA
1014 AM CDT MON SEP 1 2014

...................................

...THE NORFOLK CLIMATE SUMMARY FOR THE MONTH OF AUGUST 2014...

CLIMATE NORMAL PERIOD 1981 TO 2010
CLIMATE RECORD PERIOD 1888 TO 2014

WEATHER         OBSERVED          NORMAL  DEPART
                 VALUE   DATE(S)  VALUE   FROM
                                          NORMAL
................................................
TEMPERATURE (F)
HIGHEST            91   08/18
LOWEST             52   08/13
AVG. MAXIMUM     82.0              84.2    -2.2
AVG. MINIMUM     63.0              61.5     1.5
MEAN             72.5              72.8    -0.3
DAYS MAX >= 90      4
DAYS MAX <= 32      0
DAYS MIN <= 32      0
DAYS MIN <= 0       0

PRECIPITATION (INCHES)
RECORD
 MAXIMUM         8.27   1923
 MINIMUM         0.37   1941
TOTALS           7.21              3.25    3.96
DAILY AVG.       0.23
DAYS >= .01        16
DAYS >= .10        11
DAYS >= .50         4
DAYS >= 1.00        3
GREATEST
 24 HR. TOTAL    2.20   08/22 TO 08/23

SNOWFALL (INCHES)
RECORDS
 TOTAL            0.0   2002
                        2001
                        1992
TOTALS            0.0
SINCE 7/1         0.0
DAYS >= 1.0         0
GREATEST
 SNOW DEPTH         0
 24 HR TOTAL      0.0

DEGREE DAYS
HEATING TOTAL       0                12     -12
 SINCE 7/1         12                16      -4
COOLING TOTAL     240               255     -15
 SINCE 1/1        727               816     -89
.................................................

WIND (MPH)
AVERAGE WIND SPEED              7.4
HIGHEST WIND SPEED/DIRECTION    39/230    DATE  08/22
HIGHEST GUST SPEED/DIRECTION    53/030    DATE  08/22

SKY COVER
AVERAGE SKY COVER           0.30


WEATHER CONDITIONS. NUMBER OF DAYS WITH
THUNDERSTORM             14     MIXED PRECIP               0
HEAVY RAIN                9     RAIN                      11
LIGHT RAIN               20     FREEZING RAIN              0
LT FREEZING RAIN          0     HAIL                       0
HEAVY SNOW                0     SNOW                       0
LIGHT SNOW                0     SLEET                      0
FOG                      20     FOG W/VIS <= 1/4 MILE      3
HAZE                      3

-  INDICATES NEGATIVE NUMBERS.
R  INDICATES RECORD WAS SET OR TIED.
MM INDICATES DATA IS MISSING.
T  INDICATES TRACE AMOUNT.
>  INDICATES GREATHER THAN OR EQUAL TO.
<  INDICATES LESS THAN OR EQUAL TO.

&&
...NORFOLK WEATHER SUMMARY FOR AUGUST 2014...

AUGUST 2014 WAS THE 3TH WETTEST.  COMPLETE SUMMARIES FORTHCOMING ON
TUESDAY SEPTEMBER 2ND.

$$




U.S. Dept. of Commerce
NOAA National Weather Service
1325 East West Highway
Silver Spring, MD 20910
E-mail: w-nws.webmaster@noaa.gov
Page last modified: May 16, 2007
NATIONAL WEATHER SERVICE: for Safety, for Work, for Fun - FOR LIFE