938
CXUS53 KGID 111835 CCB
CLMODX

CLIMATE REPORT...CORRECTED
NATIONAL WEATHER SERVICE HASTINGS NE
810 AM CST TUE DEC 2 2014

UPDATED TO INCLUDE MONTHLY/SEASONAL DETAILS AT BOTTOM

...................................

...THE ORD NE CLIMATE SUMMARY FOR THE MONTH OF NOVEMBER 2014...

CLIMATE NORMAL PERIOD 1981 TO 2010
CLIMATE RECORD PERIOD 1895 TO 2014

WEATHER         OBSERVED          NORMAL  DEPART  LAST YEAR`S
                 VALUE   DATE(S)  VALUE   FROM    VALUE
                                          NORMAL
.............................................................
TEMPERATURE (F)
HIGHEST            75   11/29        MM      MM       62
LOWEST             -6   11/18        MM      MM        1
AVG. MAXIMUM     45.6              48.5    -2.9     48.7
AVG. MINIMUM     16.0              24.1    -8.1     20.3
MEAN             30.8              36.3    -5.5     34.5
DAYS MAX >= 90      0               0.0     0.0        0
DAYS MAX <= 32      8
DAYS MIN <= 32     26              24.0     2.0       29
DAYS MIN <= 0       4

PRECIPITATION (INCHES)
TOTALS           0.06              1.07   -1.01     0.50
DAILY AVG.       0.00              0.04   -0.04     0.02
DAYS >= .01         1                MM      MM        2
DAYS >= .10         0                MM      MM        1
DAYS >= .50         0                MM      MM        0
DAYS >= 1.00        0                MM      MM        0
GREATEST
 24 HR. TOTAL    0.06   11/15 TO 11/15
                        11/14 TO 11/15
                        11/15 TO 11/15

DEGREE_DAYS
HEATING TOTAL    1016
 SINCE 7/1       1586
COOLING TOTAL       0
 SINCE 1/1        692
..............................................................

WIND (MPH)
AVERAGE WIND SPEED              11.2
HIGHEST WIND SPEED/DIRECTION    36/320    DATE  11/26
HIGHEST GUST SPEED/DIRECTION    48/330    DATE  11/16

SKY COVER
POSSIBLE SUNSHINE (PERCENT)   MM
NUMBER OF DAYS FAIR           23
NUMBER OF DAYS PC              5
NUMBER OF DAYS CLOUDY          2

AVERAGE RH (PERCENT)     63

WEATHER CONDITIONS. NUMBER OF DAYS WITH
THUNDERSTORM              0     MIXED PRECIP               0
HEAVY RAIN                0     RAIN                       0
LIGHT RAIN                2     FREEZING RAIN              0
LT FREEZING RAIN          0     HAIL                       0
HEAVY SNOW                1     SNOW                       1
LIGHT SNOW                6     SLEET                      0
FOG                       3     FOG W/VIS <= 1/4 MILE      2
HAZE                      1

-  INDICATES NEGATIVE NUMBERS.
R  INDICATES RECORD WAS SET OR TIED.
MM INDICATES DATA IS MISSING.
T  INDICATES TRACE AMOUNT.

&&

...NOVEMBER 2014 SUMMARY FOR ORD EVELYN SHARP FIELD AIRPORT...

...TEMPERATURES

AVERAGE HIGH TEMPERATURE:     45.6 DEGREES (2.9 BELOW NORMAL)
AVERAGE LOW TEMPERATURE:      16.0 DEGREES (8.1 BELOW NORMAL)
AVERAGE MEAN TEMPERATURE:     30.8 DEGREES (5.5 BELOW NORMAL)

WARMEST HIGH TEMPERATURE:      75 DEGREES ON THE 29TH
COLDEST HIGH TEMPERATURE:      19 DEGREES ON THE 11TH, 17TH

COLDEST LOW TEMPERATURE:       -6 DEGREES ON THE 18TH
WARMEST LOW TEMPERATURE:       41 DEGREES ON THE 2ND

WARMEST 2-DAY STRETCH BASED
ON AVERAGE HIGH TEMPERATURE:   74.0 DEGREES FROM THE 28TH-29TH

COLDEST 2-DAY STRETCH BASED
ON AVERAGE HIGH TEMPERATURE:   20.0 DEGREES FROM THE 11TH-12TH

WARMEST WEEK BASED
ON AVERAGE MEAN TEMPERATURE:   46.4 DEGREES FROM THE 2ND-8TH

COLDEST WEEK BASED
ON AVERAGE MEAN TEMPERATURE:   12.7 DEGREES FROM THE 11TH-17TH

WARMEST WEEK BASED
ON AVERAGE HIGH TEMPERATURE:   61.1 DEGREES FROM THE 3RD-9TH

COLDEST WEEK BASED
ON AVERAGE HIGH TEMPERATURE:   24.0 DEGREES FROM THE 11TH-17TH

COLDEST WEEK BASED
ON AVERAGE LOW TEMPERATURE:    -0.6 DEGREES FROM THE 12TH-18TH


...PRECIPITATION/SNOWFALL

(NOTE: ALL SNOWFALL/SNOW DEPTH DATA IS FROM THE NWS COOPERATIVE
OBSERVER IN ORD...WHO REPORTS 24-HOUR SNOWFALL FROM 8AM-8AM.
IN ADDITION...IN MANY CASES MELTED SNOW-LIQUID EQUIVALENT
PRECIPITATION IS ALSO DERIVED FROM THE COOPERATIVE OBSERVER...GIVEN
THAT THE AUTOMATED PRECIPITATION GAUGE AT THE AIRPORT IS NOT
DESIGNED TO ACCURATELY MELT SNOW IN MOST SITUATIONS)

TOTAL MONTHLY PRECIPITATION: 0.06 INCHES  (1.01 BELOW NORMAL)
TOTAL MONTHLY SNOWFALL:      4.0  INCHES   (1.3 BELOW NORMAL)

NUMBER OF DAYS WITH MEASURABLE PRECIPITATION (0.01 OR MORE): 1

HIGHEST CALENDAR DAY PRECIPITATION:  0.06 INCHES ON THE 15TH

HIGHEST 24-HOUR
SNOWFALL ENDING AROUND 8 AM:  2.5 INCHES REPORTED ON THE 16TH

DEEPEST 8AM SNOW DEPTH:         2 INCHES ON THE 16TH-18TH


PRECIPITATION TOTALS AND DEPARTURES
FROM NORMAL FOR THE PAST 12 MONTHS:

MONTH          PRECIP.  DEPARTURE

DEC  2013       TRACE     -0.59
JAN  2014       0.06      -0.31
FEB  2014       0.19      -0.25
MAR  2014       0.20      -1.25
APR  2014       1.26      -1.33
MAY  2014       0.51      -3.30
JUN  2014       8.08      +3.96
JUL  2014       2.07      -0.90
AUG  2014       5.27      +2.11
SEP  2014       1.68      -0.76
OCT  2014       1.14      -0.79
NOV  2014       0.06      -1.01

12-MONTH TOTAL  20.52     -4.42


...OTHER WEATHER ELEMENTS

HIGHEST WIND GUST: 48 MPH FROM THE NORTHWEST ON THE 16TH
(OCCURRED AT 355 PM CST BEHIND A PASSING COLD FRONT)

HIGHEST SURFACE SEA LEVEL PRESSURE: 30.72 ON THE 13TH
LOWEST SURFACE SEA LEVEL PRESSURE:  29.29 ON THE 10TH

&&

...METEOROLOGICAL-FALL 2014 SEASONAL STATISTICS FOR SEP-NOV...

- AVERAGE MEAN TEMPERATURE:  48.1 DEGREES (1.7 BELOW NORMAL)
- FALL PRECIPITATION:        2.88 INCHES  (2.56 BELOW NORMAL)
- FALL SNOWFALL:              4.0 INCHES  (2.4 BELOW NORMAL)

$$

PFANNKUCH/DOXEY




U.S. Dept. of Commerce
NOAA National Weather Service
1325 East West Highway
Silver Spring, MD 20910
E-mail: w-nws.webmaster@noaa.gov
Page last modified: May 16, 2007
NATIONAL WEATHER SERVICE: for Safety, for Work, for Fun - FOR LIFE