047
CXUS53 KOAX 011512
CLMOAX

OMACLMOAX 000
TTAA00 KOAX 011453

CLIMATE REPORT
NATIONAL WEATHER SERVICE OMAHA NEBRASKA
1012 AM CDT MON SEP 1 2014

...................................

...THE VALLEY  NWS, NEBRASKA CLIMATE SUMMARY FOR THE MONTH OF AUGUST 2014...

CLIMATE NORMAL PERIOD 1981 TO 2010
CLIMATE RECORD PERIOD 1997 TO 2014

WEATHER         OBSERVED          NORMAL  DEPART  LAST YEAR`S
                 VALUE   DATE(S)  VALUE   FROM    VALUE
                                          NORMAL
.............................................................
TEMPERATURE (F)
HIGHEST            92   08/22
LOWEST             55   08/13
                        08/12
AVG. MAXIMUM     82.8              84.0    -1.2
AVG. MINIMUM     66.5              64.1     2.4
MEAN             74.7              74.0     0.7
DAYS MAX >= 90      4
DAYS MAX <= 32      0
DAYS MIN <= 32      0
DAYS MIN <= 0       0

PRECIPITATION (INCHES)
TOTALS           8.57
DAYS >= .01        16
DAYS >= .10         8
DAYS >= .50         4
DAYS >= 1.00        3
GREATEST
 24 HR. TOTAL    3.08   08/27 TO 08/28

SNOWFALL (INCHES)
TOTALS            0.0                                0.0
 LIQUID EQUIV    0.00
SINCE 7/1         0.0
SNOWDEPTH AVG.      0
DAYS >= TRACE       0
DAYS >= 1.0         0
GREATEST
 SNOW DEPTH         0
 24 HR TOTAL      0.0

DEGREE DAYS
HEATING TOTAL       0
 SINCE 7/1          1
COOLING TOTAL     308
 SINCE 1/1        925
..............................................................

WIND (MPH)
HIGHEST GUST SPEED/DIRECTION    44


WEATHER CONDITIONS. NUMBER OF DAYS WITH
THUNDERSTORM             11     MIXED PRECIP               0
HEAVY RAIN                5     RAIN                       7
LIGHT RAIN               21     FREEZING RAIN              0
LT FREEZING RAIN          0     HAIL                       0
HEAVY SNOW                0     SNOW                       0
LIGHT SNOW                0     SLEET                      0
FOG                      12     FOG W/VIS <= 1/4 MILE      0
HAZE                      1

-  INDICATES NEGATIVE NUMBERS.
R  INDICATES RECORD WAS SET OR TIED.
MM INDICATES DATA IS MISSING.
T  INDICATES TRACE AMOUNT.
>  INDICATES GREATER THAN OR EQUAL TO.
<  INDICATES LESS THAN OR EQUAL TO.


$$




U.S. Dept. of Commerce
NOAA National Weather Service
1325 East West Highway
Silver Spring, MD 20910
E-mail: w-nws.webmaster@noaa.gov
Page last modified: May 16, 2007
NATIONAL WEATHER SERVICE: for Safety, for Work, for Fun - FOR LIFE