713
CXUS55 KPSR 011359
CLMNYL

PHXCLMYUM 000
TTAA00 KPSR 011358


CLIMATE REPORT
NATIONAL WEATHER SERVICE PHOENIX AZ
658 AM MST TUE APR 1 2014

...................................

...THE YUMA AZ CLIMATE SUMMARY FOR THE MONTH OF MARCH 2014...

CLIMATE NORMAL PERIOD 1981 TO 2010
CLIMATE RECORD PERIOD 1876 TO 2014

WEATHER         OBSERVED          NORMAL  DEPART
                 VALUE   DATE(S)  VALUE   FROM
                                          NORMAL
................................................
TEMPERATURE (F)
RECORD
 HIGH             102   03/21/2004
 LOW               31   03/15/1881
HIGHEST            92   03/17        93      -1
LOWEST             50   03/02        44       6
AVG. MAXIMUM     84.4              79.9     4.5
AVG. MINIMUM     56.8              54.4     2.4
MEAN             70.6              67.2     3.4
DAYS MAX >= 90      3               3.6    -0.6
DAYS MAX <= 32      0               0.0     0.0
DAYS MIN <= 32      0               0.0     0.0
DAYS MIN <= 0       0               0.0     0.0

PRECIPITATION (INCHES)
RECORD
 MAXIMUM         3.33   1905
 MINIMUM         0.00   2011
                        2009
                        2008
TOTALS           0.07              0.33   -0.26
DAYS >= .01         1               1.9    -0.9
DAYS >= .10         0               1.1    -1.1
DAYS >= .50         0               0.2    -0.2
DAYS >= 1.00        0               0.0     0.0
GREATEST
 24 HR. TOTAL    0.07   03/01 TO 03/01

DEGREE_DAYS
HEATING TOTAL       4                50     -46
 SINCE 7/1        365               673    -308
COOLING TOTAL     185               117      68
 SINCE 1/1        299               153     146
.................................................

WIND (MPH)
AVERAGE WIND SPEED              6.6
HIGHEST GUST SPEED/DIRECTION    40/280    DATE  03/26

AVERAGE RH (PERCENT)     30

WEATHER CONDITIONS. NUMBER OF DAYS WITH
THUNDERSTORM              0     HEAVY RAIN                 0
RAIN                      0     LIGHT RAIN                 1
FOG W/VIS <= 1/4 MILE     0

-  INDICATES NEGATIVE NUMBERS.
R  INDICATES RECORD WAS SET OR TIED.
MM INDICATES DATA IS MISSING.
T  INDICATES TRACE AMOUNT.

$$







U.S. Dept. of Commerce
NOAA National Weather Service
1325 East West Highway
Silver Spring, MD 20910
E-mail: w-nws.webmaster@noaa.gov
Page last modified: May 16, 2007
NATIONAL WEATHER SERVICE: for Safety, for Work, for Fun - FOR LIFE