196
CXUS55 KPSR 021413 CCA
CLMNYL

CLIMATE REPORT
NATIONAL WEATHER SERVICE PHOENIX AZ
710 AM MST TUE SEP 2 2014

...................................

...THE YUMA AZ CLIMATE SUMMARY FOR THE MONTH OF AUGUST 2014...

CLIMATE NORMAL PERIOD 1981 TO 2010
CLIMATE RECORD PERIOD 1876 TO 2014

WEATHER         OBSERVED          NORMAL  DEPART
                 VALUE   DATE(S)  VALUE   FROM
                                          NORMAL
................................................
TEMPERATURE (F)
RECORD
 HIGH             120   08/27/1981
 LOW               58   08/30/1907
HIGHEST           113   08/30       114      -1
                        08/29
LOWEST             72   08/22        74      -2
AVG. MAXIMUM    105.0             106.2    -1.2
AVG. MINIMUM     81.8              82.3    -0.5
MEAN             93.4              94.3    -0.9
DAYS MAX >= 90     31              30.8     0.2
DAYS MAX <= 32      0               0.0     0.0
DAYS MIN <= 32      0               0.0     0.0
DAYS MIN <= 0       0               0.0     0.0

PRECIPITATION (INCHES)
RECORD
 MAXIMUM         6.25   1909
 MINIMUM         0.00   2006
                        2004
                        2002
TOTALS           0.49              0.47    0.02
DAYS >= .01         3               2.4     0.6
DAYS >= .10         1               1.2    -0.2
DAYS >= .50         0               0.3    -0.3
DAYS >= 1.00        0               0.1    -0.1
GREATEST
 24 HR. TOTAL    0.41   08/20 TO 08/21

DEGREE_DAYS
HEATING TOTAL       0                 0       0
 SINCE 7/1          0                 0       0
COOLING TOTAL     887               907     -20
 SINCE 1/1       3836              3453     383
.................................................

WIND (MPH)
AVERAGE WIND SPEED              7.8
HIGHEST GUST SPEED/DIRECTION    44/160    DATE  08/18

AVERAGE RH (PERCENT)     40

WEATHER CONDITIONS. NUMBER OF DAYS WITH
THUNDERSTORM              7     HEAVY RAIN                 1
RAIN                      1     LIGHT RAIN                 6
FOG W/VIS <= 1/4 MILE     0

-  INDICATES NEGATIVE NUMBERS.
R  INDICATES RECORD WAS SET OR TIED.
MM INDICATES DATA IS MISSING.
T  INDICATES TRACE AMOUNT.

$$








U.S. Dept. of Commerce
NOAA National Weather Service
1325 East West Highway
Silver Spring, MD 20910
E-mail: w-nws.webmaster@noaa.gov
Page last modified: May 16, 2007
NATIONAL WEATHER SERVICE: for Safety, for Work, for Fun - FOR LIFE