877
CXUS55 KPSR 011134
CLMNYL

CLIMATE REPORT
NATIONAL WEATHER SERVICE PHOENIX AZ
431 AM MST MON DEC 1 2014

...................................

...THE YUMA AZ CLIMATE SUMMARY FOR THE MONTH OF NOVEMBER 2014...

CLIMATE NORMAL PERIOD 1981 TO 2010
CLIMATE RECORD PERIOD 1876 TO 2014

WEATHER         OBSERVED          NORMAL  DEPART
                 VALUE   DATE(S)  VALUE   FROM
                                          NORMAL
................................................
TEMPERATURE (F)
RECORD
 HIGH              98   11/03/1962
 LOW               29   11/30/1906
HIGHEST            91   11/09        89       2
                        11/08
LOWEST             49   11/22        44       5
AVG. MAXIMUM     80.1              77.5     2.6
AVG. MINIMUM     56.0              53.9     2.1
MEAN             68.2              65.7     2.5
DAYS MAX >= 90      2               1.0     1.0
DAYS MAX <= 32      0               0.0     0.0
DAYS MIN <= 32      0               0.0     0.0
DAYS MIN <= 0       0               0.0     0.0

PRECIPITATION (INCHES)
RECORD
 MAXIMUM         2.44   1905
 MINIMUM         0.00   2010
                        2009
                        2007
TOTALS              T              0.22   -0.22
DAYS >= .01         0               1.2    -1.2
DAYS >= .10         0               0.4    -0.4
DAYS >= .50         0               0.1    -0.1
DAYS >= 1.00        0               0.0     0.0
GREATEST
 24 HR. TOTAL       T   11/21 TO 11/21

DEGREE_DAYS
HEATING TOTAL      15                66     -51
 SINCE 7/1         15                68     -53
COOLING TOTAL     109                87      22
 SINCE 1/1       5292              4649     643
.................................................

WIND (MPH)
AVERAGE WIND SPEED              6.6
HIGHEST GUST SPEED/DIRECTION    47/030    DATE  11/16

AVERAGE RH (PERCENT)     32

WEATHER CONDITIONS. NUMBER OF DAYS WITH
THUNDERSTORM              0     HEAVY RAIN                 0
RAIN                      0     LIGHT RAIN                 0
FOG W/VIS <= 1/4 MILE     0

-  INDICATES NEGATIVE NUMBERS.
R  INDICATES RECORD WAS SET OR TIED.
MM INDICATES DATA IS MISSING.
T  INDICATES TRACE AMOUNT.

$$







U.S. Dept. of Commerce
NOAA National Weather Service
1325 East West Highway
Silver Spring, MD 20910
E-mail: w-nws.webmaster@noaa.gov
Page last modified: May 16, 2007
NATIONAL WEATHER SERVICE: for Safety, for Work, for Fun - FOR LIFE