707
CXUS55 KPSR 010922
CLMNYL

CLIMATE REPORT
NATIONAL WEATHER SERVICE PHOENIX AZ
222 AM MST SAT NOV 1 2014

...................................

...THE YUMA AZ CLIMATE SUMMARY FOR THE MONTH OF OCTOBER 2014...

CLIMATE NORMAL PERIOD 1981 TO 2010
CLIMATE RECORD PERIOD 1876 TO 2014

WEATHER         OBSERVED          NORMAL  DEPART
                 VALUE   DATE(S)  VALUE   FROM
                                          NORMAL
................................................
TEMPERATURE (F)
RECORD
 HIGH             112   10/02/1980
 LOW               35   10/30/1971
HIGHEST           103   10/04       102       1
LOWEST             64   10/31        54      10
                        10/29
AVG. MAXIMUM     94.1              89.9     4.2
AVG. MINIMUM     69.6              65.0     4.6
MEAN             81.8              77.5     4.3
DAYS MAX >= 90     28              16.4    11.6
DAYS MAX <= 32      0               0.0     0.0
DAYS MIN <= 32      0               0.0     0.0
DAYS MIN <= 0       0               0.0     0.0

PRECIPITATION (INCHES)
RECORD
 MAXIMUM         3.39   1932
 MINIMUM         0.00   2009
                        2008
                        2007
TOTALS           0.05              0.21   -0.16
DAYS >= .01         1               1.1    -0.1
DAYS >= .10         0               0.6    -0.6
DAYS >= .50         0               0.1    -0.1
DAYS >= 1.00        0               0.0     0.0
GREATEST
 24 HR. TOTAL    0.05   10/07 TO 10/07

DEGREE_DAYS
HEATING TOTAL       0                 2      -2
 SINCE 7/1          0                 2      -2
COOLING TOTAL     530               388     142
 SINCE 1/1       5183              4562     621
.................................................

WIND (MPH)
AVERAGE WIND SPEED              4.5
HIGHEST GUST SPEED/DIRECTION    35/200    DATE  10/17

AVERAGE RH (PERCENT)     38

WEATHER CONDITIONS. NUMBER OF DAYS WITH
THUNDERSTORM              0     HEAVY RAIN                 0
RAIN                      0     LIGHT RAIN                 2
FOG W/VIS <= 1/4 MILE     0

-  INDICATES NEGATIVE NUMBERS.
R  INDICATES RECORD WAS SET OR TIED.
MM INDICATES DATA IS MISSING.
T  INDICATES TRACE AMOUNT.

$$








U.S. Dept. of Commerce
NOAA National Weather Service
1325 East West Highway
Silver Spring, MD 20910
E-mail: w-nws.webmaster@noaa.gov
Page last modified: May 16, 2007
NATIONAL WEATHER SERVICE: for Safety, for Work, for Fun - FOR LIFE