092
CXUS55 KPSR 011341
CLMNYL

CLIMATE REPORT
NATIONAL WEATHER SERVICE PHOENIX AZ
640 AM MST WED OCT 1 2014

...................................

...THE YUMA AZ CLIMATE SUMMARY FOR THE MONTH OF SEPTEMBER 2014...

CLIMATE NORMAL PERIOD 1981 TO 2010
CLIMATE RECORD PERIOD 1876 TO 2014

WEATHER         OBSERVED          NORMAL  DEPART
                 VALUE   DATE(S)  VALUE   FROM
                                          NORMAL
................................................
TEMPERATURE (F)
RECORD
 HIGH             117   09/02/1948
 LOW               50   09/30/1907
                        09/29/1894
                        09/18/1882
HIGHEST           110   09/15       111      -1
                        09/12
                        09/03
LOWEST             67   09/29        65       2
AVG. MAXIMUM    103.0             101.3     1.7
AVG. MINIMUM     81.0              76.8     4.2
MEAN             92.0              89.0     3.0
DAYS MAX >= 90     29              28.0     1.0
DAYS MAX <= 32      0               0.0     0.0
DAYS MIN <= 32      0               0.0     0.0
DAYS MIN <= 0       0               0.0     0.0

PRECIPITATION (INCHES)
RECORD
 MAXIMUM         5.14   1997
 MINIMUM         0.00   2010
                        2005
                        2004
TOTALS           1.44              0.53    0.91
DAYS >= .01         1               1.4    -0.4
DAYS >= .10         1               0.8     0.2
DAYS >= .50         1               0.3     0.7
DAYS >= 1.00        1               0.2     0.8
GREATEST
 24 HR. TOTAL    1.44   09/09 TO 09/09

DEGREE_DAYS
HEATING TOTAL       0                 0       0
 SINCE 7/1          0                 0       0
COOLING TOTAL     817               721      96
 SINCE 1/1       4653              4174     479
.................................................

WIND (MPH)
AVERAGE WIND SPEED              7.4
HIGHEST GUST SPEED/DIRECTION    36/180    DATE  09/26

AVERAGE RH (PERCENT)     38

WEATHER CONDITIONS. NUMBER OF DAYS WITH
THUNDERSTORM              3     HEAVY RAIN                 1
RAIN                      0     LIGHT RAIN                 2
FOG W/VIS <= 1/4 MILE     0

-  INDICATES NEGATIVE NUMBERS.
R  INDICATES RECORD WAS SET OR TIED.
MM INDICATES DATA IS MISSING.
T  INDICATES TRACE AMOUNT.

$$







U.S. Dept. of Commerce
NOAA National Weather Service
1325 East West Highway
Silver Spring, MD 20910
E-mail: w-nws.webmaster@noaa.gov
Page last modified: May 16, 2007
NATIONAL WEATHER SERVICE: for Safety, for Work, for Fun - FOR LIFE