315
CXUS55 KPSR 010837
CLMNYL

PHXCLMYUM 000
TTAA00 KPSR 010834


CLIMATE REPORT
NATIONAL WEATHER SERVICE PHOENIX AZ
132 AM MST TUE JUL 1 2014

...................................

...THE YUMA AZ CLIMATE SUMMARY FOR THE MONTH OF JUNE 2014...

CLIMATE NORMAL PERIOD 1981 TO 2010
CLIMATE RECORD PERIOD 1876 TO 2014

WEATHER         OBSERVED          NORMAL  DEPART
                 VALUE   DATE(S)  VALUE   FROM
                                          NORMAL
................................................
TEMPERATURE (F)
RECORD
 HIGH             122   06/26/1990
 LOW               50   06/01/1908
HIGHEST           109   06/30       113      -4
                        06/21
                        06/20
LOWEST             68   06/16        64       4
AVG. MAXIMUM    106.6             103.5     3.1
AVG. MINIMUM     76.8              74.6     2.2
MEAN             91.7              89.0     2.7
DAYS MAX >= 90     30              29.0     1.0
DAYS MAX <= 32      0               0.0     0.0
DAYS MIN <= 32      0               0.0     0.0
DAYS MIN <= 0       0               0.0     0.0

PRECIPITATION (INCHES)
RECORD
 MAXIMUM         0.62   1912
 MINIMUM         0.00   2013
                        2012
                        2011
TOTALS           0.00R             0.01   -0.01
DAYS >= .01         0               0.2    -0.2
DAYS >= .10         0               0.1    -0.1
DAYS >= .50         0               0.0     0.0
DAYS >= 1.00        0               0.0     0.0
GREATEST
 24 HR. TOTAL    0.00   06/30 TO 06/30

DEGREE_DAYS
HEATING TOTAL       0                 0       0
 SINCE 7/1        370               686    -316
COOLING TOTAL     809               721      88
 SINCE 1/1       1971              1633     338
.................................................

WIND (MPH)
AVERAGE WIND SPEED              7.3
HIGHEST GUST SPEED/DIRECTION    33/160    DATE  06/10

AVERAGE RH (PERCENT)     19

WEATHER CONDITIONS. NUMBER OF DAYS WITH
THUNDERSTORM              0     HEAVY RAIN                 0
RAIN                      0     LIGHT RAIN                 0
FOG W/VIS <= 1/4 MILE     0

-  INDICATES NEGATIVE NUMBERS.
R  INDICATES RECORD WAS SET OR TIED.
MM INDICATES DATA IS MISSING.
T  INDICATES TRACE AMOUNT.

$$







U.S. Dept. of Commerce
NOAA National Weather Service
1325 East West Highway
Silver Spring, MD 20910
E-mail: w-nws.webmaster@noaa.gov
Page last modified: May 16, 2007
NATIONAL WEATHER SERVICE: for Safety, for Work, for Fun - FOR LIFE