506
CXUS55 KPSR 010849
CLMNYL

CLIMATE REPORT
NATIONAL WEATHER SERVICE PHOENIX AZ
137 AM MST THU JAN 1 2015

...................................

...THE YUMA AZ CLIMATE SUMMARY FOR THE MONTH OF DECEMBER 2014...

CLIMATE NORMAL PERIOD 1981 TO 2010
CLIMATE RECORD PERIOD 1876 TO 2014

WEATHER         OBSERVED          NORMAL  DEPART
                 VALUE   DATE(S)  VALUE   FROM
                                          NORMAL
................................................
TEMPERATURE (F)
RECORD
 HIGH              86   12/28/2007
                        12/03/1958
 LOW               22   12/26/1911
HIGHEST            MM                78      MM
LOWEST             MM                36      MM
AVG. MAXIMUM       MM              68.3      MM
AVG. MINIMUM       MM              46.6      MM
MEAN               MM              57.4      MM
DAYS MAX >= 90      0               0.0     0.0
DAYS MAX <= 32      0               0.0     0.0
DAYS MIN <= 32      0               0.0     0.0
DAYS MIN <= 0       0               0.0     0.0

PRECIPITATION (INCHES)
RECORD
 MAXIMUM         4.43   1926
 MINIMUM         0.00   2006
                        2005
                        2003
TOTALS           0.39              0.51   -0.12
DAYS >= .01         6               2.3     3.7
DAYS >= .10         1               1.0     0.0
DAYS >= .50         0               0.3    -0.3
DAYS >= 1.00        0               0.1    -0.1
GREATEST
 24 HR. TOTAL    0.18   12/04 TO 12/04

DEGREE_DAYS
HEATING TOTAL      MM               236      MM
 SINCE 7/1         MM               304      MM
COOLING TOTAL      MM                 2      MM
 SINCE 1/1         MM              4651      MM
.................................................

WIND (MPH)
AVERAGE WIND SPEED              5.6
HIGHEST GUST SPEED/DIRECTION    32/MM     DATE   MM

AVERAGE RH (PERCENT)     MM

WEATHER CONDITIONS. NUMBER OF DAYS WITH
THUNDERSTORM              0     HEAVY RAIN                 0
RAIN                      1     LIGHT RAIN                 7
FOG W/VIS <= 1/4 MILE     0

-  INDICATES NEGATIVE NUMBERS.
R  INDICATES RECORD WAS SET OR TIED.
MM INDICATES DATA IS MISSING.
T  INDICATES TRACE AMOUNT.

$$








U.S. Dept. of Commerce
NOAA National Weather Service
1325 East West Highway
Silver Spring, MD 20910
E-mail: w-nws.webmaster@noaa.gov
Page last modified: May 16, 2007
NATIONAL WEATHER SERVICE: for Safety, for Work, for Fun - FOR LIFE