612
CXUS55 KPSR 040636 CCA
CLMNYL

CLIMATE REPORT...CORRECTED
NATIONAL WEATHER SERVICE PHOENIX AZ
529 AM MST FRI AUG 1 2014

...................................

...THE YUMA AZ CLIMATE SUMMARY FOR THE MONTH OF JULY 2014...

CLIMATE NORMAL PERIOD 1981 TO 2010
CLIMATE RECORD PERIOD 1876 TO 2014

WEATHER         OBSERVED          NORMAL  DEPART
                 VALUE   DATE(S)  VALUE   FROM
                                          NORMAL
................................................
TEMPERATURE (F)
RECORD
 HIGH             124   07/28/1995
 LOW               61   07/02/1879
HIGHEST           117   07/24       115       2
                        07/23
LOWEST             78   07/17        74       4
AVG. MAXIMUM    108.4             106.8     1.6
AVG. MINIMUM     84.1              82.1     2.0
MEAN             96.3              94.5     1.8
DAYS MAX >= 90     31              31.0     0.0
DAYS MAX <= 32      0               0.0     0.0
DAYS MIN <= 32      0               0.0     0.0
DAYS MIN <= 0       0               0.0     0.0

PRECIPITATION (INCHES)
RECORD
 MAXIMUM         2.55   1989
 MINIMUM         0.00   2010
                        2007
                        2006
TOTALS           0.28              0.29   -0.01
DAYS >= .01         4               1.0     3.0
DAYS >= .10         1               0.5     0.5
DAYS >= .50         0               0.2    -0.2
DAYS >= 1.00        0               0.1    -0.1
GREATEST
 24 HR. TOTAL    0.20   07/04 TO 07/04

DEGREE_DAYS
HEATING TOTAL       0                 0       0
 SINCE 7/1          0                 0       0
COOLING TOTAL     978               913      65
 SINCE 1/1       2949              2546     403
.................................................

WIND (MPH)
AVERAGE WIND SPEED              8.8
HIGHEST GUST SPEED/DIRECTION    45/240    DATE  07/04

AVERAGE RH (PERCENT)     32

WEATHER CONDITIONS. NUMBER OF DAYS WITH
THUNDERSTORM              4     HEAVY RAIN                 0
RAIN                      1     LIGHT RAIN                 6
FOG W/VIS <= 1/4 MILE     0

-  INDICATES NEGATIVE NUMBERS.
R  INDICATES RECORD WAS SET OR TIED.
MM INDICATES DATA IS MISSING.
T  INDICATES TRACE AMOUNT.

$$











U.S. Dept. of Commerce
NOAA National Weather Service
1325 East West Highway
Silver Spring, MD 20910
E-mail: w-nws.webmaster@noaa.gov
Page last modified: May 16, 2007
NATIONAL WEATHER SERVICE: for Safety, for Work, for Fun - FOR LIFE