366
CXUS51 KOKX 011316
CLMNYC

CLIMATE REPORT
NATIONAL WEATHER SERVICE NEW YORK NY
916 AM EDT WED OCT 1 2014

...................................

...THE CENTRAL PARK NY CLIMATE SUMMARY FOR THE MONTH OF SEPTEMBER 2014...

CLIMATE NORMAL PERIOD 1981 TO 2010
CLIMATE RECORD PERIOD 1869 TO 2014

WEATHER         OBSERVED          NORMAL  DEPART  LAST YEAR`S
                 VALUE   DATE(S)  VALUE   FROM    VALUE  DATE(S)
                                          NORMAL
................................................................
TEMPERATURE (F)
RECORD
 HIGH             102   09/02/1953
 LOW               39   09/30/1912
HIGHEST            92   09/02        MM      MM       96  09/11
LOWEST             52   09/23        MM      MM       47  09/24
AVG. MAXIMUM     77.3              75.2     2.1     76.3
AVG. MINIMUM     62.2              60.8     1.4     59.4
MEAN             69.7              68.0     1.7     67.9
DAYS MAX >= 90      2               0.6     1.4        1
DAYS MAX <= 32      0               0.0     0.0        0
DAYS MIN <= 32      0               0.0     0.0        0
DAYS MIN <= 0       0               0.0     0.0        0

PRECIPITATION (INCHES)
RECORD
 MAXIMUM        16.85   1882
 MINIMUM         0.21   1884
TOTALS           1.21              4.28   -3.07     2.95
DAILY AVG.       0.04              0.14   -0.10     0.10
DAYS >= .01         5               8.7    -3.7        8
DAYS >= .10         5               6.0    -1.0        3
DAYS >= .50         0               2.6    -2.6        2
DAYS >= 1.00        0               1.3    -1.3        1
GREATEST
 24 HR. TOTAL    0.62   08/31 TO 09/01           09/12 TO 09/13
                                                          09/30 TO 09/30
                                                          09/30 TO 09/30
 STORM TOTAL       MM                                 MM
 (MM/DD(HH))            MM                    09/13(00) TO 09/13(00)
                                                 09/30(00) TO 09/30(00)0
                                                 09/30(00) TO 09/30(00)0

DEGREE_DAYS
HEATING TOTAL      22                43     -21       36
 SINCE 7/1         22                45     -23       36
COOLING TOTAL     170               133      37      132
 SINCE 1/1       1108              1087      21     1225
.................................................

WIND (MPH)
AVERAGE WIND SPEED              4.2
HIGHEST WIND SPEED/DIRECTION    16/070    DATE  09/25
HIGHEST GUST SPEED/DIRECTION    35/260    DATE  09/02

AVERAGE RH (PERCENT)     62

WEATHER CONDITIONS. NUMBER OF DAYS WITH
THUNDERSTORM              0     MIXED PRECIP               0
HEAVY RAIN                3     RAIN                       3
LIGHT RAIN                7     FREEZING RAIN              0
LT FREEZING RAIN          0     HAIL                       0
HEAVY SNOW                0     SNOW                       0
LIGHT SNOW                0     SLEET                      0
FOG                       8     FOG W/VIS <= 1/4 MILE      0
HAZE                      6

-  INDICATES NEGATIVE NUMBERS.
R  INDICATES RECORD WAS SET OR TIED.
MM INDICATES DATA IS MISSING.
T  INDICATES TRACE AMOUNT.

$$







U.S. Dept. of Commerce
NOAA National Weather Service
1325 East West Highway
Silver Spring, MD 20910
E-mail: w-nws.webmaster@noaa.gov
Page last modified: May 16, 2007
NATIONAL WEATHER SERVICE: for Safety, for Work, for Fun - FOR LIFE