781
CXUS51 KOKX 011457
CLMNYC

CLIMATE REPORT
NATIONAL WEATHER SERVICE NEW YORK NY
1057 AM EDT FRI AUG 1 2014

...................................

...THE CENTRAL PARK NY CLIMATE SUMMARY FOR THE MONTH OF JULY 2014...

CLIMATE NORMAL PERIOD 1981 TO 2010
CLIMATE RECORD PERIOD 1869 TO 2014

WEATHER         OBSERVED          NORMAL  DEPART  LAST YEAR`S
                 VALUE   DATE(S)  VALUE   FROM    VALUE  DATE(S)
                                          NORMAL
................................................................
TEMPERATURE (F)
RECORD
 HIGH             106   07/09/1936
 LOW               52   07/01/1943
HIGHEST            91   07/08        MM      MM       98  07/18
                        07/02
LOWEST             63   07/30        MM      MM       64  07/25
                        07/05
AVG. MAXIMUM     83.5              84.1    -0.6     86.3
AVG. MINIMUM     68.8              68.8     0.0     73.4
MEAN             76.1              76.5    -0.4     79.8
DAYS MAX >= 90      3               5.5    -2.5       10
DAYS MAX <= 32      0               0.0     0.0        0
DAYS MIN <= 32      0               0.0     0.0        0
DAYS MIN <= 0       0               0.0     0.0        0

PRECIPITATION (INCHES)
RECORD
 MAXIMUM        11.89   1889
 MINIMUM         0.44   1999
TOTALS           5.59              4.60    0.99     2.84
DAILY AVG.       0.18              0.15    0.03     0.09
DAYS >= .01        12              10.4     1.6       12
DAYS >= .10         8               6.9     1.1        7
DAYS >= .50         3               3.0     0.0        2
DAYS >= 1.00        2               1.4     0.6        0
GREATEST
 24 HR. TOTAL    1.88   07/03 TO 07/04           07/01 TO 07/01
                                                          06/30 TO 07/01
                                                          07/01 TO 07/01
 STORM TOTAL       MM                                 MM
 (MM/DD(HH))            MM                    07/01(00) TO 07/01(00)
                                                 07/01(00) TO 07/01(00)1
                                                 07/01(00) TO 07/01(00)1

DEGREE_DAYS
HEATING TOTAL       0                 0       0        0
 SINCE 7/1          0                 0       0        0
COOLING TOTAL     351               355      -4      464
 SINCE 1/1        637               636       1      788
..................................................

WIND (MPH)
AVERAGE WIND SPEED              7.3
HIGHEST WIND SPEED/DIRECTION    99/099    DATE  07/25
HIGHEST GUST SPEED/DIRECTION    99/099    DATE  07/25

AVERAGE RH (PERCENT)     63

WEATHER CONDITIONS. NUMBER OF DAYS WITH
THUNDERSTORM              0     MIXED PRECIP               0
HEAVY RAIN                7     RAIN                       9
LIGHT RAIN               13     FREEZING RAIN              0
LT FREEZING RAIN          0     HAIL                       0
HEAVY SNOW                0     SNOW                       0
LIGHT SNOW                0     SLEET                      0
FOG                      12     FOG W/VIS <= 1/4 MILE      0
HAZE                      6

-  INDICATES NEGATIVE NUMBERS.
R  INDICATES RECORD WAS SET OR TIED.
MM INDICATES DATA IS MISSING.
T  INDICATES TRACE AMOUNT.

$$







U.S. Dept. of Commerce
NOAA National Weather Service
1325 East West Highway
Silver Spring, MD 20910
E-mail: w-nws.webmaster@noaa.gov
Page last modified: May 16, 2007
NATIONAL WEATHER SERVICE: for Safety, for Work, for Fun - FOR LIFE