775
CXUS51 KOKX 011342
CLMNYC

CLIMATE REPORT
NATIONAL WEATHER SERVICE NEW YORK NY
942 AM EDT MON SEP 1 2014

...................................

...THE CENTRAL PARK NY CLIMATE SUMMARY FOR THE MONTH OF AUGUST 2014...

CLIMATE NORMAL PERIOD 1981 TO 2010
CLIMATE RECORD PERIOD 1869 TO 2014

WEATHER         OBSERVED          NORMAL  DEPART  LAST YEAR`S
                 VALUE   DATE(S)  VALUE   FROM    VALUE  DATE(S)
                                          NORMAL
................................................................
TEMPERATURE (F)
RECORD
 HIGH             104   08/07/1918
 LOW               50   08/29/1986
                        08/29/1982
                        08/31/1976
                        08/30/1965
                        08/29/1965
                        08/28/1885
HIGHEST            90   08/31        MM      MM       90  08/21
                        08/27
                        08/05
LOWEST             61   08/29        MM      MM       59  08/15
                        08/15
AVG. MAXIMUM     82.5              82.6    -0.1     81.5
AVG. MINIMUM     66.6              67.8    -1.2     67.6
MEAN             74.5              75.2    -0.7     74.6
DAYS MAX >= 90      3               3.2    -0.2        1
DAYS MAX <= 32      0               0.0     0.0        0
DAYS MIN <= 32      0               0.0     0.0        0
DAYS MIN <= 0       0               0.0     0.0        0

PRECIPITATION (INCHES)
RECORD
 MAXIMUM        18.95   2011
 MINIMUM         0.18   1995
TOTALS           2.25              4.44   -2.19     2.85
DAILY AVG.       0.07              0.14   -0.07     0.09
DAYS >= .01         9               9.5    -0.5       10
DAYS >= .10         5               6.2    -1.2        5
DAYS >= .50         2               3.0    -1.0        2
DAYS >= 1.00        0               1.3    -1.3        0
GREATEST
 24 HR. TOTAL    0.72   08/12 TO 08/13           08/13 TO 08/13
                                                          08/31 TO 08/31
                                                          08/31 TO 08/31
 STORM TOTAL       MM                                 MM
 (MM/DD(HH))            MM                    08/13(00) TO 08/13(00)
                                                 08/31(00) TO 08/31(00)1
                                                 08/31(00) TO 08/31(00)1

DEGREE_DAYS
HEATING TOTAL       0                 2      -2        0
 SINCE 7/1          0                 2      -2        0
COOLING TOTAL     301               318     -17      305
 SINCE 1/1        938               954     -16     1093
..................................................

WIND (MPH)
AVERAGE WIND SPEED              3.7
HIGHEST WIND SPEED/DIRECTION    17/060    DATE  08/02
HIGHEST GUST SPEED/DIRECTION    30/170    DATE  08/13

AVERAGE RH (PERCENT)     61

WEATHER CONDITIONS. NUMBER OF DAYS WITH
THUNDERSTORM              0     MIXED PRECIP               0
HEAVY RAIN                2     RAIN                       5
LIGHT RAIN                9     FREEZING RAIN              0
LT FREEZING RAIN          0     HAIL                       0
HEAVY SNOW                0     SNOW                       0
LIGHT SNOW                0     SLEET                      0
FOG                       8     FOG W/VIS <= 1/4 MILE      0
HAZE                      9

-  INDICATES NEGATIVE NUMBERS.
R  INDICATES RECORD WAS SET OR TIED.
MM INDICATES DATA IS MISSING.
T  INDICATES TRACE AMOUNT.

$$







U.S. Dept. of Commerce
NOAA National Weather Service
1325 East West Highway
Silver Spring, MD 20910
E-mail: w-nws.webmaster@noaa.gov
Page last modified: May 16, 2007
NATIONAL WEATHER SERVICE: for Safety, for Work, for Fun - FOR LIFE