358
CXUS51 KOKX 011516
CLMNYC

CLIMATE REPORT
NATIONAL WEATHER SERVICE NEW YORK NY
1116 AM EDT TUE JUL 1 2014


...THE CENTRAL PARK NY CLIMATE SUMMARY FOR THE MONTH OF JUNE 2014...

CLIMATE NORMAL PERIOD 1981 TO 2010
CLIMATE RECORD PERIOD 1869 TO 2014

WEATHER         OBSERVED          NORMAL  DEPART  LAST YEAR`S
                 VALUE   DATE(S)  VALUE   FROM    VALUE  DATE(S)
                                          NORMAL
................................................................
TEMPERATURE (F)
RECORD
 HIGH             101   06/27/1966
                        06/29/1934
 LOW               44   06/01/1945
HIGHEST            89   06/18        MM      MM       92  06/24
                        06/17
LOWEST             55   06/01        MM      MM       53  06/14
AVG. MAXIMUM     80.4              79.3     1.1     80.3
AVG. MINIMUM     64.5              63.6     0.9     65.0
MEAN             72.4              71.4     1.0     72.7
DAYS MAX >= 90      0               2.1    -2.1        3
DAYS MAX <= 32      0               0.0     0.0        0
DAYS MIN <= 32      0               0.0     0.0        0
DAYS MIN <= 0       0               0.0     0.0        0

PRECIPITATION (INCHES)
RECORD
 MAXIMUM        10.27   2003
 MINIMUM         0.02   1949
TOTALS           4.26              4.41   -0.15    10.10
DAILY AVG.       0.14              0.15   -0.01     0.34
DAYS >= .01         9              11.2    -2.2       14
DAYS >= .10         5               6.9    -1.9       10
DAYS >= .50         3               3.0     0.0        5
DAYS >= 1.00        2               1.0     1.0        3
GREATEST
 24 HR. TOTAL    1.60   06/08 TO 06/09           06/07 TO 06/08
                        06/09 TO 06/09                    06/30 TO 06/30
                        06/09 TO 06/10                    06/30 TO 06/30
 STORM TOTAL       MM                                 MM
 (MM/DD(HH))            MM                    06/08(00) TO 06/08(00)
                                                 06/30(00) TO 06/30(00)0
                                                 06/30(00) TO 06/30(00)0

DEGREE_DAYS
HEATING TOTAL       0                19     -19        9
 SINCE 7/1       4962              4750     212     4637
COOLING TOTAL     232               212      20      245
 SINCE 1/1        286               281       5      324
.................................................

WIND (MPH)
AVERAGE WIND SPEED              4.0
HIGHEST WIND SPEED/DIRECTION    16/080    DATE  06/11
HIGHEST GUST SPEED/DIRECTION    26/290    DATE  06/14

AVERAGE RH (PERCENT)     63

WEATHER CONDITIONS. NUMBER OF DAYS WITH
THUNDERSTORM              0     MIXED PRECIP               0
HEAVY RAIN                4     RAIN                       5
LIGHT RAIN                9     FREEZING RAIN              0
LT FREEZING RAIN          0     HAIL                       0
HEAVY SNOW                0     SNOW                       0
LIGHT SNOW                0     SLEET                      0
FOG                      12     FOG W/VIS <= 1/4 MILE      1
HAZE                      5

-  INDICATES NEGATIVE NUMBERS.
R  INDICATES RECORD WAS SET OR TIED.
MM INDICATES DATA IS MISSING.
T  INDICATES TRACE AMOUNT.

$$







U.S. Dept. of Commerce
NOAA National Weather Service
1325 East West Highway
Silver Spring, MD 20910
E-mail: w-nws.webmaster@noaa.gov
Page last modified: May 16, 2007
NATIONAL WEATHER SERVICE: for Safety, for Work, for Fun - FOR LIFE