484
CXUS56 KMTR 031330
CLMNUQ


CLIMATE REPORT
NATIONAL WEATHER SERVICE SAN FRANCISCO BAY AREA
630 AM PDT THU APR 3 2014

...................................

...THE MOFFETT FIELD NAS CLIMATE SUMMARY FOR THE MONTH OF MARCH 2014...

CLIMATE NORMAL PERIOD 1981 TO 2010
CLIMATE RECORD PERIOD 1945 TO 2014

WEATHER         OBSERVED          NORMAL  DEPART  LAST YEAR`S
                 VALUE   DATE(S)  VALUE   FROM    VALUE  DATE(S)
                                          NORMAL
................................................................
TEMPERATURE (F)
RECORD
 HIGH              84   03/17/2004
                        03/16/2004
 LOW               30   03/03/1951
HIGHEST            79   03/15                         76  03/29
LOWEST             45   03/31                         40  03/10
AVG. MAXIMUM     69.5              65.0     4.5     66.6
AVG. MINIMUM     50.3                               47.8
MEAN             59.9                               57.2
DAYS MAX >= 90      0                                  0
DAYS MAX <= 32      0                                  0
DAYS MIN <= 32      0                                  0
DAYS MIN <= 0       0                                  0

PRECIPITATION (INCHES)
RECORD
 MAXIMUM         6.39   1983
 MINIMUM         0.06   1988
TOTALS           1.48                               0.79
DAILY AVG.       0.05              0.07   -0.02     0.03
DAYS >= .01        10                                  8
DAYS >= .10         5                                  2
DAYS >= .50         1                                  0
DAYS >= 1.00        0                                  0
GREATEST
 24 HR. TOTAL    0.52   03/31 TO 03/31           03/07 TO 03/07
                                                          03/31 TO 03/31
                                                          03/31 TO 03/31

DEGREE_DAYS
HEATING TOTAL     154                                235
 SINCE 7/1       1612                               1912
COOLING TOTAL       4                                  1
 SINCE 1/1          4                                  1
..................................................

WIND (MPH)
AVERAGE WIND SPEED              5.3
RESULTANT WIND SPEED/DIRECTION   2/356
HIGHEST WIND SPEED/DIRECTION    25/120    DATE  03/01
HIGHEST GUST SPEED/DIRECTION    33/130    DATE  03/01

SKY COVER
POSSIBLE SUNSHINE (PERCENT)   MM
AVERAGE SKY COVER           0.30
NUMBER OF DAYS FAIR           22
NUMBER OF DAYS PC              7
NUMBER OF DAYS CLOUDY          2

AVERAGE RH (PERCENT)     61

WEATHER CONDITIONS. NUMBER OF DAYS WITH
THUNDERSTORM              0     MIXED PRECIP               0
HEAVY RAIN                2     RAIN                       4
LIGHT RAIN               11     FREEZING RAIN              0
LT FREEZING RAIN          0     HAIL                       0
HEAVY SNOW                0     SNOW                       0
LIGHT SNOW                0     SLEET                      0
FOG                       5     FOG W/VIS <= 1/4 MILE      0
HAZE                      2

-  INDICATES NEGATIVE NUMBERS.
R  INDICATES RECORD WAS SET OR TIED.
MM INDICATES DATA IS MISSING.
T  INDICATES TRACE AMOUNT.

$$




U.S. Dept. of Commerce
NOAA National Weather Service
1325 East West Highway
Silver Spring, MD 20910
E-mail: w-nws.webmaster@noaa.gov
Page last modified: May 16, 2007
NATIONAL WEATHER SERVICE: for Safety, for Work, for Fun - FOR LIFE