022
CXUS55 KGJT 011256
CLMMTJ


CLIMATE REPORT
NATIONAL WEATHER SERVICE GRAND JUNCTION CO
552 AM MST THU JAN 1 2015

...................................

...THE MONTROSE CO CLIMATE SUMMARY FOR THE MONTH OF DECEMBER 2014...

CLIMATE NORMAL PERIOD 1981 TO 2010
CLIMATE RECORD PERIOD 9999 TO 9999

WEATHER         OBSERVED          NORMAL  DEPART  LAST YEAR`S
                 VALUE   DATE(S)  VALUE   FROM    VALUE  DATE(S)
                                          NORMAL
................................................................
TEMPERATURE (F)
HIGHEST            57   12/13        MM      MM       53  12/03
LOWEST             -2   12/31        MM      MM       -9  12/10
                                                          12/05
AVG. MAXIMUM     41.8              37.9     3.9     32.8
AVG. MINIMUM     22.5              15.5     7.0      8.5
MEAN             32.2              26.7     5.5     20.7
DAYS MAX >= 90      0               0.0     0.0        0
DAYS MAX <= 32      6               7.6    -1.6       13
DAYS MIN <= 32     28              30.4    -2.4       31
DAYS MIN <= 0       1               1.4    -0.4        8

PRECIPITATION (INCHES)
TOTALS           0.46              0.67   -0.21     0.81
DAILY AVG.       0.01              0.02   -0.01     0.03
DAYS >= .01        10                MM      MM        6
DAYS >= .10         1                MM      MM        1
DAYS >= .50         0                MM      MM        1
DAYS >= 1.00        0                MM      MM        0
GREATEST
 24 HR. TOTAL    0.16   12/17 TO 12/18              0.66

SNOWFALL (INCHES)
TOTALS             MM                MM      MM       MM
SINCE 7/1          MM                MM      MM       MM
SNOWDEPTH AVG.     MM                MM      MM       MM
DAYS >= 1.0        MM                MM      MM       MM
GREATEST
 SNOW DEPTH        MM                                 MM  MM
 24 HR TOTAL       MM                                 MM

DEGREE_DAYS
HEATING TOTAL    1010              1187    -177     1363
 SINCE 7/1       2257              2608    -351     2769
COOLING TOTAL       0                 0       0        0
 SINCE 1/1        782               643     139      891
.................................................................

WIND (MPH)
AVERAGE WIND SPEED              5.1
HIGHEST WIND SPEED/DIRECTION    29/320    DATE  12/13
HIGHEST GUST SPEED/DIRECTION    35/320    DATE  12/13

SKY COVER
POSSIBLE SUNSHINE (PERCENT)   MM
AVERAGE SKY COVER           0.50
NUMBER OF DAYS FAIR           11
NUMBER OF DAYS PC             11
NUMBER OF DAYS CLOUDY          9

AVERAGE RH (PERCENT)     69

WEATHER CONDITIONS. NUMBER OF DAYS WITH
THUNDERSTORM              0     MIXED PRECIP               0
HEAVY RAIN                0     RAIN                       0
LIGHT RAIN                7     FREEZING RAIN              0
LT FREEZING RAIN          0     HAIL                       0
HEAVY SNOW                0     SNOW                       3
LIGHT SNOW               13     SLEET                      0
FOG                      13     FOG W/VIS <= 1/4 MILE      0
HAZE                      7

-  INDICATES NEGATIVE NUMBERS.
R  INDICATES RECORD WAS SET OR TIED.
MM INDICATES DATA IS MISSING.
T  INDICATES TRACE AMOUNT.

$$





U.S. Dept. of Commerce
NOAA National Weather Service
1325 East West Highway
Silver Spring, MD 20910
E-mail: w-nws.webmaster@noaa.gov
Page last modified: May 16, 2007
NATIONAL WEATHER SERVICE: for Safety, for Work, for Fun - FOR LIFE