886
CXUS52 KEYW 020018
CLMMTH

CLIMATE REPORT
NATIONAL WEATHER SERVICE KEY WEST, FL
759 PM EDT TUE JUL 1 2014

...................................

...THE MARATHON CLIMATE SUMMARY FOR THE MONTH OF JUNE 2014...

CLIMATE NORMAL PERIOD 1981 TO 2010

WEATHER         OBSERVED          NORMAL  DEPART  LAST YEAR`S
                VALUE   DATE(S)   VALUE   FROM    VALUE  DATE(S)
                                          NORMAL
................................................................
TEMPERATURE (F)
HIGHEST            92   06/30                         93  06/29
                        06/29                             06/28
                        06/27                             06/20
LOWEST             72   06/12                         75  06/07
                                                          06/05
                                                          06/04
AVG. MAXIMUM     89.3              90.4    -1.1     90.4
AVG. MINIMUM     77.7              79.2    -1.5     80.2
MEAN             83.5              84.8    -1.3     85.3
DAYS MAX >= 90     18              17.5     0.5       24
DAYS MAX <= 32      0               0.0     0.0        0
DAYS MIN <= 32      0               0.0     0.0        0
DAYS MIN <= 0       0               0.0     0.0        0

PRECIPITATION (INCHES)
TOTALS           3.87              5.61   -1.74     9.25
DAILY AVG.       0.13              0.19   -0.06     0.31
DAYS >= .01        10                                 16
DAYS >= .10         5                                  7
DAYS >= .50         5                                  6
DAYS >= 1.00        1                                  3

SNOWFALL (INCHES)
TOTALS            0.0                                0.0
SINCE 7/1         0.0                                0.0
SNOWDEPTH AVG.      0                                  0
DAYS >= 1.0         0                                  0
GREATEST
 SNOW DEPTH         0                                  0
 24 HR TOTAL      0.0   06/30 TO 06/30

DEGREE_DAYS
HEATING TOTAL       0                 0       0        0
 SINCE 7/1         35                81     -46       36
COOLING TOTAL     563               594     -31      616
 SINCE 1/1       2348              2137     211     2446
.................................................................

WIND (MPH)
AVERAGE WIND SPEED              6.0
HIGHEST WIND SPEED/DIRECTION    25/030    DATE  06/29
HIGHEST GUST SPEED/DIRECTION    33/030    DATE  06/29

SKY COVER
POSSIBLE SUNSHINE (PERCENT)   MM
AVERAGE SKY COVER           0.20
NUMBER OF DAYS FAIR           26
NUMBER OF DAYS PC              4
NUMBER OF DAYS CLOUDY          0

AVERAGE RH (PERCENT)     75

WEATHER CONDITIONS. NUMBER OF DAYS WITH
THUNDERSTORM              0     MIXED PRECIP               0
HEAVY RAIN                5     RAIN                       7
LIGHT RAIN               13     FREEZING RAIN              0
LT FREEZING RAIN          0     HAIL                       0
HEAVY SNOW                0     SNOW                       0
LIGHT SNOW                0     SLEET                      0
FOG                       9     FOG W/VIS <= 1/4 MILE      0
HAZE                      5

-  INDICATES NEGATIVE NUMBERS.
R  INDICATES RECORD WAS SET OR TIED.
MM INDICATES DATA IS MISSING.
T  INDICATES TRACE AMOUNT.

$$








U.S. Dept. of Commerce
NOAA National Weather Service
1325 East West Highway
Silver Spring, MD 20910
E-mail: w-nws.webmaster@noaa.gov
Page last modified: May 16, 2007
NATIONAL WEATHER SERVICE: for Safety, for Work, for Fun - FOR LIFE