098
CXUS55 KMSO 011331
CLMMSO


CLIMATE REPORT
NATIONAL WEATHER SERVICE MISSOULA, MT
731 AM MDT SAT NOV 1 2014

...................................

...THE MISSOULA MT CLIMATE SUMMARY FOR THE MONTH OF OCTOBER 2014...

CLIMATE NORMAL PERIOD 1981 TO 2010
CLIMATE RECORD PERIOD 1893 TO 2014

WEATHER         OBSERVED          NORMAL  DEPART  LAST YEAR`S
                 VALUE   DATE(S)  VALUE   FROM    VALUE
                                          NORMAL
.............................................................
TEMPERATURE (F)
RECORD
 HIGH              85   10/04/1980
                        10/03/1963
 LOW                0   10/29/1971
HIGHEST            80   10/07        MM      MM       68
LOWEST             24   10/28        MM      MM       16
AVG. MAXIMUM     62.7              57.8     4.9     55.5
AVG. MINIMUM     37.1              32.4     4.7     28.1
MEAN             49.9              45.1     4.8     41.8
DAYS MAX >= 90      0               0.0     0.0        0
DAYS MAX <= 32      0               0.1    -0.1        0
DAYS MIN <= 32      7              14.4    -7.4       24
DAYS MIN <= 0       0               0.0     0.0        0

PRECIPITATION (INCHES)
RECORD
 MAXIMUM         3.51   1975
 MINIMUM         0.01   1978
TOTALS           1.16              0.88    0.28     0.06
DAILY AVG.       0.04              0.03    0.01     0.00
DAYS >= .01         8               8.4    -0.4        3
DAYS >= .10         2               2.7    -0.7        0
DAYS >= .50         1               0.2     0.8        0
DAYS >= 1.00        0               0.0     0.0        0
GREATEST
 24 HR. TOTAL    0.56   10/21 TO 10/21              0.25

SNOWFALL (INCHES)
TOTALS              T               0.6    -0.6        T
SINCE 7/1           T               0.6    -0.6        T
DAYS >= TRACE       1               0.9     0.1        1
DAYS >= 1.0         0               0.2    -0.2        0
GREATEST
 SNOW DEPTH         0   MM                             0
 24 HR TOTAL        T   10/27 TO 10/27                 T

DEGREE_DAYS
HEATING TOTAL     461               617    -156
 SINCE 7/1        694               942    -248
COOLING TOTAL       0                 0       0
 SINCE 1/1        390               332      58
..............................................................

WIND (MPH)
AVERAGE WIND SPEED              3.9
HIGHEST WIND SPEED/DIRECTION    33/240    DATE  10/15
HIGHEST GUST SPEED/DIRECTION    40/240    DATE  10/15

SKY COVER
POSSIBLE SUNSHINE (PERCENT)   MM
AVERAGE SKY COVER           0.40
NUMBER OF DAYS FAIR           15
NUMBER OF DAYS PC             13
NUMBER OF DAYS CLOUDY          3

AVERAGE RH (PERCENT)     67

WEATHER CONDITIONS. NUMBER OF DAYS WITH
THUNDERSTORM              0     MIXED PRECIP               0
HEAVY RAIN                2     RAIN                       4
LIGHT RAIN               11     FREEZING RAIN              0
LT FREEZING RAIN          0     HAIL                       0
HEAVY SNOW                0     SNOW                       0
LIGHT SNOW                0     SLEET                      1
FOG                      13     FOG W/VIS <= 1/4 MILE      5
HAZE                      4

-  INDICATES NEGATIVE NUMBERS.
R  INDICATES RECORD WAS SET OR TIED.
MM INDICATES DATA IS MISSING.
T  INDICATES TRACE AMOUNT.

$$




U.S. Dept. of Commerce
NOAA National Weather Service
1325 East West Highway
Silver Spring, MD 20910
E-mail: w-nws.webmaster@noaa.gov
Page last modified: May 16, 2007
NATIONAL WEATHER SERVICE: for Safety, for Work, for Fun - FOR LIFE