157
CXUS55 KMSO 011355
CLMMSO


CLIMATE REPORT
NATIONAL WEATHER SERVICE MISSOULA, MT
755 AM MDT TUE JUL 1 2014

...................................

...THE MISSOULA MT CLIMATE SUMMARY FOR THE MONTH OF JUNE 2014...

CLIMATE NORMAL PERIOD 1981 TO 2010
CLIMATE RECORD PERIOD 1893 TO 2014

WEATHER         OBSERVED          NORMAL  DEPART  LAST YEAR`S
                 VALUE   DATE(S)  VALUE   FROM    VALUE
                                          NORMAL
.............................................................
TEMPERATURE (F)
RECORD
 HIGH             100   06/29/1937
                        06/12/1918
 LOW               30   06/10/1999
                        06/19/1920
                        06/01/1917
HIGHEST            84   06/23        MM      MM       93
LOWEST             38   06/07        MM      MM       35
AVG. MAXIMUM     72.7              75.2    -2.5     76.3
AVG. MINIMUM     45.6              46.6    -1.0     46.8
MEAN             59.2              60.9    -1.7     61.5
DAYS MAX >= 90      0               2.3    -2.3        2
DAYS MAX <= 32      0               0.0     0.0        0
DAYS MIN <= 32      0               0.2    -0.2        0
DAYS MIN <= 0       0               0.0     0.0        0

PRECIPITATION (INCHES)
RECORD
 MAXIMUM         4.79   1907
 MINIMUM         0.22   1918
TOTALS           2.00              2.07   -0.07     1.69
DAILY AVG.       0.07              0.07    0.00     0.06
DAYS >= .01        13              12.1     0.9       11
DAYS >= .10         4               6.1    -2.1        6
DAYS >= .50         2               1.0     1.0        0
DAYS >= 1.00        0               0.0     0.0        0
GREATEST
 24 HR. TOTAL    0.66   06/26 TO 06/26              0.53

SNOWFALL (INCHES)
TOTALS            0.0                 T     0.0      0.0
SINCE 7/1        65.8              37.9    27.9     48.5
DAYS >= TRACE       0               0.1    -0.1        0
DAYS >= 1.0         0               0.0     0.0        0
GREATEST
 SNOW DEPTH         0   MM                             0
 24 HR TOTAL      0.0   06/30 TO 06/30               0.0

DEGREE_DAYS
HEATING TOTAL     177               160      17
 SINCE 7/1       7495              7284     211
COOLING TOTAL       8                37     -29
 SINCE 1/1          8                43     -35
..............................................................

WIND (MPH)
AVERAGE WIND SPEED              6.3
HIGHEST WIND SPEED/DIRECTION    31/010    DATE  06/03
HIGHEST GUST SPEED/DIRECTION    43/020    DATE  06/03

SKY COVER
POSSIBLE SUNSHINE (PERCENT)   MM
AVERAGE SKY COVER           0.40
NUMBER OF DAYS FAIR           17
NUMBER OF DAYS PC              9
NUMBER OF DAYS CLOUDY          4

AVERAGE RH (PERCENT)     58

WEATHER CONDITIONS. NUMBER OF DAYS WITH
THUNDERSTORM              0     MIXED PRECIP               0
HEAVY RAIN                1     RAIN                       1
LIGHT RAIN               16     FREEZING RAIN              0
LT FREEZING RAIN          0     HAIL                       0
HEAVY SNOW                0     SNOW                       0
LIGHT SNOW                0     SLEET                      0
FOG                       6     FOG W/VIS <= 1/4 MILE      1
HAZE                      1

-  INDICATES NEGATIVE NUMBERS.
R  INDICATES RECORD WAS SET OR TIED.
MM INDICATES DATA IS MISSING.
T  INDICATES TRACE AMOUNT.

$$




U.S. Dept. of Commerce
NOAA National Weather Service
1325 East West Highway
Silver Spring, MD 20910
E-mail: w-nws.webmaster@noaa.gov
Page last modified: May 16, 2007
NATIONAL WEATHER SERVICE: for Safety, for Work, for Fun - FOR LIFE