130
CXUS55 KMSO 011540
CLMMSO


CLIMATE REPORT
NATIONAL WEATHER SERVICE MISSOULA, MT
940 AM MDT MON SEP 1 2014

...................................

...THE MISSOULA MT CLIMATE SUMMARY FOR THE MONTH OF AUGUST 2014...

CLIMATE NORMAL PERIOD 1981 TO 2010
CLIMATE RECORD PERIOD 1893 TO 2014

WEATHER         OBSERVED          NORMAL  DEPART  LAST YEAR`S
                 VALUE   DATE(S)  VALUE   FROM    VALUE
                                          NORMAL
.............................................................
TEMPERATURE (F)
RECORD
 HIGH             105   08/04/1961
 LOW               29   08/25/1910
HIGHEST            98   08/11        MM      MM       98
LOWEST             42   08/25        MM      MM       46
AVG. MAXIMUM     84.0              84.9    -0.9     88.0
AVG. MINIMUM     52.1              50.1     2.0     53.2
MEAN             68.0              67.5     0.5     70.6
DAYS MAX >= 90     10              10.0     0.0       14
DAYS MAX <= 32      0               0.0     0.0        0
DAYS MIN <= 32      0               0.0     0.0        0
DAYS MIN <= 0       0               0.0     0.0        0

PRECIPITATION (INCHES)
RECORD
 MAXIMUM         3.29   1985
 MINIMUM         0.00   1917
                        1902
TOTALS           0.96              1.19   -0.23     0.41
DAILY AVG.       0.03              0.04   -0.01     0.01
DAYS >= .01        12               7.5     4.5        7
DAYS >= .10         3               3.4    -0.4        1
DAYS >= .50         0               0.4    -0.4        0
DAYS >= 1.00        0               0.1    -0.1        0
GREATEST
 24 HR. TOTAL    0.32   08/21 TO 08/22              0.29

SNOWFALL (INCHES)
TOTALS            0.0               0.0     0.0      0.0
SINCE 7/1         0.0               0.0     0.0        T
DAYS >= TRACE       0               0.0     0.0        0
DAYS >= 1.0         0               0.0     0.0        0
GREATEST
 SNOW DEPTH         0   MM                             0
 24 HR TOTAL      0.0   08/31 TO 08/31               0.0

DEGREE_DAYS
HEATING TOTAL      36                46     -10
 SINCE 7/1         42                84     -42
COOLING TOTAL     138               123      15
 SINCE 1/1        378               317      61
..............................................................

WIND (MPH)
AVERAGE WIND SPEED              5.5
HIGHEST WIND SPEED/DIRECTION    38/240    DATE  08/13
HIGHEST GUST SPEED/DIRECTION    49/240    DATE  08/13

SKY COVER
POSSIBLE SUNSHINE (PERCENT)   MM
AVERAGE SKY COVER           0.20
NUMBER OF DAYS FAIR           22
NUMBER OF DAYS PC              7
NUMBER OF DAYS CLOUDY          2

AVERAGE RH (PERCENT)     53

WEATHER CONDITIONS. NUMBER OF DAYS WITH
THUNDERSTORM              0     MIXED PRECIP               0
HEAVY RAIN                1     RAIN                       5
LIGHT RAIN               14     FREEZING RAIN              0
LT FREEZING RAIN          0     HAIL                       0
HEAVY SNOW                0     SNOW                       0
LIGHT SNOW                0     SLEET                      0
FOG                       4     FOG W/VIS <= 1/4 MILE      0
HAZE                      0

-  INDICATES NEGATIVE NUMBERS.
R  INDICATES RECORD WAS SET OR TIED.
MM INDICATES DATA IS MISSING.
T  INDICATES TRACE AMOUNT.

$$




U.S. Dept. of Commerce
NOAA National Weather Service
1325 East West Highway
Silver Spring, MD 20910
E-mail: w-nws.webmaster@noaa.gov
Page last modified: May 16, 2007
NATIONAL WEATHER SERVICE: for Safety, for Work, for Fun - FOR LIFE