220
CXUS53 KMKX 011340
CLMMSN


CLIMATE REPORT
NATIONAL WEATHER SERVICE IN MILWAUKEE
834 AM CDT WED OCT 1 2014

...................................

...THE MADISON WI CLIMATE SUMMARY FOR THE MONTH OF SEPTEMBER 2014...

CLIMATE NORMAL PERIOD 1981 TO 2010
CLIMATE RECORD PERIOD 1871 TO 2014

WEATHER         OBSERVED          NORMAL  DEPART  LAST YEAR`S
                 VALUE   DATE(S)  VALUE   FROM    VALUE  DATE(S)
                                          NORMAL
................................................................
TEMPERATURE (F)
RECORD
 HIGH              98   09/02/1953
 LOW               25   09/22/1974
                        09/29/1949
HIGHEST            84   09/04        87      -3       94  09/10
LOWEST             37   09/16        36       1       40  09/24
                                                          09/17
                                                          09/14
AVG. MAXIMUM     72.1              71.8     0.3     75.8
AVG. MINIMUM     49.1              50.2    -1.1     51.6
MEAN             60.6              61.0    -0.4     63.7
DAYS MAX >= 90      0               0.1    -0.1        3
DAYS MAX <= 32      0               0.0     0.0        0
DAYS MIN <= 32      0               0.5    -0.5        0
DAYS MIN <= 0       0               0.0     0.0        0

PRECIPITATION (INCHES)
RECORD
 MAXIMUM        10.69   1915
 MINIMUM         0.11   1979
TOTALS           1.84              3.13   -1.29     3.19
DAILY AVG.       0.06              0.10   -0.04     0.11
DAYS >= .01         8               9.3    -1.3        6
DAYS >= .10         5               5.4    -0.4        4
DAYS >= .50         1               2.3    -1.3        2
DAYS >= 1.00        0               0.7    -0.7        1
GREATEST
 24 HR. TOTAL    0.80   09/04 TO 09/04              1.94  9/19

DEGREE_DAYS
HEATING TOTAL     166               171      -5      127
 SINCE 7/1        183               208     -25      157
COOLING TOTAL      44                51      -7       94
 SINCE 1/1        620               564      56      707
.................................................................

WIND (MPH)
AVERAGE WIND SPEED              5.7
HIGHEST WIND SPEED/DIRECTION    30/150    DATE  09/10
HIGHEST GUST SPEED/DIRECTION    49/090    DATE  09/14

SKY COVER
POSSIBLE SUNSHINE (PERCENT)   MM
AVERAGE SKY COVER           0.50
NUMBER OF DAYS FAIR           11
NUMBER OF DAYS PC             14
NUMBER OF DAYS CLOUDY          5

AVERAGE RH (PERCENT)     72

WEATHER CONDITIONS. NUMBER OF DAYS WITH
THUNDERSTORM              3     MIXED PRECIP               0
HEAVY RAIN                0     RAIN                       3
LIGHT RAIN                9     FREEZING RAIN              0
LT FREEZING RAIN          0     HAIL                       0
HEAVY SNOW                0     SNOW                       0
LIGHT SNOW                0     SLEET                      0
FOG                      20     FOG W/VIS <= 1/4 MILE      1
HAZE                      6

-  INDICATES NEGATIVE NUMBERS.
R  INDICATES RECORD WAS SET OR TIED.
MM INDICATES DATA IS MISSING.
T  INDICATES TRACE AMOUNT.

$$





U.S. Dept. of Commerce
NOAA National Weather Service
1325 East West Highway
Silver Spring, MD 20910
E-mail: w-nws.webmaster@noaa.gov
Page last modified: May 16, 2007
NATIONAL WEATHER SERVICE: for Safety, for Work, for Fun - FOR LIFE