373
CXUS54 KHUN 031603
CLMMSL


CLIMATE REPORT
NATIONAL WEATHER SERVICE HUNTSVILLE AL
1101 AM CDT THU APR 3 2014

...................................

...THE MUSCLE SHOALS CLIMATE SUMMARY FOR THE MONTH OF MARCH 2014...

CLIMATE NORMAL PERIOD 1981 TO 2010
CLIMATE RECORD PERIOD 1893 TO 2014

WEATHER         OBSERVED          NORMAL  DEPART  LAST YEAR`S
                 VALUE   DATE(S)  VALUE   FROM    VALUE
                                          NORMAL
.............................................................
TEMPERATURE (F)
RECORD
 HIGH              92   03/25/1929
 LOW                7   03/07/1899
HIGHEST            79   03/31        MM      MM       79
LOWEST             24   03/04        MM      MM       26
AVG. MAXIMUM     63.3              64.4    -1.1     59.0
AVG. MINIMUM     37.6              42.0    -4.4     37.2
MEAN             50.4              53.2    -2.8     48.1
DAYS MAX >= 90      0               0.0     0.0        0
DAYS MAX <= 32      0               0.0     0.0        0
DAYS MIN <= 32      8               4.3     3.7        9
DAYS MIN <= 0       0               0.0     0.0        0

PRECIPITATION (INCHES)
RECORD
 MAXIMUM        16.15   1897
 MINIMUM         1.26   1910
TOTALS           2.62              4.76   -2.14     4.77
DAILY AVG.       0.08              0.15   -0.07
DAYS >= .01         7              10.1    -3.1       10
DAYS >= .10         5               6.8    -1.8        7
DAYS >= .50         3               3.4    -0.4        4
DAYS >= 1.00        0               1.2    -1.2        1
GREATEST
 24 HR. TOTAL    0.86   03/03 TO 03/03              1.04

SNOWFALL (INCHES)
RECORDS
 TOTAL            5.0   1968
 24 HR TOTAL      5.0   03/22/1968 TO 03/22/1968
TOTALS              T               0.4    -0.4        T
SINCE 7/1         1.4               2.2    -0.8        T
DAYS >= TRACE       1               0.2     0.8
DAYS >= 1.0         0               0.2    -0.2
GREATEST
 24 HR TOTAL        T   03/03 TO 03/03                 T

DEGREE_DAYS
HEATING TOTAL     443               378      65      520
 SINCE 7/1       3214              2913     301     2736
COOLING TOTAL       0                12     -12        1
 SINCE 1/1          0                13     -13        8

FREEZE DATES
RECORD
 EARLIEST     10/03/1908
 LATEST       04/27/1919
EARLIEST                        11/07
LATEST                          03/28
..............................................................

WIND (MPH)
AVERAGE WIND SPEED              6.2
HIGHEST WIND SPEED/DIRECTION    29/310    DATE  03/12
HIGHEST GUST SPEED/DIRECTION    39/320    DATE  03/12

AVERAGE RH (PERCENT)     60


-  INDICATES NEGATIVE NUMBERS.
R  INDICATES RECORD WAS SET OR TIED.
MM INDICATES DATA IS MISSING.
T  INDICATES TRACE AMOUNT.

$$





U.S. Dept. of Commerce
NOAA National Weather Service
1325 East West Highway
Silver Spring, MD 20910
E-mail: w-nws.webmaster@noaa.gov
Page last modified: May 16, 2007
NATIONAL WEATHER SERVICE: for Safety, for Work, for Fun - FOR LIFE