815
CXUS54 KHUN 041517
CLMMSL


CLIMATE REPORT
NATIONAL WEATHER SERVICE HUNTSVILLE AL
1016 AM CDT MON AUG 4 2014

...................................

...THE MUSCLE SHOALS CLIMATE SUMMARY FOR THE MONTH OF JULY 2014...

CLIMATE NORMAL PERIOD 1981 TO 2010
CLIMATE RECORD PERIOD 1893 TO 2014

WEATHER         OBSERVED          NORMAL  DEPART  LAST YEAR`S
                 VALUE   DATE(S)  VALUE   FROM    VALUE
                                          NORMAL
.............................................................
TEMPERATURE (F)
RECORD
 HIGH             108   07/29/1930
                        07/28/1930
                        07/13/1930
 LOW               49   07/01/1937
HIGHEST            96   07/01        MM      MM       95
LOWEST             55   07/30        MM      MM       62
AVG. MAXIMUM     87.7              90.8    -3.1     87.2
AVG. MINIMUM     65.5              70.0    -4.5     69.4
MEAN             76.6              80.4    -3.8     78.3
DAYS MAX >= 90     13              18.2    -5.2       10
DAYS MAX <= 32      0               0.0     0.0        0
DAYS MIN <= 32      0               0.0     0.0        0
DAYS MIN <= 0       0               0.0     0.0        0

PRECIPITATION (INCHES)
RECORD
 MAXIMUM        14.60   1916
 MINIMUM         0.77   1935
TOTALS           5.02              4.30    0.72     7.60
DAILY AVG.       0.16              0.14    0.02
DAYS >= .01         6              10.2    -4.2       13
DAYS >= .10         5               7.0    -2.0       11
DAYS >= .50         2               2.7    -0.7        4
DAYS >= 1.00        2               1.1     0.9        3
GREATEST
 24 HR. TOTAL    2.60   07/08 TO 07/09              3.59

SNOWFALL (INCHES)
RECORDS
 TOTAL            0.0   2002
                        2001
                        2000
 24 HR TOTAL      0.0   MM
TOTALS            0.0               0.0     0.0      0.0
SINCE 7/1         0.0               0.0     0.0      0.0
DAYS >= TRACE       0               0.0     0.0
DAYS >= 1.0         0               0.0     0.0
GREATEST
 24 HR TOTAL      0.0   07/31 TO 07/31               0.0

DEGREE_DAYS
HEATING TOTAL       0                 0       0        0
 SINCE 7/1          0                 0       0        0
COOLING TOTAL     367               477    -110      420
 SINCE 1/1       1025              1083     -58     1066

FREEZE DATES
RECORD
 EARLIEST     10/03/1908
 LATEST       04/27/1919
EARLIEST                        11/07
LATEST                          03/28
..............................................................

WIND (MPH)
AVERAGE WIND SPEED              3.9
HIGHEST WIND SPEED/DIRECTION    22/240    DATE  07/27
HIGHEST GUST SPEED/DIRECTION    28/250    DATE  07/27

AVERAGE RH (PERCENT)     68


-  INDICATES NEGATIVE NUMBERS.
R  INDICATES RECORD WAS SET OR TIED.
MM INDICATES DATA IS MISSING.
T  INDICATES TRACE AMOUNT.

$$





U.S. Dept. of Commerce
NOAA National Weather Service
1325 East West Highway
Silver Spring, MD 20910
E-mail: w-nws.webmaster@noaa.gov
Page last modified: May 16, 2007
NATIONAL WEATHER SERVICE: for Safety, for Work, for Fun - FOR LIFE