497
CXUS53 KMPX 010707
CLMMPX


CLIMATE REPORT
NATIONAL WEATHER SERVICE CHANHASSEN MN
202 AM CDT TUE JUL 1 2014

...................................

...THE CHANHASSEN MN CLIMATE SUMMARY FOR THE MONTH OF JUNE 2014...

CLIMATE NORMAL PERIOD 1981 TO 2010
CLIMATE RECORD PERIOD 1995 TO 2014

WEATHER         OBSERVED          NORMAL  DEPART  LAST YEAR`S
                 VALUE   DATE(S)  VALUE   FROM    VALUE  DATE(S)
                                          NORMAL
................................................................
TEMPERATURE (F)
HIGHEST            84                MM      MM       87
LOWEST             46                MM      MM       43
AVG. MAXIMUM     76.3              77.8    -1.5
AVG. MINIMUM     58.4              57.4     1.0     57.6
MEAN             67.4              67.6    -0.2     66.4
DAYS MAX >= 90      0                                  0
DAYS MAX <= 32      0                                  0
DAYS MIN <= 32      0                                  0
DAYS MIN <= 0       0                                  0

PRECIPITATION (INCHES)
TOTALS          10.42              4.02    6.40     6.28
DAILY AVG.       0.35                               0.21
DAYS >= .01        16                                 14
DAYS >= .10         9                                  7
DAYS >= .50         5                                  5
DAYS >= 1.00        3                                  2
GREATEST
 24 HR. TOTAL    4.98   06/19 TO 06/19              2.02

SNOWFALL (INCHES)
TOTALS            0.0               0.0     0.0      0.0
SINCE 7/1        69.5                               72.3
SNOWDEPTH AVG.      0                                  0
DAYS >= 1.0         0                                  0
GREATEST
 SNOW DEPTH         0   MM                             0  MM
 24 HR TOTAL      0.0   06/30 TO 06/30

DEGREE_DAYS
HEATING TOTAL      33                49     -16       62
 SINCE 7/1       9174              7914    1260     8194
COOLING TOTAL     112               127     -15      112
 SINCE 1/1        149               160     -11      135
.................................................................



-  INDICATES NEGATIVE NUMBERS.
R  INDICATES RECORD WAS SET OR TIED.
MM INDICATES DATA IS MISSING.
T  INDICATES TRACE AMOUNT.

$$





U.S. Dept. of Commerce
NOAA National Weather Service
1325 East West Highway
Silver Spring, MD 20910
E-mail: w-nws.webmaster@noaa.gov
Page last modified: May 16, 2007
NATIONAL WEATHER SERVICE: for Safety, for Work, for Fun - FOR LIFE