486
CXUS53 KMPX 021116
CLMMPX


CLIMATE REPORT
NATIONAL WEATHER SERVICE CHANHASSEN MN
616 AM CDT TUE SEP 2 2014

...................................

...THE CHANHASSEN MN CLIMATE SUMMARY FOR THE MONTH OF AUGUST 2014...

CLIMATE NORMAL PERIOD 1981 TO 2010
CLIMATE RECORD PERIOD 1995 TO 2014

WEATHER         OBSERVED          NORMAL  DEPART  LAST YEAR`S
                 VALUE   DATE(S)  VALUE   FROM    VALUE  DATE(S)
                                          NORMAL
................................................................
TEMPERATURE (F)
HIGHEST            85                MM      MM       93
LOWEST             54                MM      MM       52
AVG. MAXIMUM     79.4              79.7    -0.3
AVG. MINIMUM     62.0              60.2     1.8     61.4
MEAN             70.7              69.9     0.8     71.3
DAYS MAX >= 90      0                                  4
DAYS MAX <= 32      0                                  0
DAYS MIN <= 32      0                                  0
DAYS MIN <= 0       0                                  0

PRECIPITATION (INCHES)
TOTALS           2.86              4.14   -1.28     1.74
DAILY AVG.       0.09                               0.06
DAYS >= .01        12                                  4
DAYS >= .10         6                                  2
DAYS >= .50         2                                  2
DAYS >= 1.00        0                                  1
GREATEST
 24 HR. TOTAL    0.75   08/17 TO 08/17              1.10

SNOWFALL (INCHES)
TOTALS            0.0               0.0     0.0      0.0
SINCE 7/1         0.0                                0.0
SNOWDEPTH AVG.      0                                  0
DAYS >= 1.0         0                                  0
GREATEST
 SNOW DEPTH         0   MM                             0  MM
 24 HR TOTAL      0.0   08/31 TO 08/31

DEGREE_DAYS
HEATING TOTAL       3                15     -12        5
 SINCE 7/1         16                23      -7       21
COOLING TOTAL     188               168      20      205
 SINCE 1/1        479               553     -74      579
.................................................................



-  INDICATES NEGATIVE NUMBERS.
R  INDICATES RECORD WAS SET OR TIED.
MM INDICATES DATA IS MISSING.
T  INDICATES TRACE AMOUNT.

$$




U.S. Dept. of Commerce
NOAA National Weather Service
1325 East West Highway
Silver Spring, MD 20910
E-mail: w-nws.webmaster@noaa.gov
Page last modified: May 16, 2007
NATIONAL WEATHER SERVICE: for Safety, for Work, for Fun - FOR LIFE