525
CXUS51 KPHI 011201
CLMMPO


CLIMATE REPORT
NATIONAL WEATHER SERVICE MOUNT HOLLY NJ
801 AM EDT FRI AUG 1 2014

...................................

...THE POCONO_MNTS_MUNIL_AR CLIMATE SUMMARY FOR THE MONTH OF JULY 2014...

CLIMATE NORMAL PERIOD 1981 TO 2010
CLIMATE RECORD PERIOD 1901 TO 2014

WEATHER         OBSERVED          NORMAL  DEPART  LAST YEAR`S
                 VALUE   DATE(S)  VALUE   FROM    VALUE  DATE(S)
                                          NORMAL
................................................................
TEMPERATURE (F)
RECORD
 HIGH             103   07/03/1911
 LOW               34   07/09/1909
                        07/04/1907
HIGHEST            85                MM      MM       90
LOWEST             45                MM      MM       50
AVG. MAXIMUM     76.6              78.1    -1.5     80.1
AVG. MINIMUM     58.4              58.3     0.1     63.3
MEAN             67.5              68.2    -0.7     71.7
DAYS MAX >= 90      0               0.6    -0.6        2
DAYS MAX <= 32      0               0.0     0.0        0
DAYS MIN <= 32      0               0.0     0.0        0
DAYS MIN <= 0       0               0.0     0.0        0

PRECIPITATION (INCHES)
RECORD
 MAXIMUM        15.86   1945
 MINIMUM         0.60   1960
TOTALS           3.69              4.64   -0.95     6.81
DAILY AVG.       0.12              0.15   -0.03     0.22
DAYS >= .01        14                MM      MM       13
DAYS >= .10         8                MM      MM        8
DAYS >= .50         3                MM      MM        4
DAYS >= 1.00        1                MM      MM        3
GREATEST
 24 HR. TOTAL    1.11   07/02 TO 07/02              3.13
                        07/01 TO 07/02
                        07/02 TO 07/02

SNOWFALL (INCHES)
RECORDS
 TOTAL             MM   5
 24 HR TOTAL       MM
TOTALS             MM                MM      MM       MM
SINCE 7/1          MM                MM      MM       MM
SNOWDEPTH AVG.     MM                MM      MM       MM
DAYS >= 1.0         0                MM      MM        0
GREATEST
 SNOW DEPTH        MM                                 MM  MM
 24 HR TOTAL       MM                                 MM

DEGREE_DAYS
HEATING TOTAL      24                22       2       11
 SINCE 7/1         24                22       2       11
COOLING TOTAL     108               121     -13      226
 SINCE 1/1        175               202     -27      339
.................................................................

WIND (MPH)
AVERAGE WIND SPEED              7.2
HIGHEST WIND SPEED/DIRECTION    28/270    DATE  07/08
HIGHEST GUST SPEED/DIRECTION    42/270    DATE  07/08

SKY COVER
POSSIBLE SUNSHINE (PERCENT)   MM
AVERAGE SKY COVER           0.40
NUMBER OF DAYS FAIR           11
NUMBER OF DAYS PC             15
NUMBER OF DAYS CLOUDY          5

AVERAGE RH (PERCENT)     73

WEATHER CONDITIONS. NUMBER OF DAYS WITH
THUNDERSTORM              0     MIXED PRECIP               0
HEAVY RAIN                8     RAIN                      11
LIGHT RAIN               17     FREEZING RAIN              0
LT FREEZING RAIN          0     HEAVY SNOW                 0
SNOW                      0     LIGHT SNOW                 0
SLEET                     0     FOG                       18
FOG W/VIS <= 1/4 MILE     2     HAZE                      10

-  INDICATES NEGATIVE NUMBERS.
R  INDICATES RECORD WAS SET OR TIED.
MM INDICATES DATA IS MISSING.
T  INDICATES TRACE AMOUNT.

$$




U.S. Dept. of Commerce
NOAA National Weather Service
1325 East West Highway
Silver Spring, MD 20910
E-mail: w-nws.webmaster@noaa.gov
Page last modified: May 16, 2007
NATIONAL WEATHER SERVICE: for Safety, for Work, for Fun - FOR LIFE