213
CXUS51 KPHI 031101
CLMMPO


CLIMATE REPORT
NATIONAL WEATHER SERVICE MOUNT HOLLY NJ
700 AM EDT THU APR 3 2014

...................................

...THE POCONO_MNTS_MUNIL_AR CLIMATE SUMMARY FOR THE MONTH OF MARCH 2014...

CLIMATE NORMAL PERIOD 1981 TO 2010
CLIMATE RECORD PERIOD 1901 TO 2014

WEATHER         OBSERVED          NORMAL  DEPART  LAST YEAR`S
                 VALUE   DATE(S)  VALUE   FROM    VALUE  DATE(S)
                                          NORMAL
................................................................
TEMPERATURE (F)
RECORD
 HIGH              81   03/31/1998
                        03/30/1910
 LOW              -18   03/07/1911
HIGHEST            55                MM      MM       51
LOWEST              1                MM      MM       12
AVG. MAXIMUM     35.6              42.2    -6.6     37.6
AVG. MINIMUM     18.0              24.9    -6.9     24.5
MEAN             26.8              33.5    -6.7     31.1
DAYS MAX >= 90      0               0.0     0.0        0
DAYS MAX <= 32     13               5.0     8.0        9
DAYS MIN <= 32     29              24.1     4.9       30
DAYS MIN <= 0       0               0.2    -0.2        0

PRECIPITATION (INCHES)
RECORD
 MAXIMUM        10.55   1940
 MINIMUM         0.75   1981
TOTALS           2.21              3.83   -1.62     3.33
DAILY AVG.       0.07              0.12   -0.05     0.11
DAYS >= .01         9                MM      MM       11
DAYS >= .10         4                MM      MM        7
DAYS >= .50         1                MM      MM        1
DAYS >= 1.00        1                MM      MM        1
GREATEST
 24 HR. TOTAL    1.17   03/29 TO 03/29              2.06

SNOWFALL (INCHES)
RECORDS
 TOTAL             MM   5
 24 HR TOTAL       MM
TOTALS             MM                MM      MM       MM
SINCE 7/1          MM                MM      MM       MM
SNOWDEPTH AVG.     MM                MM      MM       MM
DAYS >= 1.0         0                MM      MM        0
GREATEST
 SNOW DEPTH        MM                                 MM  MM
 24 HR TOTAL       MM                                 MM

DEGREE_DAYS
HEATING TOTAL    1176               975     201     1044
 SINCE 7/1       6603              6098     505     5872
COOLING TOTAL       0                 0       0        0
 SINCE 1/1          0                 0       0        0
.................................................................

WIND (MPH)
AVERAGE WIND SPEED              11.0
HIGHEST WIND SPEED/DIRECTION    38/310    DATE  03/13
HIGHEST GUST SPEED/DIRECTION    53/310    DATE  03/12

SKY COVER
POSSIBLE SUNSHINE (PERCENT)   MM
AVERAGE SKY COVER           0.50
NUMBER OF DAYS FAIR            9
NUMBER OF DAYS PC             14
NUMBER OF DAYS CLOUDY          8

AVERAGE RH (PERCENT)     62

WEATHER CONDITIONS. NUMBER OF DAYS WITH
THUNDERSTORM              0     MIXED PRECIP               0
HEAVY RAIN                2     RAIN                       3
LIGHT RAIN                8     FREEZING RAIN              1
LT FREEZING RAIN          3     HEAVY SNOW                 1
SNOW                      1     LIGHT SNOW                11
SLEET                     1     FOG                       11
FOG W/VIS <= 1/4 MILE     5     HAZE                       7

-  INDICATES NEGATIVE NUMBERS.
R  INDICATES RECORD WAS SET OR TIED.
MM INDICATES DATA IS MISSING.
T  INDICATES TRACE AMOUNT.

$$




U.S. Dept. of Commerce
NOAA National Weather Service
1325 East West Highway
Silver Spring, MD 20910
E-mail: w-nws.webmaster@noaa.gov
Page last modified: May 16, 2007
NATIONAL WEATHER SERVICE: for Safety, for Work, for Fun - FOR LIFE