778
CXUS51 KPHI 011246
CLMMPO


CLIMATE REPORT
NATIONAL WEATHER SERVICE MOUNT HOLLY NJ
746 AM EST MON DEC 1 2014

...................................

...THE POCONO_MNTS_MUNIL_AR CLIMATE SUMMARY FOR THE MONTH OF NOVEMBER 2014...

CLIMATE NORMAL PERIOD 1981 TO 2010
CLIMATE RECORD PERIOD 1901 TO 2014

WEATHER         OBSERVED          NORMAL  DEPART  LAST YEAR`S
                 VALUE   DATE(S)  VALUE   FROM    VALUE  DATE(S)
                                          NORMAL
................................................................
TEMPERATURE (F)
RECORD
 HIGH              77   11/02/1982
                        11/01/1950
 LOW               -2   11/26/1938
HIGHEST            65                MM      MM       64
LOWEST              4                MM      MM        8
AVG. MAXIMUM     43.1              46.0    -2.9     43.5
AVG. MINIMUM     27.0              31.3    -4.3     27.3
MEAN             35.0              38.6    -3.6     35.4
DAYS MAX >= 90      0               0.0     0.0        0
DAYS MAX <= 32      6               2.7     3.3        6
DAYS MIN <= 32     21              16.7     4.3       21
DAYS MIN <= 0       0               0.0     0.0        0

PRECIPITATION (INCHES)
RECORD
 MAXIMUM        11.20   1972
 MINIMUM         0.49   1917
TOTALS           2.80              4.61   -1.81     2.78
DAILY AVG.       0.09              0.15   -0.06     0.09
DAYS >= .01         9                MM      MM       11
DAYS >= .10         5                MM      MM        5
DAYS >= .50         2                MM      MM        2
DAYS >= 1.00        1                MM      MM        0
GREATEST
 24 HR. TOTAL    1.42   11/24 TO 11/24              0.80
                        11/23 TO 11/24
                        11/24 TO 11/24

SNOWFALL (INCHES)
RECORDS
 TOTAL             MM   5
 24 HR TOTAL       MM
TOTALS             MM                MM      MM       MM
SINCE 7/1          MM                MM      MM       MM
SNOWDEPTH AVG.     MM                MM      MM       MM
DAYS >= 1.0         0                MM      MM        0
GREATEST
 SNOW DEPTH        MM                                 MM  MM
 24 HR TOTAL       MM                                 MM

DEGREE_DAYS
HEATING TOTAL     892               791     101      881
 SINCE 7/1       1567              1579     -12     1612
COOLING TOTAL       0                 0       0        0
 SINCE 1/1        253               314     -61      467
.................................................................

WIND (MPH)
AVERAGE WIND SPEED              10.5
HIGHEST WIND SPEED/DIRECTION    32/290    DATE  11/18
HIGHEST GUST SPEED/DIRECTION    48/330    DATE  11/02

SKY COVER
POSSIBLE SUNSHINE (PERCENT)    0
AVERAGE SKY COVER           0.40
NUMBER OF DAYS FAIR           13
NUMBER OF DAYS PC             10
NUMBER OF DAYS CLOUDY          7

AVERAGE RH (PERCENT)     63

WEATHER CONDITIONS. NUMBER OF DAYS WITH
THUNDERSTORM              0     MIXED PRECIP               0
HEAVY RAIN                1     RAIN                       2
LIGHT RAIN                8     FREEZING RAIN              0
LT FREEZING RAIN          1     HEAVY SNOW                 1
SNOW                      4     LIGHT SNOW                 8
SLEET                     1     FOG                       12
FOG W/VIS <= 1/4 MILE     4     HAZE                       2

-  INDICATES NEGATIVE NUMBERS.
R  INDICATES RECORD WAS SET OR TIED.
MM INDICATES DATA IS MISSING.
T  INDICATES TRACE AMOUNT.

$$




U.S. Dept. of Commerce
NOAA National Weather Service
1325 East West Highway
Silver Spring, MD 20910
E-mail: w-nws.webmaster@noaa.gov
Page last modified: May 16, 2007
NATIONAL WEATHER SERVICE: for Safety, for Work, for Fun - FOR LIFE