423
CXUS54 KMOB 010736
CLMMOB


CLIMATE REPORT
NATIONAL WEATHER SERVICE MOBILE AL
226 AM CDT MON SEP 1 2014

...................................

...THE MOBILE CLIMATE SUMMARY FOR THE MONTH OF AUGUST 2014...

CLIMATE NORMAL PERIOD 1981 TO 2010
CLIMATE RECORD PERIOD 1842 TO 2014

WEATHER         OBSERVED          NORMAL  DEPART  LAST YEAR`S
                 VALUE   DATE(S)  VALUE   FROM    VALUE  DATE(S)
                                          NORMAL
................................................................
TEMPERATURE (F)
RECORD
 HIGH             105   08/29/2000
 LOW               57   08/25/1891
HIGHEST            98   08/24                         95  08/07
                                                          08/05
                                                          08/04
LOWEST             67   08/15                         66  08/28
                                                          08/27
AVG. MAXIMUM     91.6              90.7     0.9     89.3
AVG. MINIMUM     72.4              72.6    -0.2     72.3
MEAN             82.0              81.6     0.4     80.8
DAYS MAX >= 90     27              19.5     7.5       18
DAYS MAX <= 32      0               0.0     0.0        0
DAYS MIN <= 32      0               0.0     0.0        0
DAYS MIN <= 0       0               0.0     0.0        0

PRECIPITATION (INCHES)

TOTALS           2.83              6.96   -4.13     9.95
DAILY AVG.       0.09              0.22   -0.13     0.32
DAYS >= .01        10              13.4    -3.4       11
DAYS >= .10         7               9.1    -2.1        9
DAYS >= .50         2               4.3    -2.3        5
DAYS >= 1.00        1               2.3    -1.3        3
GREATEST
 24 HR. TOTAL    1.13   08/27 TO 08/28

DEGREE_DAYS
COOLING TOTAL     537               516      21      498
 SINCE 1/1       1748              1927    -179     1830
.................................................................

WIND (MPH)
AVERAGE WIND SPEED              4.7
HIGHEST WIND SPEED/DIRECTION    26/210    DATE  08/09
HIGHEST GUST SPEED/DIRECTION    35/230    DATE  08/09

SKY COVER
POSSIBLE SUNSHINE (PERCENT)   MM
AVERAGE SKY COVER           0.40
NUMBER OF DAYS FAIR            9
NUMBER OF DAYS PC             22
NUMBER OF DAYS CLOUDY          0

AVERAGE RH (PERCENT)     76

WEATHER CONDITIONS. NUMBER OF DAYS WITH
THUNDERSTORM             15     MIXED PRECIP               0
HEAVY RAIN                6     RAIN                       6
LIGHT RAIN               13     FREEZING RAIN              0
LT FREEZING RAIN          0     HAIL                       0
HEAVY SNOW                0     SNOW                       0
LIGHT SNOW                0     SLEET                      0
FOG                      19     FOG W/VIS <= 1/4 MILE      2
HAZE                      4

-  INDICATES NEGATIVE NUMBERS.
R  INDICATES RECORD WAS SET OR TIED.
MM INDICATES DATA IS MISSING.
T  INDICATES TRACE AMOUNT.

$$





U.S. Dept. of Commerce
NOAA National Weather Service
1325 East West Highway
Silver Spring, MD 20910
E-mail: w-nws.webmaster@noaa.gov
Page last modified: May 16, 2007
NATIONAL WEATHER SERVICE: for Safety, for Work, for Fun - FOR LIFE