169
CXUS54 KMOB 010719
CLMMOB


CLIMATE REPORT
NATIONAL WEATHER SERVICE MOBILE AL
113 AM CST MON DEC 1 2014

...................................

...THE MOBILE CLIMATE SUMMARY FOR THE MONTH OF NOVEMBER 2014...

CLIMATE NORMAL PERIOD 1981 TO 2010
CLIMATE RECORD PERIOD 1842 TO 2014

WEATHER         OBSERVED          NORMAL  DEPART  LAST YEAR`S
                 VALUE   DATE(S)  VALUE   FROM    VALUE  DATE(S)
                                          NORMAL
................................................................
TEMPERATURE (F)
RECORD
 HIGH              87   11/06/2003
                        11/02/1971
                        11/01/1971
 LOW               22   11/25/1950
HIGHEST            78   11/24                         78  11/17
                        11/05                             11/01
LOWEST             23   11/19                         25  11/28
AVG. MAXIMUM     65.9              70.6    -4.7     68.1
AVG. MINIMUM     40.4              48.6    -8.2     45.6
MEAN             53.2              59.6    -6.4     56.9
DAYS MAX >= 90      0               0.0     0.0        0
DAYS MAX <= 32      0               0.0     0.0        0
DAYS MIN <= 32      4               1.5     2.5        5
DAYS MIN <= 0       0               0.0     0.0        0

PRECIPITATION (INCHES)

TOTALS           1.48              5.13   -3.65     3.43
DAILY AVG.       0.05              0.17   -0.12     0.11
DAYS >= .01         3               7.9    -4.9        8
DAYS >= .10         3               5.5    -2.5        6
DAYS >= .50         2               2.9    -0.9        2
DAYS >= 1.00        0               1.6    -1.6        1
GREATEST
 24 HR. TOTAL    0.78   11/17 TO 11/17


SNOWFALL (INCHES)

TOTALS            0.0               0.0     0.0      0.0
SINCE 7/1         0.0               0.0     0.0      0.0
SNOWDEPTH AVG.      0                                  0
DAYS >= 1.0         0               0.0     0.0        0
GREATEST
 SNOW DEPTH         0                                  0
 24 HR TOTAL      0.0   11/30 TO 11/30

DEGREE_DAYS
HEATING TOTAL     353               203     150      254
 SINCE 7/1        393               258     135      284
COOLING TOTAL       8                41     -33       15
 SINCE 1/1       2304              2503    -199     2495
.................................................................

WIND (MPH)
AVERAGE WIND SPEED              7.3
HIGHEST WIND SPEED/DIRECTION    28/200    DATE  11/23
HIGHEST GUST SPEED/DIRECTION    38/200    DATE  11/23

SKY COVER
POSSIBLE SUNSHINE (PERCENT)   MM
AVERAGE SKY COVER           0.40
NUMBER OF DAYS FAIR           18
NUMBER OF DAYS PC              8
NUMBER OF DAYS CLOUDY          4

AVERAGE RH (PERCENT)     69

WEATHER CONDITIONS. NUMBER OF DAYS WITH
THUNDERSTORM              2     MIXED PRECIP               0
HEAVY RAIN                2     RAIN                       3
LIGHT RAIN                5     FREEZING RAIN              0
LT FREEZING RAIN          0     HAIL                       0
HEAVY SNOW                0     SNOW                       0
LIGHT SNOW                0     SLEET                      0
FOG                      13     FOG W/VIS <= 1/4 MILE      0
HAZE                      5

-  INDICATES NEGATIVE NUMBERS.
R  INDICATES RECORD WAS SET OR TIED.
MM INDICATES DATA IS MISSING.
T  INDICATES TRACE AMOUNT.

$$





U.S. Dept. of Commerce
NOAA National Weather Service
1325 East West Highway
Silver Spring, MD 20910
E-mail: w-nws.webmaster@noaa.gov
Page last modified: May 16, 2007
NATIONAL WEATHER SERVICE: for Safety, for Work, for Fun - FOR LIFE