312
CXUS54 KMOB 010701
CLMMOB


CLIMATE REPORT
NATIONAL WEATHER SERVICE MOBILE AL
156 AM CDT WED OCT 1 2014

...................................

...THE MOBILE CLIMATE SUMMARY FOR THE MONTH OF SEPTEMBER 2014...

CLIMATE NORMAL PERIOD 1981 TO 2010
CLIMATE RECORD PERIOD 1842 TO 2014

WEATHER         OBSERVED          NORMAL  DEPART  LAST YEAR`S
                 VALUE   DATE(S)  VALUE   FROM    VALUE  DATE(S)
                                          NORMAL
................................................................
TEMPERATURE (F)
RECORD
 HIGH             103   09/05/1925
 LOW               42   09/29/1967
HIGHEST            93   09/07                         94  09/16
                                                          09/03
LOWEST             58   09/23                         62  09/28
AVG. MAXIMUM     87.7              87.0     0.7     89.2
AVG. MINIMUM     69.3              68.0     1.3     70.3
MEAN             78.5              77.5     1.0     79.8
DAYS MAX >= 90     11               9.0     2.0       20
DAYS MAX <= 32      0               0.0     0.0        0
DAYS MIN <= 32      0               0.0     0.0        0
DAYS MIN <= 0       0               0.0     0.0        0

PRECIPITATION (INCHES)
TOTALS           5.53              5.11    0.42     4.59
DAILY AVG.       0.18              0.17    0.01     0.15
DAYS >= .01        10               8.8     1.2        9
DAYS >= .10         7               6.2     0.8        5
DAYS >= .50         6               2.9     3.1        3
DAYS >= 1.00        1               1.5    -0.5        3
GREATEST
 24 HR. TOTAL    1.23   09/11 TO 09/12

DEGREE_DAYS
COOLING TOTAL     414               377      37      450
 SINCE 1/1       2162              2304    -142     2280
.................................................................

WIND (MPH)
AVERAGE WIND SPEED              5.4
HIGHEST WIND SPEED/DIRECTION    22/050    DATE  09/18
HIGHEST GUST SPEED/DIRECTION    28/050    DATE  09/18

SKY COVER
POSSIBLE SUNSHINE (PERCENT)   MM
AVERAGE SKY COVER           0.40
NUMBER OF DAYS FAIR            8
NUMBER OF DAYS PC             21
NUMBER OF DAYS CLOUDY          1

AVERAGE RH (PERCENT)     78

WEATHER CONDITIONS. NUMBER OF DAYS WITH
THUNDERSTORM             10     MIXED PRECIP               0
HEAVY RAIN                6     RAIN                       4
LIGHT RAIN               11     FREEZING RAIN              0
LT FREEZING RAIN          0     HAIL                       0
HEAVY SNOW                0     SNOW                       0
LIGHT SNOW                0     SLEET                      0
FOG                      23     FOG W/VIS <= 1/4 MILE      1
HAZE                      8

-  INDICATES NEGATIVE NUMBERS.
R  INDICATES RECORD WAS SET OR TIED.
MM INDICATES DATA IS MISSING.
T  INDICATES TRACE AMOUNT.

$$





U.S. Dept. of Commerce
NOAA National Weather Service
1325 East West Highway
Silver Spring, MD 20910
E-mail: w-nws.webmaster@noaa.gov
Page last modified: May 16, 2007
NATIONAL WEATHER SERVICE: for Safety, for Work, for Fun - FOR LIFE