220
CXUS54 KMOB 010713
CLMMOB


CLIMATE REPORT
NATIONAL WEATHER SERVICE MOBILE AL
204 AM CDT FRI AUG 1 2014

...................................

...THE MOBILE CLIMATE SUMMARY FOR THE MONTH OF JULY 2014...

CLIMATE NORMAL PERIOD 1981 TO 2010
CLIMATE RECORD PERIOD 1842 TO 2014

WEATHER         OBSERVED          NORMAL  DEPART  LAST YEAR`S
                 VALUE   DATE(S)  VALUE   FROM    VALUE  DATE(S)
                                          NORMAL
................................................................
TEMPERATURE (F)
RECORD
 HIGH             104   07/25/1952
 LOW               62   07/16/1967
                        07/15/1967
                        07/23/1947
HIGHEST            94   07/28                         93  07/29
                        07/12                             07/17
                        07/02
LOWEST             63   07/31                         68  07/02
AVG. MAXIMUM     89.2              91.0    -1.8     88.4
AVG. MINIMUM     70.3              72.7    -2.4     72.3
MEAN             79.8              81.8    -2.0     80.3
DAYS MAX >= 90     14              20.0    -6.0       16
DAYS MAX <= 32      0               0.0     0.0        0
DAYS MIN <= 32      0               0.0     0.0        0
DAYS MIN <= 0       0               0.0     0.0        0

PRECIPITATION (INCHES)

TOTALS           7.92              7.25    0.67     9.10
DAILY AVG.       0.26              0.23    0.03     0.29
DAYS >= .01        12              14.7    -2.7       16
DAYS >= .10        10              10.0     0.0       11
DAYS >= .50         4               4.7    -0.7        7
DAYS >= 1.00        4               2.2     1.8        4
GREATEST
 24 HR. TOTAL    4.07   07/18 TO 07/19

DEGREE_DAYS
COOLING TOTAL     463               522     -59      482
 SINCE 1/1       1211              1411    -200     1332
.................................................................

WIND (MPH)
AVERAGE WIND SPEED              5.1
HIGHEST WIND SPEED/DIRECTION    38/140    DATE  07/22
HIGHEST GUST SPEED/DIRECTION    46/120    DATE  07/22

SKY COVER
POSSIBLE SUNSHINE (PERCENT)   MM
AVERAGE SKY COVER           0.50
NUMBER OF DAYS FAIR            8
NUMBER OF DAYS PC             22
NUMBER OF DAYS CLOUDY          1

AVERAGE RH (PERCENT)     76

WEATHER CONDITIONS. NUMBER OF DAYS WITH
THUNDERSTORM             14     MIXED PRECIP               0
HEAVY RAIN               10     RAIN                       8
LIGHT RAIN               12     FREEZING RAIN              0
LT FREEZING RAIN          0     HAIL                       0
HEAVY SNOW                0     SNOW                       0
LIGHT SNOW                0     SLEET                      0
FOG                      21     FOG W/VIS <= 1/4 MILE      2
HAZE                      8

-  INDICATES NEGATIVE NUMBERS.
R  INDICATES RECORD WAS SET OR TIED.
MM INDICATES DATA IS MISSING.
T  INDICATES TRACE AMOUNT.

$$





U.S. Dept. of Commerce
NOAA National Weather Service
1325 East West Highway
Silver Spring, MD 20910
E-mail: w-nws.webmaster@noaa.gov
Page last modified: May 16, 2007
NATIONAL WEATHER SERVICE: for Safety, for Work, for Fun - FOR LIFE