037
CXUS56 KPQR 011730
CLMMMV


CLIMATE REPORT
NATIONAL WEATHER SERVICE PORTLAND OREGON
1030 AM PDT TUE JUL 1 2014

...................................

...THE MCMINNVILLE OR CLIMATE SUMMARY FOR THE MONTH OF JUNE 2014...

CLIMATE NORMAL PERIOD 1981 TO 2010
CLIMATE RECORD PERIOD 1894 TO 2014

WEATHER         OBSERVED          NORMAL  DEPART  LAST YEAR`S
                 VALUE   DATE(S)  VALUE   FROM    VALUE  DATE(S)
                                          NORMAL
................................................................
TEMPERATURE (F)
HIGHEST            86                                 96  06/30
LOWEST             42                                 42  06/10
AVG. MAXIMUM     74.4              72.8     1.6     76.1
AVG. MINIMUM     49.6              47.0     2.6     50.6
MEAN             62.0              59.9     2.1     63.3
DAYS MAX >= 90      0               0.9    -0.9        2
DAYS MAX <= 32      0               0.0     0.0        0
DAYS MIN <= 32      0               0.0     0.0        0
DAYS MIN <= 0       0               0.0     0.0        0

PRECIPITATION (INCHES)
RECORD
 MAXIMUM         3.76   1913
 MINIMUM            T   1965
                        1951
                        1918
TOTALS           1.26              1.53   -0.27     1.05
DAYS >= .01         8                MM      MM       10
DAYS >= .10         5                MM      MM        2
DAYS >= .50         0                MM      MM        1
DAYS >= 1.00        0                MM      MM        0
GREATEST
 24 HR. TOTAL    0.43   06/26 TO 06/27

DEGREE_DAYS
HEATING TOTAL      92               169     -77       83
 SINCE 7/1       4600              4871    -271     4331
COOLING TOTAL      10                16      -6       46
 SINCE 1/1         30                22       8       53
.................................................................

WIND (MPH)
AVERAGE WIND SPEED              5.4
RESULTANT WIND SPEED/DIRECTION   2/260
HIGHEST WIND SPEED/DIRECTION    20/280    DATE  06/16
HIGHEST GUST SPEED/DIRECTION    25/260    DATE  06/26

SKY COVER
POSSIBLE SUNSHINE (PERCENT)   MM
AVERAGE SKY COVER           0.40

AVERAGE RH (PERCENT)     69

WEATHER CONDITIONS. NUMBER OF DAYS WITH
THUNDERSTORM              0     MIXED PRECIP               0
HEAVY RAIN                3     RAIN                       1
LIGHT RAIN                8     FREEZING RAIN              0
LT FREEZING RAIN          0     HAIL                       0
HEAVY SNOW                0     SNOW                       0
LIGHT SNOW                0     SLEET                      0
FOG                       9     FOG W/VIS <= 1/4 MILE      0
HAZE                      3

-  INDICATES NEGATIVE NUMBERS.
R  INDICATES RECORD WAS SET OR TIED.
MM INDICATES DATA IS MISSING.
T  INDICATES TRACE AMOUNT.

$$




U.S. Dept. of Commerce
NOAA National Weather Service
1325 East West Highway
Silver Spring, MD 20910
E-mail: w-nws.webmaster@noaa.gov
Page last modified: May 16, 2007
NATIONAL WEATHER SERVICE: for Safety, for Work, for Fun - FOR LIFE